{"id":46362,"date":"2025-07-02T15:37:49","date_gmt":"2025-07-02T13:37:49","guid":{"rendered":"https:\/\/www.navarroaubanell.com\/producto\/sillon-vera-balliu-navarroaubanell\/"},"modified":"2025-07-02T16:13:25","modified_gmt":"2025-07-02T14:13:25","slug":"cadira-de-bracos-vera-balliu-navarroaubanell","status":"publish","type":"product","link":"https:\/\/www.navarroaubanell.com\/ca\/producte\/cadira-de-bracos-vera-balliu-navarroaubanell\/","title":{"rendered":"Cadira de bra\u00e7os Vera"},"content":{"rendered":"<h5 data-start=\"120\" data-end=\"191\">Cadira de bra\u00e7os Vera: disseny contemporani i resist\u00e8ncia per a \u00fas professional<\/h5>\n<h6 data-start=\"193\" data-end=\"236\">Estil modern amb una m\u00e0xima funcionalitat<\/h6>\n<p data-start=\"238\" data-end=\"518\">La cadira de bra\u00e7os Vera combina una est\u00e8tica neta i contempor\u00e0nia amb la robustesa necess\u00e0ria per a l&#8217;\u00fas intensiu en hostaleria i espais exteriors. El seu disseny vers\u00e0til i funcional la converteix en una opci\u00f3 ideal per a terrasses, restaurants, hotels i altres entorns professionals.<\/p>\n<h6 data-start=\"520\" data-end=\"560\">Materials resistents per a exterior<\/h6>\n<p data-start=\"562\" data-end=\"832\">Fabricada en resina de polipropil\u00e8 refor\u00e7at amb c\u00e0rrega mineral, Vera garanteix una estructura s\u00f2lida, gran estabilitat i un rendiment \u00f2ptim incl\u00fas en condicions clim\u00e0tiques exigents. \u00c9s una soluci\u00f3 duradora i lleugera per a espais a l&#8217;aire lliure.<\/p>\n<h6 data-start=\"834\" data-end=\"866\">Disseny apilable i ergon\u00f2mic<\/h6>\n<p data-start=\"868\" data-end=\"1107\">El seu respatller amb entramat rectilini aporta un aspecte din\u00e0mic i actual, a la vegada que alleugera visualment la pe\u00e7a. a m\u00e9s, el disseny apilable facilita el seu emmagatzematge i optimitza l&#8217;espai, condicions essencials per a projectes contract.<\/p>\n<p data-start=\"868\" data-end=\"1107\"><a href=\"https:\/\/www.balliuexport.com\/wp-content\/uploads\/2021\/02\/Vera-silla-con-brazos-comprimido.pdf\">Fitxa t\u00e8cnica<\/a><\/p>\n","protected":false},"excerpt":{"rendered":"<p>Cadira de bra\u00e7os Vera: disseny contemporani i resist\u00e8ncia per a \u00fas professional Estil modern amb una m\u00e0xima funcionalitat La cadira de bra\u00e7os Vera combina una est\u00e8tica neta i contempor\u00e0nia amb la robustesa necess\u00e0ria per a l&#8217;\u00fas intensiu en hostaleria i espais exteriors. El seu disseny vers\u00e0til i funcional la converteix en una opci\u00f3 ideal per&hellip;<\/p>\n","protected":false},"featured_media":46359,"template":"","meta":{"_acf_changed":false},"product_brand":[],"product_cat":[573,563],"product_tag":[587,749,640,949],"class_list":{"0":"post-46362","1":"product","2":"type-product","3":"status-publish","4":"has-post-thumbnail","6":"product_cat-cadires-de-bracos-exterior","7":"product_cat-exterior-ca","8":"product_tag-apilable-ca","9":"product_tag-cadira-de-barcos","10":"product_tag-exterior-ca","11":"product_tag-polipropileno-ca","12":"description-off","14":"first","15":"instock","16":"shipping-taxable","17":"product-type-simple"},"acf":[],"yoast_head":"<!-- This site is optimized with the Yoast SEO plugin v27.0 - https:\/\/yoast.com\/product\/yoast-seo-wordpress\/ -->\n<title>Cadira de bra\u00e7os Vera - Navarro Aubanell<\/title>\n<meta name=\"description\" content=\"Cadira de bra\u00e7os Vera apilable, resistent i lleugera. Ideal per a exteriors en hostaleria. Disseny modern amb respatller rectilini i gran durabilitat.\" \/>\n<meta name=\"robots\" content=\"index, follow, max-snippet:-1, max-image-preview:large, max-video-preview:-1\" \/>\n<link rel=\"canonical\" href=\"https:\/\/www.navarroaubanell.com\/ca\/producte\/cadira-de-bracos-vera-balliu-navarroaubanell\/\" \/>\n<meta property=\"og:locale\" content=\"ca_ES\" \/>\n<meta property=\"og:type\" content=\"article\" \/>\n<meta property=\"og:title\" content=\"Cadira de bra\u00e7os Vera - Navarro Aubanell\" \/>\n<meta property=\"og:description\" content=\"Cadira de bra\u00e7os Vera apilable, resistent i lleugera. Ideal per a exteriors en hostaleria. Disseny modern amb respatller rectilini i gran durabilitat.\" \/>\n<meta property=\"og:url\" content=\"https:\/\/www.navarroaubanell.com\/ca\/producte\/cadira-de-bracos-vera-balliu-navarroaubanell\/\" \/>\n<meta property=\"og:site_name\" content=\"Navarro Aubanell\" \/>\n<meta property=\"article:modified_time\" content=\"2025-07-02T14:13:25+00:00\" \/>\n<meta property=\"og:image\" content=\"https:\/\/www.navarroaubanell.com\/wp-content\/uploads\/2025\/07\/VERA-Photoroom-1.png\" \/>\n\t<meta property=\"og:image:width\" content=\"1600\" \/>\n\t<meta property=\"og:image:height\" content=\"1300\" \/>\n\t<meta property=\"og:image:type\" content=\"image\/png\" \/>\n<meta name=\"twitter:label1\" content=\"Est. reading time\" \/>\n\t<meta name=\"twitter:data1\" content=\"1 minute\" \/>\n<script type=\"application\/ld+json\" class=\"yoast-schema-graph\">{\"@context\":\"https:\/\/schema.org\",\"@graph\":[{\"@type\":\"WebPage\",\"@id\":\"https:\/\/www.navarroaubanell.com\/ca\/producte\/cadira-de-bracos-vera-balliu-navarroaubanell\/\",\"url\":\"https:\/\/www.navarroaubanell.com\/ca\/producte\/cadira-de-bracos-vera-balliu-navarroaubanell\/\",\"name\":\"Cadira de bra\u00e7os Vera - Navarro Aubanell\",\"isPartOf\":{\"@id\":\"https:\/\/www.navarroaubanell.com\/ca\/#website\"},\"primaryImageOfPage\":{\"@id\":\"https:\/\/www.navarroaubanell.com\/ca\/producte\/cadira-de-bracos-vera-balliu-navarroaubanell\/#primaryimage\"},\"image\":{\"@id\":\"https:\/\/www.navarroaubanell.com\/ca\/producte\/cadira-de-bracos-vera-balliu-navarroaubanell\/#primaryimage\"},\"thumbnailUrl\":\"https:\/\/www.navarroaubanell.com\/wp-content\/uploads\/2025\/07\/VERA-Photoroom-1.png\",\"datePublished\":\"2025-07-02T13:37:49+00:00\",\"dateModified\":\"2025-07-02T14:13:25+00:00\",\"description\":\"Cadira de bra\u00e7os Vera apilable, resistent i lleugera. Ideal per a exteriors en hostaleria. Disseny modern amb respatller rectilini i gran durabilitat.\",\"breadcrumb\":{\"@id\":\"https:\/\/www.navarroaubanell.com\/ca\/producte\/cadira-de-bracos-vera-balliu-navarroaubanell\/#breadcrumb\"},\"inLanguage\":\"ca\",\"potentialAction\":[{\"@type\":\"ReadAction\",\"target\":[\"https:\/\/www.navarroaubanell.com\/ca\/producte\/cadira-de-bracos-vera-balliu-navarroaubanell\/\"]}]},{\"@type\":\"ImageObject\",\"inLanguage\":\"ca\",\"@id\":\"https:\/\/www.navarroaubanell.com\/ca\/producte\/cadira-de-bracos-vera-balliu-navarroaubanell\/#primaryimage\",\"url\":\"https:\/\/www.navarroaubanell.com\/wp-content\/uploads\/2025\/07\/VERA-Photoroom-1.png\",\"contentUrl\":\"https:\/\/www.navarroaubanell.com\/wp-content\/uploads\/2025\/07\/VERA-Photoroom-1.png\",\"width\":1600,\"height\":1300,\"caption\":\"Cadira de bra\u00e7os Vera\"},{\"@type\":\"BreadcrumbList\",\"@id\":\"https:\/\/www.navarroaubanell.com\/ca\/producte\/cadira-de-bracos-vera-balliu-navarroaubanell\/#breadcrumb\",\"itemListElement\":[{\"@type\":\"ListItem\",\"position\":1,\"name\":\"Portada\",\"item\":\"https:\/\/www.navarroaubanell.com\/ca\/\"},{\"@type\":\"ListItem\",\"position\":2,\"name\":\"Productes\",\"item\":\"https:\/\/www.navarroaubanell.com\/productos\/\"},{\"@type\":\"ListItem\",\"position\":3,\"name\":\"Cadira de bra\u00e7os Vera\"}]},{\"@type\":\"WebSite\",\"@id\":\"https:\/\/www.navarroaubanell.com\/ca\/#website\",\"url\":\"https:\/\/www.navarroaubanell.com\/ca\/\",\"name\":\"Navarro Aubanell\",\"description\":\"Mobiliario para hoteler\u00eda, colectividades y oficinas\",\"publisher\":{\"@id\":\"https:\/\/www.navarroaubanell.com\/ca\/#organization\"},\"potentialAction\":[{\"@type\":\"SearchAction\",\"target\":{\"@type\":\"EntryPoint\",\"urlTemplate\":\"https:\/\/www.navarroaubanell.com\/ca\/?s={search_term_string}\"},\"query-input\":{\"@type\":\"PropertyValueSpecification\",\"valueRequired\":true,\"valueName\":\"search_term_string\"}}],\"inLanguage\":\"ca\"},{\"@type\":\"Organization\",\"@id\":\"https:\/\/www.navarroaubanell.com\/ca\/#organization\",\"name\":\"COMERCIAL NAVARRO AUBANELL, S.A\",\"url\":\"https:\/\/www.navarroaubanell.com\/ca\/\",\"logo\":{\"@type\":\"ImageObject\",\"inLanguage\":\"ca\",\"@id\":\"https:\/\/www.navarroaubanell.com\/ca\/#\/schema\/logo\/image\/\",\"url\":\"https:\/\/www.navarroaubanell.com\/wp-content\/uploads\/2017\/07\/logo-navarro-aubuanell.png\",\"contentUrl\":\"https:\/\/www.navarroaubanell.com\/wp-content\/uploads\/2017\/07\/logo-navarro-aubuanell.png\",\"width\":6304,\"height\":1154,\"caption\":\"COMERCIAL NAVARRO AUBANELL, S.A\"},\"image\":{\"@id\":\"https:\/\/www.navarroaubanell.com\/ca\/#\/schema\/logo\/image\/\"}}]}<\/script>\n<!-- \/ Yoast SEO plugin. -->","yoast_head_json":{"title":"Cadira de bra\u00e7os Vera - Navarro Aubanell","description":"Cadira de bra\u00e7os Vera apilable, resistent i lleugera. Ideal per a exteriors en hostaleria. Disseny modern amb respatller rectilini i gran durabilitat.","robots":{"index":"index","follow":"follow","max-snippet":"max-snippet:-1","max-image-preview":"max-image-preview:large","max-video-preview":"max-video-preview:-1"},"canonical":"https:\/\/www.navarroaubanell.com\/ca\/producte\/cadira-de-bracos-vera-balliu-navarroaubanell\/","og_locale":"ca_ES","og_type":"article","og_title":"Cadira de bra\u00e7os Vera - Navarro Aubanell","og_description":"Cadira de bra\u00e7os Vera apilable, resistent i lleugera. Ideal per a exteriors en hostaleria. Disseny modern amb respatller rectilini i gran durabilitat.","og_url":"https:\/\/www.navarroaubanell.com\/ca\/producte\/cadira-de-bracos-vera-balliu-navarroaubanell\/","og_site_name":"Navarro Aubanell","article_modified_time":"2025-07-02T14:13:25+00:00","og_image":[{"width":1600,"height":1300,"url":"https:\/\/www.navarroaubanell.com\/wp-content\/uploads\/2025\/07\/VERA-Photoroom-1.png","type":"image\/png"}],"twitter_misc":{"Est. reading time":"1 minute"},"schema":{"@context":"https:\/\/schema.org","@graph":[{"@type":"WebPage","@id":"https:\/\/www.navarroaubanell.com\/ca\/producte\/cadira-de-bracos-vera-balliu-navarroaubanell\/","url":"https:\/\/www.navarroaubanell.com\/ca\/producte\/cadira-de-bracos-vera-balliu-navarroaubanell\/","name":"Cadira de bra\u00e7os Vera - Navarro Aubanell","isPartOf":{"@id":"https:\/\/www.navarroaubanell.com\/ca\/#website"},"primaryImageOfPage":{"@id":"https:\/\/www.navarroaubanell.com\/ca\/producte\/cadira-de-bracos-vera-balliu-navarroaubanell\/#primaryimage"},"image":{"@id":"https:\/\/www.navarroaubanell.com\/ca\/producte\/cadira-de-bracos-vera-balliu-navarroaubanell\/#primaryimage"},"thumbnailUrl":"https:\/\/www.navarroaubanell.com\/wp-content\/uploads\/2025\/07\/VERA-Photoroom-1.png","datePublished":"2025-07-02T13:37:49+00:00","dateModified":"2025-07-02T14:13:25+00:00","description":"Cadira de bra\u00e7os Vera apilable, resistent i lleugera. Ideal per a exteriors en hostaleria. Disseny modern amb respatller rectilini i gran durabilitat.","breadcrumb":{"@id":"https:\/\/www.navarroaubanell.com\/ca\/producte\/cadira-de-bracos-vera-balliu-navarroaubanell\/#breadcrumb"},"inLanguage":"ca","potentialAction":[{"@type":"ReadAction","target":["https:\/\/www.navarroaubanell.com\/ca\/producte\/cadira-de-bracos-vera-balliu-navarroaubanell\/"]}]},{"@type":"ImageObject","inLanguage":"ca","@id":"https:\/\/www.navarroaubanell.com\/ca\/producte\/cadira-de-bracos-vera-balliu-navarroaubanell\/#primaryimage","url":"https:\/\/www.navarroaubanell.com\/wp-content\/uploads\/2025\/07\/VERA-Photoroom-1.png","contentUrl":"https:\/\/www.navarroaubanell.com\/wp-content\/uploads\/2025\/07\/VERA-Photoroom-1.png","width":1600,"height":1300,"caption":"Cadira de bra\u00e7os Vera"},{"@type":"BreadcrumbList","@id":"https:\/\/www.navarroaubanell.com\/ca\/producte\/cadira-de-bracos-vera-balliu-navarroaubanell\/#breadcrumb","itemListElement":[{"@type":"ListItem","position":1,"name":"Portada","item":"https:\/\/www.navarroaubanell.com\/ca\/"},{"@type":"ListItem","position":2,"name":"Productes","item":"https:\/\/www.navarroaubanell.com\/productos\/"},{"@type":"ListItem","position":3,"name":"Cadira de bra\u00e7os Vera"}]},{"@type":"WebSite","@id":"https:\/\/www.navarroaubanell.com\/ca\/#website","url":"https:\/\/www.navarroaubanell.com\/ca\/","name":"Navarro Aubanell","description":"Mobiliario para hoteler\u00eda, colectividades y oficinas","publisher":{"@id":"https:\/\/www.navarroaubanell.com\/ca\/#organization"},"potentialAction":[{"@type":"SearchAction","target":{"@type":"EntryPoint","urlTemplate":"https:\/\/www.navarroaubanell.com\/ca\/?s={search_term_string}"},"query-input":{"@type":"PropertyValueSpecification","valueRequired":true,"valueName":"search_term_string"}}],"inLanguage":"ca"},{"@type":"Organization","@id":"https:\/\/www.navarroaubanell.com\/ca\/#organization","name":"COMERCIAL NAVARRO AUBANELL, S.A","url":"https:\/\/www.navarroaubanell.com\/ca\/","logo":{"@type":"ImageObject","inLanguage":"ca","@id":"https:\/\/www.navarroaubanell.com\/ca\/#\/schema\/logo\/image\/","url":"https:\/\/www.navarroaubanell.com\/wp-content\/uploads\/2017\/07\/logo-navarro-aubuanell.png","contentUrl":"https:\/\/www.navarroaubanell.com\/wp-content\/uploads\/2017\/07\/logo-navarro-aubuanell.png","width":6304,"height":1154,"caption":"COMERCIAL NAVARRO AUBANELL, S.A"},"image":{"@id":"https:\/\/www.navarroaubanell.com\/ca\/#\/schema\/logo\/image\/"}}]}},"_links":{"self":[{"href":"https:\/\/www.navarroaubanell.com\/ca\/wp-json\/wp\/v2\/product\/46362","targetHints":{"allow":["GET"]}}],"collection":[{"href":"https:\/\/www.navarroaubanell.com\/ca\/wp-json\/wp\/v2\/product"}],"about":[{"href":"https:\/\/www.navarroaubanell.com\/ca\/wp-json\/wp\/v2\/types\/product"}],"wp:featuredmedia":[{"embeddable":true,"href":"https:\/\/www.navarroaubanell.com\/ca\/wp-json\/wp\/v2\/media\/46359"}],"wp:attachment":[{"href":"https:\/\/www.navarroaubanell.com\/ca\/wp-json\/wp\/v2\/media?parent=46362"}],"wp:term":[{"taxonomy":"product_brand","embeddable":true,"href":"https:\/\/www.navarroaubanell.com\/ca\/wp-json\/wp\/v2\/product_brand?post=46362"},{"taxonomy":"product_cat","embeddable":true,"href":"https:\/\/www.navarroaubanell.com\/ca\/wp-json\/wp\/v2\/product_cat?post=46362"},{"taxonomy":"product_tag","embeddable":true,"href":"https:\/\/www.navarroaubanell.com\/ca\/wp-json\/wp\/v2\/product_tag?post=46362"}],"curies":[{"name":"wp","href":"https:\/\/api.w.org\/{rel}","templated":true}]}}

Cadira de braços Vera

<h5 data-start="120" data-end="191">Cadira de braços Vera: disseny contemporani i resistència per a ús professional</h5>
<h6 data-start="193" data-end="236">Estil modern amb una màxima funcionalitat</h6>
<p data-start="238" data-end="518">La cadira de braços Vera combina una estètica neta i contemporània amb la robustesa necessària per a l&#8217;ús intensiu en hostaleria i espais exteriors. El seu disseny versàtil i funcional la converteix en una opció ideal per a terrasses, restaurants, hotels i altres entorns professionals.</p>
<h6 data-start="520" data-end="560">Materials resistents per a exterior</h6>
<p data-start="562" data-end="832">Fabricada en resina de polipropilè reforçat amb càrrega mineral, Vera garanteix una estructura sòlida, gran estabilitat i un rendiment òptim inclús en condicions climàtiques exigents. És una solució duradora i lleugera per a espais a l&#8217;aire lliure.</p>
<h6 data-start="834" data-end="866">Disseny apilable i ergonòmic</h6>
<p data-start="868" data-end="1107">El seu respatller amb entramat rectilini aporta un aspecte dinàmic i actual, a la vegada que alleugera visualment la peça. a més, el disseny apilable facilita el seu emmagatzematge i optimitza l&#8217;espai, condicions essencials per a projectes contract.</p>
<p data-start="868" data-end="1107"><a href="https://www.balliuexport.com/wp-content/uploads/2021/02/Vera-silla-con-brazos-comprimido.pdf">Fitxa tècnica</a></p>

<p>Cadira de braços Vera: disseny contemporani i resistència per a ús professional Estil modern amb una màxima funcionalitat La cadira de braços Vera combina una estètica neta i contemporània amb la robustesa necessària per a l&#8217;ús intensiu en hostaleria i espais exteriors. El seu disseny versàtil i funcional la converteix en una opció ideal per&hellip;</p>

<!-- This site is optimized with the Yoast SEO plugin v27.0 - https://yoast.com/product/yoast-seo-wordpress/ -->
<title>Cadira de braços Vera - Navarro Aubanell</title>
<meta name="description" content="Cadira de braços Vera apilable, resistent i lleugera. Ideal per a exteriors en hostaleria. Disseny modern amb respatller rectilini i gran durabilitat." />
<meta name="robots" content="index, follow, max-snippet:-1, max-image-preview:large, max-video-preview:-1" />
<link rel="canonical" href="https://www.navarroaubanell.com/ca/producte/cadira-de-bracos-vera-balliu-navarroaubanell/" />
<meta property="og:locale" content="ca_ES" />
<meta property="og:type" content="article" />
<meta property="og:title" content="Cadira de braços Vera - Navarro Aubanell" />
<meta property="og:description" content="Cadira de braços Vera apilable, resistent i lleugera. Ideal per a exteriors en hostaleria. Disseny modern amb respatller rectilini i gran durabilitat." />
<meta property="og:url" content="https://www.navarroaubanell.com/ca/producte/cadira-de-bracos-vera-balliu-navarroaubanell/" />
<meta property="og:site_name" content="Navarro Aubanell" />
<meta property="article:modified_time" content="2025-07-02T14:13:25+00:00" />
<meta property="og:image" content="https://www.navarroaubanell.com/wp-content/uploads/2025/07/VERA-Photoroom-1.png" />
	<meta property="og:image:width" content="1600" />
	<meta property="og:image:height" content="1300" />
	<meta property="og:image:type" content="image/png" />
<meta name="twitter:label1" content="Est. reading time" />
	<meta name="twitter:data1" content="1 minute" />
<script type="application/ld+json" class="yoast-schema-graph">{"@context":"https://schema.org","@graph":[{"@type":"WebPage","@id":"https://www.navarroaubanell.com/ca/producte/cadira-de-bracos-vera-balliu-navarroaubanell/","url":"https://www.navarroaubanell.com/ca/producte/cadira-de-bracos-vera-balliu-navarroaubanell/","name":"Cadira de braços Vera - Navarro Aubanell","isPartOf":{"@id":"https://www.navarroaubanell.com/ca/#website"},"primaryImageOfPage":{"@id":"https://www.navarroaubanell.com/ca/producte/cadira-de-bracos-vera-balliu-navarroaubanell/#primaryimage"},"image":{"@id":"https://www.navarroaubanell.com/ca/producte/cadira-de-bracos-vera-balliu-navarroaubanell/#primaryimage"},"thumbnailUrl":"https://www.navarroaubanell.com/wp-content/uploads/2025/07/VERA-Photoroom-1.png","datePublished":"2025-07-02T13:37:49+00:00","dateModified":"2025-07-02T14:13:25+00:00","description":"Cadira de braços Vera apilable, resistent i lleugera. Ideal per a exteriors en hostaleria. Disseny modern amb respatller rectilini i gran durabilitat.","breadcrumb":{"@id":"https://www.navarroaubanell.com/ca/producte/cadira-de-bracos-vera-balliu-navarroaubanell/#breadcrumb"},"inLanguage":"ca","potentialAction":[{"@type":"ReadAction","target":["https://www.navarroaubanell.com/ca/producte/cadira-de-bracos-vera-balliu-navarroaubanell/"]}]},{"@type":"ImageObject","inLanguage":"ca","@id":"https://www.navarroaubanell.com/ca/producte/cadira-de-bracos-vera-balliu-navarroaubanell/#primaryimage","url":"https://www.navarroaubanell.com/wp-content/uploads/2025/07/VERA-Photoroom-1.png","contentUrl":"https://www.navarroaubanell.com/wp-content/uploads/2025/07/VERA-Photoroom-1.png","width":1600,"height":1300,"caption":"Cadira de braços Vera"},{"@type":"BreadcrumbList","@id":"https://www.navarroaubanell.com/ca/producte/cadira-de-bracos-vera-balliu-navarroaubanell/#breadcrumb","itemListElement":[{"@type":"ListItem","position":1,"name":"Portada","item":"https://www.navarroaubanell.com/ca/"},{"@type":"ListItem","position":2,"name":"Productes","item":"https://www.navarroaubanell.com/productos/"},{"@type":"ListItem","position":3,"name":"Cadira de braços Vera"}]},{"@type":"WebSite","@id":"https://www.navarroaubanell.com/ca/#website","url":"https://www.navarroaubanell.com/ca/","name":"Navarro Aubanell","description":"Mobiliario para hotelería, colectividades y oficinas","publisher":{"@id":"https://www.navarroaubanell.com/ca/#organization"},"potentialAction":[{"@type":"SearchAction","target":{"@type":"EntryPoint","urlTemplate":"https://www.navarroaubanell.com/ca/?s={search_term_string}"},"query-input":{"@type":"PropertyValueSpecification","valueRequired":true,"valueName":"search_term_string"}}],"inLanguage":"ca"},{"@type":"Organization","@id":"https://www.navarroaubanell.com/ca/#organization","name":"COMERCIAL NAVARRO AUBANELL, S.A","url":"https://www.navarroaubanell.com/ca/","logo":{"@type":"ImageObject","inLanguage":"ca","@id":"https://www.navarroaubanell.com/ca/#/schema/logo/image/","url":"https://www.navarroaubanell.com/wp-content/uploads/2017/07/logo-navarro-aubuanell.png","contentUrl":"https://www.navarroaubanell.com/wp-content/uploads/2017/07/logo-navarro-aubuanell.png","width":6304,"height":1154,"caption":"COMERCIAL NAVARRO AUBANELL, S.A"},"image":{"@id":"https://www.navarroaubanell.com/ca/#/schema/logo/image/"}}]}</script>
<!-- / Yoast SEO plugin. -->

Cadira de braços Vera - Navarro Aubanell

Cadira de braços Vera apilable, resistent i lleugera. Ideal per a exteriors en hostaleria. Disseny modern amb respatller rectilini i gran durabilitat.

Mobiliario para hotelería, colectividades y oficinas
