{"id":43487,"date":"2025-01-16T16:57:59","date_gmt":"2025-01-16T15:57:59","guid":{"rendered":"https:\/\/www.navarroaubanell.com\/producto\/base-parasol-a16-064-navarroaubanell\/"},"modified":"2025-01-16T17:02:05","modified_gmt":"2025-01-16T16:02:05","slug":"base-para-sol-a16-064-navarroaubanell","status":"publish","type":"product","link":"https:\/\/www.navarroaubanell.com\/ca\/producte\/base-para-sol-a16-064-navarroaubanell\/","title":{"rendered":"Base Para-sol A16-064"},"content":{"rendered":"<p>La base de para-sol A16-064 combina durabilitat i estil amb la seva construcci\u00f3 en granit i el seu acabat ABS en color negre. Aquest disseny assegura un suport s\u00f2lid i resistent per al para-sol. A m\u00e9s, compta amb una ansa ergon\u00f2mica i unes rodes per a facilitar el seu transport per a portar-la all\u00e0 on es necessiti.<\/p>\n<div class=\"traductor-checkbox form-group\">\n<div class=\"row\">\n<div class=\"col-sm-offset-2 col-sm-5\"><\/div>\n<\/div>\n<\/div>\n<p>Mesures: 48x48x7&#8217;5cm<\/p>\n<p>Pes: 35kg<\/p>\n","protected":false},"excerpt":{"rendered":"<p>La base de para-sol A16-064 combina durabilitat i estil amb la seva construcci\u00f3 en granit i el seu acabat ABS en color negre. Aquest disseny assegura un suport s\u00f2lid i resistent per al para-sol. A m\u00e9s, compta amb una ansa ergon\u00f2mica i unes rodes per a facilitar el seu transport per a portar-la all\u00e0 on&hellip;<\/p>\n","protected":false},"featured_media":43485,"template":"","meta":{"_acf_changed":false},"product_brand":[],"product_cat":[563,570],"product_tag":[1537,1628,640,1630,1624,1618],"class_list":{"0":"post-43487","1":"product","2":"type-product","3":"status-publish","4":"has-post-thumbnail","6":"product_cat-exterior-ca","7":"product_cat-peus-parasol","8":"product_tag-base-ca","9":"product_tag-base-parasol-ca","10":"product_tag-exterior-ca","11":"product_tag-granito-ca","12":"product_tag-hosteleria-ca","13":"product_tag-parasol-ca","14":"description-off","16":"first","17":"instock","18":"shipping-taxable","19":"product-type-simple"},"acf":[],"yoast_head":"<!-- This site is optimized with the Yoast SEO plugin v27.0 - https:\/\/yoast.com\/product\/yoast-seo-wordpress\/ -->\n<title>Base Para-sol A16-064 - Navarro Aubanell<\/title>\n<meta name=\"description\" content=\"La base de para-sol A16-064, fabricada en granit i acabat ABS negre, combina durabilitat i disseny amb rodes i ansa per a f\u00e0cil transport.\" \/>\n<meta name=\"robots\" content=\"index, follow, max-snippet:-1, max-image-preview:large, max-video-preview:-1\" \/>\n<link rel=\"canonical\" href=\"https:\/\/www.navarroaubanell.com\/ca\/producte\/base-para-sol-a16-064-navarroaubanell\/\" \/>\n<meta property=\"og:locale\" content=\"ca_ES\" \/>\n<meta property=\"og:type\" content=\"article\" \/>\n<meta property=\"og:title\" content=\"Base Para-sol A16-064 - Navarro Aubanell\" \/>\n<meta property=\"og:description\" content=\"La base de para-sol A16-064, fabricada en granit i acabat ABS negre, combina durabilitat i disseny amb rodes i ansa per a f\u00e0cil transport.\" \/>\n<meta property=\"og:url\" content=\"https:\/\/www.navarroaubanell.com\/ca\/producte\/base-para-sol-a16-064-navarroaubanell\/\" \/>\n<meta property=\"og:site_name\" content=\"Navarro Aubanell\" \/>\n<meta property=\"article:modified_time\" content=\"2025-01-16T16:02:05+00:00\" \/>\n<meta property=\"og:image\" content=\"https:\/\/www.navarroaubanell.com\/wp-content\/uploads\/2025\/01\/Base-Parasol-A16-064.png\" \/>\n\t<meta property=\"og:image:width\" content=\"1280\" \/>\n\t<meta property=\"og:image:height\" content=\"1040\" \/>\n\t<meta property=\"og:image:type\" content=\"image\/png\" \/>\n<meta name=\"twitter:label1\" content=\"Est. reading time\" \/>\n\t<meta name=\"twitter:data1\" content=\"1 minute\" \/>\n<script type=\"application\/ld+json\" class=\"yoast-schema-graph\">{\"@context\":\"https:\/\/schema.org\",\"@graph\":[{\"@type\":\"WebPage\",\"@id\":\"https:\/\/www.navarroaubanell.com\/ca\/producte\/base-para-sol-a16-064-navarroaubanell\/\",\"url\":\"https:\/\/www.navarroaubanell.com\/ca\/producte\/base-para-sol-a16-064-navarroaubanell\/\",\"name\":\"Base Para-sol A16-064 - Navarro Aubanell\",\"isPartOf\":{\"@id\":\"https:\/\/www.navarroaubanell.com\/ca\/#website\"},\"primaryImageOfPage\":{\"@id\":\"https:\/\/www.navarroaubanell.com\/ca\/producte\/base-para-sol-a16-064-navarroaubanell\/#primaryimage\"},\"image\":{\"@id\":\"https:\/\/www.navarroaubanell.com\/ca\/producte\/base-para-sol-a16-064-navarroaubanell\/#primaryimage\"},\"thumbnailUrl\":\"https:\/\/www.navarroaubanell.com\/wp-content\/uploads\/2025\/01\/Base-Parasol-A16-064.png\",\"datePublished\":\"2025-01-16T15:57:59+00:00\",\"dateModified\":\"2025-01-16T16:02:05+00:00\",\"description\":\"La base de para-sol A16-064, fabricada en granit i acabat ABS negre, combina durabilitat i disseny amb rodes i ansa per a f\u00e0cil transport.\",\"breadcrumb\":{\"@id\":\"https:\/\/www.navarroaubanell.com\/ca\/producte\/base-para-sol-a16-064-navarroaubanell\/#breadcrumb\"},\"inLanguage\":\"ca\",\"potentialAction\":[{\"@type\":\"ReadAction\",\"target\":[\"https:\/\/www.navarroaubanell.com\/ca\/producte\/base-para-sol-a16-064-navarroaubanell\/\"]}]},{\"@type\":\"ImageObject\",\"inLanguage\":\"ca\",\"@id\":\"https:\/\/www.navarroaubanell.com\/ca\/producte\/base-para-sol-a16-064-navarroaubanell\/#primaryimage\",\"url\":\"https:\/\/www.navarroaubanell.com\/wp-content\/uploads\/2025\/01\/Base-Parasol-A16-064.png\",\"contentUrl\":\"https:\/\/www.navarroaubanell.com\/wp-content\/uploads\/2025\/01\/Base-Parasol-A16-064.png\",\"width\":1280,\"height\":1040,\"caption\":\"Base Parasol A16-064\"},{\"@type\":\"BreadcrumbList\",\"@id\":\"https:\/\/www.navarroaubanell.com\/ca\/producte\/base-para-sol-a16-064-navarroaubanell\/#breadcrumb\",\"itemListElement\":[{\"@type\":\"ListItem\",\"position\":1,\"name\":\"Portada\",\"item\":\"https:\/\/www.navarroaubanell.com\/ca\/\"},{\"@type\":\"ListItem\",\"position\":2,\"name\":\"Productes\",\"item\":\"https:\/\/www.navarroaubanell.com\/productos\/\"},{\"@type\":\"ListItem\",\"position\":3,\"name\":\"Base Para-sol A16-064\"}]},{\"@type\":\"WebSite\",\"@id\":\"https:\/\/www.navarroaubanell.com\/ca\/#website\",\"url\":\"https:\/\/www.navarroaubanell.com\/ca\/\",\"name\":\"Navarro Aubanell\",\"description\":\"Mobiliario para hoteler\u00eda, colectividades y oficinas\",\"publisher\":{\"@id\":\"https:\/\/www.navarroaubanell.com\/ca\/#organization\"},\"potentialAction\":[{\"@type\":\"SearchAction\",\"target\":{\"@type\":\"EntryPoint\",\"urlTemplate\":\"https:\/\/www.navarroaubanell.com\/ca\/?s={search_term_string}\"},\"query-input\":{\"@type\":\"PropertyValueSpecification\",\"valueRequired\":true,\"valueName\":\"search_term_string\"}}],\"inLanguage\":\"ca\"},{\"@type\":\"Organization\",\"@id\":\"https:\/\/www.navarroaubanell.com\/ca\/#organization\",\"name\":\"COMERCIAL NAVARRO AUBANELL, S.A\",\"url\":\"https:\/\/www.navarroaubanell.com\/ca\/\",\"logo\":{\"@type\":\"ImageObject\",\"inLanguage\":\"ca\",\"@id\":\"https:\/\/www.navarroaubanell.com\/ca\/#\/schema\/logo\/image\/\",\"url\":\"https:\/\/www.navarroaubanell.com\/wp-content\/uploads\/2017\/07\/logo-navarro-aubuanell.png\",\"contentUrl\":\"https:\/\/www.navarroaubanell.com\/wp-content\/uploads\/2017\/07\/logo-navarro-aubuanell.png\",\"width\":6304,\"height\":1154,\"caption\":\"COMERCIAL NAVARRO AUBANELL, S.A\"},\"image\":{\"@id\":\"https:\/\/www.navarroaubanell.com\/ca\/#\/schema\/logo\/image\/\"}}]}<\/script>\n<!-- \/ Yoast SEO plugin. -->","yoast_head_json":{"title":"Base Para-sol A16-064 - Navarro Aubanell","description":"La base de para-sol A16-064, fabricada en granit i acabat ABS negre, combina durabilitat i disseny amb rodes i ansa per a f\u00e0cil transport.","robots":{"index":"index","follow":"follow","max-snippet":"max-snippet:-1","max-image-preview":"max-image-preview:large","max-video-preview":"max-video-preview:-1"},"canonical":"https:\/\/www.navarroaubanell.com\/ca\/producte\/base-para-sol-a16-064-navarroaubanell\/","og_locale":"ca_ES","og_type":"article","og_title":"Base Para-sol A16-064 - Navarro Aubanell","og_description":"La base de para-sol A16-064, fabricada en granit i acabat ABS negre, combina durabilitat i disseny amb rodes i ansa per a f\u00e0cil transport.","og_url":"https:\/\/www.navarroaubanell.com\/ca\/producte\/base-para-sol-a16-064-navarroaubanell\/","og_site_name":"Navarro Aubanell","article_modified_time":"2025-01-16T16:02:05+00:00","og_image":[{"width":1280,"height":1040,"url":"https:\/\/www.navarroaubanell.com\/wp-content\/uploads\/2025\/01\/Base-Parasol-A16-064.png","type":"image\/png"}],"twitter_misc":{"Est. reading time":"1 minute"},"schema":{"@context":"https:\/\/schema.org","@graph":[{"@type":"WebPage","@id":"https:\/\/www.navarroaubanell.com\/ca\/producte\/base-para-sol-a16-064-navarroaubanell\/","url":"https:\/\/www.navarroaubanell.com\/ca\/producte\/base-para-sol-a16-064-navarroaubanell\/","name":"Base Para-sol A16-064 - Navarro Aubanell","isPartOf":{"@id":"https:\/\/www.navarroaubanell.com\/ca\/#website"},"primaryImageOfPage":{"@id":"https:\/\/www.navarroaubanell.com\/ca\/producte\/base-para-sol-a16-064-navarroaubanell\/#primaryimage"},"image":{"@id":"https:\/\/www.navarroaubanell.com\/ca\/producte\/base-para-sol-a16-064-navarroaubanell\/#primaryimage"},"thumbnailUrl":"https:\/\/www.navarroaubanell.com\/wp-content\/uploads\/2025\/01\/Base-Parasol-A16-064.png","datePublished":"2025-01-16T15:57:59+00:00","dateModified":"2025-01-16T16:02:05+00:00","description":"La base de para-sol A16-064, fabricada en granit i acabat ABS negre, combina durabilitat i disseny amb rodes i ansa per a f\u00e0cil transport.","breadcrumb":{"@id":"https:\/\/www.navarroaubanell.com\/ca\/producte\/base-para-sol-a16-064-navarroaubanell\/#breadcrumb"},"inLanguage":"ca","potentialAction":[{"@type":"ReadAction","target":["https:\/\/www.navarroaubanell.com\/ca\/producte\/base-para-sol-a16-064-navarroaubanell\/"]}]},{"@type":"ImageObject","inLanguage":"ca","@id":"https:\/\/www.navarroaubanell.com\/ca\/producte\/base-para-sol-a16-064-navarroaubanell\/#primaryimage","url":"https:\/\/www.navarroaubanell.com\/wp-content\/uploads\/2025\/01\/Base-Parasol-A16-064.png","contentUrl":"https:\/\/www.navarroaubanell.com\/wp-content\/uploads\/2025\/01\/Base-Parasol-A16-064.png","width":1280,"height":1040,"caption":"Base Parasol A16-064"},{"@type":"BreadcrumbList","@id":"https:\/\/www.navarroaubanell.com\/ca\/producte\/base-para-sol-a16-064-navarroaubanell\/#breadcrumb","itemListElement":[{"@type":"ListItem","position":1,"name":"Portada","item":"https:\/\/www.navarroaubanell.com\/ca\/"},{"@type":"ListItem","position":2,"name":"Productes","item":"https:\/\/www.navarroaubanell.com\/productos\/"},{"@type":"ListItem","position":3,"name":"Base Para-sol A16-064"}]},{"@type":"WebSite","@id":"https:\/\/www.navarroaubanell.com\/ca\/#website","url":"https:\/\/www.navarroaubanell.com\/ca\/","name":"Navarro Aubanell","description":"Mobiliario para hoteler\u00eda, colectividades y oficinas","publisher":{"@id":"https:\/\/www.navarroaubanell.com\/ca\/#organization"},"potentialAction":[{"@type":"SearchAction","target":{"@type":"EntryPoint","urlTemplate":"https:\/\/www.navarroaubanell.com\/ca\/?s={search_term_string}"},"query-input":{"@type":"PropertyValueSpecification","valueRequired":true,"valueName":"search_term_string"}}],"inLanguage":"ca"},{"@type":"Organization","@id":"https:\/\/www.navarroaubanell.com\/ca\/#organization","name":"COMERCIAL NAVARRO AUBANELL, S.A","url":"https:\/\/www.navarroaubanell.com\/ca\/","logo":{"@type":"ImageObject","inLanguage":"ca","@id":"https:\/\/www.navarroaubanell.com\/ca\/#\/schema\/logo\/image\/","url":"https:\/\/www.navarroaubanell.com\/wp-content\/uploads\/2017\/07\/logo-navarro-aubuanell.png","contentUrl":"https:\/\/www.navarroaubanell.com\/wp-content\/uploads\/2017\/07\/logo-navarro-aubuanell.png","width":6304,"height":1154,"caption":"COMERCIAL NAVARRO AUBANELL, S.A"},"image":{"@id":"https:\/\/www.navarroaubanell.com\/ca\/#\/schema\/logo\/image\/"}}]}},"_links":{"self":[{"href":"https:\/\/www.navarroaubanell.com\/ca\/wp-json\/wp\/v2\/product\/43487","targetHints":{"allow":["GET"]}}],"collection":[{"href":"https:\/\/www.navarroaubanell.com\/ca\/wp-json\/wp\/v2\/product"}],"about":[{"href":"https:\/\/www.navarroaubanell.com\/ca\/wp-json\/wp\/v2\/types\/product"}],"wp:featuredmedia":[{"embeddable":true,"href":"https:\/\/www.navarroaubanell.com\/ca\/wp-json\/wp\/v2\/media\/43485"}],"wp:attachment":[{"href":"https:\/\/www.navarroaubanell.com\/ca\/wp-json\/wp\/v2\/media?parent=43487"}],"wp:term":[{"taxonomy":"product_brand","embeddable":true,"href":"https:\/\/www.navarroaubanell.com\/ca\/wp-json\/wp\/v2\/product_brand?post=43487"},{"taxonomy":"product_cat","embeddable":true,"href":"https:\/\/www.navarroaubanell.com\/ca\/wp-json\/wp\/v2\/product_cat?post=43487"},{"taxonomy":"product_tag","embeddable":true,"href":"https:\/\/www.navarroaubanell.com\/ca\/wp-json\/wp\/v2\/product_tag?post=43487"}],"curies":[{"name":"wp","href":"https:\/\/api.w.org\/{rel}","templated":true}]}}

<p>La base de para-sol A16-064 combina durabilitat i estil amb la seva construcció en granit i el seu acabat ABS en color negre. Aquest disseny assegura un suport sòlid i resistent per al para-sol. A més, compta amb una ansa ergonòmica i unes rodes per a facilitar el seu transport per a portar-la allà on es necessiti.</p>
<div class="traductor-checkbox form-group">
<div class="row">
<div class="col-sm-offset-2 col-sm-5"></div>
</div>
</div>
<p>Mesures: 48x48x7&#8217;5cm</p>
<p>Pes: 35kg</p>

<p>La base de para-sol A16-064 combina durabilitat i estil amb la seva construcció en granit i el seu acabat ABS en color negre. Aquest disseny assegura un suport sòlid i resistent per al para-sol. A més, compta amb una ansa ergonòmica i unes rodes per a facilitar el seu transport per a portar-la allà on&hellip;</p>

<!-- This site is optimized with the Yoast SEO plugin v27.0 - https://yoast.com/product/yoast-seo-wordpress/ -->
<title>Base Para-sol A16-064 - Navarro Aubanell</title>
<meta name="description" content="La base de para-sol A16-064, fabricada en granit i acabat ABS negre, combina durabilitat i disseny amb rodes i ansa per a fàcil transport." />
<meta name="robots" content="index, follow, max-snippet:-1, max-image-preview:large, max-video-preview:-1" />
<link rel="canonical" href="https://www.navarroaubanell.com/ca/producte/base-para-sol-a16-064-navarroaubanell/" />
<meta property="og:locale" content="ca_ES" />
<meta property="og:type" content="article" />
<meta property="og:title" content="Base Para-sol A16-064 - Navarro Aubanell" />
<meta property="og:description" content="La base de para-sol A16-064, fabricada en granit i acabat ABS negre, combina durabilitat i disseny amb rodes i ansa per a fàcil transport." />
<meta property="og:url" content="https://www.navarroaubanell.com/ca/producte/base-para-sol-a16-064-navarroaubanell/" />
<meta property="og:site_name" content="Navarro Aubanell" />
<meta property="article:modified_time" content="2025-01-16T16:02:05+00:00" />
<meta property="og:image" content="https://www.navarroaubanell.com/wp-content/uploads/2025/01/Base-Parasol-A16-064.png" />
	<meta property="og:image:width" content="1280" />
	<meta property="og:image:height" content="1040" />
	<meta property="og:image:type" content="image/png" />
<meta name="twitter:label1" content="Est. reading time" />
	<meta name="twitter:data1" content="1 minute" />
<script type="application/ld+json" class="yoast-schema-graph">{"@context":"https://schema.org","@graph":[{"@type":"WebPage","@id":"https://www.navarroaubanell.com/ca/producte/base-para-sol-a16-064-navarroaubanell/","url":"https://www.navarroaubanell.com/ca/producte/base-para-sol-a16-064-navarroaubanell/","name":"Base Para-sol A16-064 - Navarro Aubanell","isPartOf":{"@id":"https://www.navarroaubanell.com/ca/#website"},"primaryImageOfPage":{"@id":"https://www.navarroaubanell.com/ca/producte/base-para-sol-a16-064-navarroaubanell/#primaryimage"},"image":{"@id":"https://www.navarroaubanell.com/ca/producte/base-para-sol-a16-064-navarroaubanell/#primaryimage"},"thumbnailUrl":"https://www.navarroaubanell.com/wp-content/uploads/2025/01/Base-Parasol-A16-064.png","datePublished":"2025-01-16T15:57:59+00:00","dateModified":"2025-01-16T16:02:05+00:00","description":"La base de para-sol A16-064, fabricada en granit i acabat ABS negre, combina durabilitat i disseny amb rodes i ansa per a fàcil transport.","breadcrumb":{"@id":"https://www.navarroaubanell.com/ca/producte/base-para-sol-a16-064-navarroaubanell/#breadcrumb"},"inLanguage":"ca","potentialAction":[{"@type":"ReadAction","target":["https://www.navarroaubanell.com/ca/producte/base-para-sol-a16-064-navarroaubanell/"]}]},{"@type":"ImageObject","inLanguage":"ca","@id":"https://www.navarroaubanell.com/ca/producte/base-para-sol-a16-064-navarroaubanell/#primaryimage","url":"https://www.navarroaubanell.com/wp-content/uploads/2025/01/Base-Parasol-A16-064.png","contentUrl":"https://www.navarroaubanell.com/wp-content/uploads/2025/01/Base-Parasol-A16-064.png","width":1280,"height":1040,"caption":"Base Parasol A16-064"},{"@type":"BreadcrumbList","@id":"https://www.navarroaubanell.com/ca/producte/base-para-sol-a16-064-navarroaubanell/#breadcrumb","itemListElement":[{"@type":"ListItem","position":1,"name":"Portada","item":"https://www.navarroaubanell.com/ca/"},{"@type":"ListItem","position":2,"name":"Productes","item":"https://www.navarroaubanell.com/productos/"},{"@type":"ListItem","position":3,"name":"Base Para-sol A16-064"}]},{"@type":"WebSite","@id":"https://www.navarroaubanell.com/ca/#website","url":"https://www.navarroaubanell.com/ca/","name":"Navarro Aubanell","description":"Mobiliario para hotelería, colectividades y oficinas","publisher":{"@id":"https://www.navarroaubanell.com/ca/#organization"},"potentialAction":[{"@type":"SearchAction","target":{"@type":"EntryPoint","urlTemplate":"https://www.navarroaubanell.com/ca/?s={search_term_string}"},"query-input":{"@type":"PropertyValueSpecification","valueRequired":true,"valueName":"search_term_string"}}],"inLanguage":"ca"},{"@type":"Organization","@id":"https://www.navarroaubanell.com/ca/#organization","name":"COMERCIAL NAVARRO AUBANELL, S.A","url":"https://www.navarroaubanell.com/ca/","logo":{"@type":"ImageObject","inLanguage":"ca","@id":"https://www.navarroaubanell.com/ca/#/schema/logo/image/","url":"https://www.navarroaubanell.com/wp-content/uploads/2017/07/logo-navarro-aubuanell.png","contentUrl":"https://www.navarroaubanell.com/wp-content/uploads/2017/07/logo-navarro-aubuanell.png","width":6304,"height":1154,"caption":"COMERCIAL NAVARRO AUBANELL, S.A"},"image":{"@id":"https://www.navarroaubanell.com/ca/#/schema/logo/image/"}}]}</script>
<!-- / Yoast SEO plugin. -->

La base de para-sol A16-064, fabricada en granit i acabat ABS negre, combina durabilitat i disseny amb rodes i ansa per a fàcil transport.

Mobiliario para hotelería, colectividades y oficinas
