{"id":43144,"date":"2024-12-17T09:05:07","date_gmt":"2024-12-17T08:05:07","guid":{"rendered":"https:\/\/www.navarroaubanell.com\/producto\/conjunto-rin-navarroaubanell\/"},"modified":"2024-12-17T09:17:52","modified_gmt":"2024-12-17T08:17:52","slug":"conjunt-rin-navarroaubanell","status":"publish","type":"product","link":"https:\/\/www.navarroaubanell.com\/ca\/producte\/conjunt-rin-navarroaubanell\/","title":{"rendered":"Conjunt Rin"},"content":{"rendered":"<h5>Conjunt Rin: Eleg\u00e0ncia i Confort per a Exteriors<\/h5>\n<div class=\"traductor-textarea form-group\">\n<div class=\"textarea-desti col-xs-12 col-sm-6\">\n<div class=\"form-control second-textarea\">El conjunt Rin destaca pel seu trenat lateral, que afegeix un toc artesanal i \u00fanic. El disseny modern del conjunt \u00e9s perfecte per a crear ambients acollidors i estilosos en exteriors, creant un equilibri perfecte entre simplicitat i eleg\u00e0ncia.<\/div>\n<\/div>\n<\/div>\n<h6>Dof\u00e0s Modulars i Vers\u00e0tils<\/h6>\n<div class=\"traductor-textarea form-group\">\n<div class=\"textarea-desti col-xs-12 col-sm-6\">\n<div class=\"form-control second-textarea\">Rin est\u00e0 compost per tres sof\u00e0s modulars que s&#8217;uneixen en forma de &#8220;L&#8221;, oferint un espai ampli i c\u00f2mode per a gaudir a l&#8217;aire lliure. Aquesta disposici\u00f3 \u00e9s perfecta per a crear zones de reuni\u00f3 on compartir moments de relax o entreteniment.<\/div>\n<\/div>\n<\/div>\n<h6>Materials d&#8217;Alta Qualitat<\/h6>\n<div class=\"traductor-textarea form-group\">\n<div class=\"textarea-desti col-xs-12 col-sm-6\">\n<div class=\"form-control second-textarea\">L&#8217;estructura del conjunt, fabricada en alumini, assegura lleugeresa i durabilitat. Aquest alumini est\u00e0 recobert amb pintura especial per a exteriors, disponible en colors blanc o taup\u00e9. Les cintes laterals, disponibles en blau o beix, estan elaborades amb teixit acr\u00edlic, un material resistent i de f\u00e0cil manteniment.<\/div>\n<\/div>\n<\/div>\n<h6>Detalls de Confort i Durabilitat<\/h6>\n<div class=\"traductor-textarea form-group\">\n<div class=\"textarea-desti col-xs-12 col-sm-6\">\n<div class=\"form-control second-textarea\">Els coixins dels seients i respatllers estan dissenyats per a oferir el m\u00e0xim confort, mentre que la taula, amb sobre de vidre pintat al granit en color gris, afegeix un toc sofisticat al conjunt. A m\u00e9s, els tacs de protecci\u00f3 ajuden a protegir tant el terra com el propi producte, prolongant la seva vida \u00fatil.<\/div>\n<\/div>\n<\/div>\n","protected":false},"excerpt":{"rendered":"<p>Conjunt Rin: Eleg\u00e0ncia i Confort per a Exteriors El conjunt Rin destaca pel seu trenat lateral, que afegeix un toc artesanal i \u00fanic. El disseny modern del conjunt \u00e9s perfecte per a crear ambients acollidors i estilosos en exteriors, creant un equilibri perfecte entre simplicitat i eleg\u00e0ncia. Dof\u00e0s Modulars i Vers\u00e0tils Rin est\u00e0 compost per&hellip;<\/p>\n","protected":false},"featured_media":43138,"template":"","meta":{"_acf_changed":false},"product_brand":[],"product_cat":[565,563],"product_tag":[1610,992,617,640,754,695],"class_list":{"0":"post-43144","1":"product","2":"type-product","3":"status-publish","4":"has-post-thumbnail","6":"product_cat-conjunts-exterior","7":"product_cat-exterior-ca","8":"product_tag-acrilico-ca","9":"product_tag-aluminio-ca","10":"product_tag-conjunt","11":"product_tag-exterior-ca","12":"product_tag-sofa-ca","13":"product_tag-taula","14":"description-off","16":"first","17":"instock","18":"shipping-taxable","19":"product-type-simple"},"acf":[],"yoast_head":"<!-- This site is optimized with the Yoast SEO plugin v27.0 - https:\/\/yoast.com\/product\/yoast-seo-wordpress\/ -->\n<title>Conjunt Rin - Navarro Aubanell<\/title>\n<meta name=\"description\" content=\"Conjunt Rin: eleg\u00e0ncia i confort en exteriors amb sof\u00e0s modulars, trenat artesanal i estructura d&#039;alumini resistent i moderna.\" \/>\n<meta name=\"robots\" content=\"index, follow, max-snippet:-1, max-image-preview:large, max-video-preview:-1\" \/>\n<link rel=\"canonical\" href=\"https:\/\/www.navarroaubanell.com\/ca\/producte\/conjunt-rin-navarroaubanell\/\" \/>\n<meta property=\"og:locale\" content=\"ca_ES\" \/>\n<meta property=\"og:type\" content=\"article\" \/>\n<meta property=\"og:title\" content=\"Conjunt Rin - Navarro Aubanell\" \/>\n<meta property=\"og:description\" content=\"Conjunt Rin: eleg\u00e0ncia i confort en exteriors amb sof\u00e0s modulars, trenat artesanal i estructura d&#039;alumini resistent i moderna.\" \/>\n<meta property=\"og:url\" content=\"https:\/\/www.navarroaubanell.com\/ca\/producte\/conjunt-rin-navarroaubanell\/\" \/>\n<meta property=\"og:site_name\" content=\"Navarro Aubanell\" \/>\n<meta property=\"article:modified_time\" content=\"2024-12-17T08:17:52+00:00\" \/>\n<meta property=\"og:image\" content=\"https:\/\/www.navarroaubanell.com\/wp-content\/uploads\/2024\/12\/conjunto-rin-Photoroom.png\" \/>\n\t<meta property=\"og:image:width\" content=\"800\" \/>\n\t<meta property=\"og:image:height\" content=\"650\" \/>\n\t<meta property=\"og:image:type\" content=\"image\/png\" \/>\n<meta name=\"twitter:label1\" content=\"Est. reading time\" \/>\n\t<meta name=\"twitter:data1\" content=\"2 minutes\" \/>\n<script type=\"application\/ld+json\" class=\"yoast-schema-graph\">{\"@context\":\"https:\/\/schema.org\",\"@graph\":[{\"@type\":\"WebPage\",\"@id\":\"https:\/\/www.navarroaubanell.com\/ca\/producte\/conjunt-rin-navarroaubanell\/\",\"url\":\"https:\/\/www.navarroaubanell.com\/ca\/producte\/conjunt-rin-navarroaubanell\/\",\"name\":\"Conjunt Rin - Navarro Aubanell\",\"isPartOf\":{\"@id\":\"https:\/\/www.navarroaubanell.com\/ca\/#website\"},\"primaryImageOfPage\":{\"@id\":\"https:\/\/www.navarroaubanell.com\/ca\/producte\/conjunt-rin-navarroaubanell\/#primaryimage\"},\"image\":{\"@id\":\"https:\/\/www.navarroaubanell.com\/ca\/producte\/conjunt-rin-navarroaubanell\/#primaryimage\"},\"thumbnailUrl\":\"https:\/\/www.navarroaubanell.com\/wp-content\/uploads\/2024\/12\/conjunto-rin-Photoroom.png\",\"datePublished\":\"2024-12-17T08:05:07+00:00\",\"dateModified\":\"2024-12-17T08:17:52+00:00\",\"description\":\"Conjunt Rin: eleg\u00e0ncia i confort en exteriors amb sof\u00e0s modulars, trenat artesanal i estructura d'alumini resistent i moderna.\",\"breadcrumb\":{\"@id\":\"https:\/\/www.navarroaubanell.com\/ca\/producte\/conjunt-rin-navarroaubanell\/#breadcrumb\"},\"inLanguage\":\"ca\",\"potentialAction\":[{\"@type\":\"ReadAction\",\"target\":[\"https:\/\/www.navarroaubanell.com\/ca\/producte\/conjunt-rin-navarroaubanell\/\"]}]},{\"@type\":\"ImageObject\",\"inLanguage\":\"ca\",\"@id\":\"https:\/\/www.navarroaubanell.com\/ca\/producte\/conjunt-rin-navarroaubanell\/#primaryimage\",\"url\":\"https:\/\/www.navarroaubanell.com\/wp-content\/uploads\/2024\/12\/conjunto-rin-Photoroom.png\",\"contentUrl\":\"https:\/\/www.navarroaubanell.com\/wp-content\/uploads\/2024\/12\/conjunto-rin-Photoroom.png\",\"width\":800,\"height\":650,\"caption\":\"Conjunt Rin\"},{\"@type\":\"BreadcrumbList\",\"@id\":\"https:\/\/www.navarroaubanell.com\/ca\/producte\/conjunt-rin-navarroaubanell\/#breadcrumb\",\"itemListElement\":[{\"@type\":\"ListItem\",\"position\":1,\"name\":\"Portada\",\"item\":\"https:\/\/www.navarroaubanell.com\/ca\/\"},{\"@type\":\"ListItem\",\"position\":2,\"name\":\"Productes\",\"item\":\"https:\/\/www.navarroaubanell.com\/productos\/\"},{\"@type\":\"ListItem\",\"position\":3,\"name\":\"Conjunt Rin\"}]},{\"@type\":\"WebSite\",\"@id\":\"https:\/\/www.navarroaubanell.com\/ca\/#website\",\"url\":\"https:\/\/www.navarroaubanell.com\/ca\/\",\"name\":\"Navarro Aubanell\",\"description\":\"Mobiliario para hoteler\u00eda, colectividades y oficinas\",\"publisher\":{\"@id\":\"https:\/\/www.navarroaubanell.com\/ca\/#organization\"},\"potentialAction\":[{\"@type\":\"SearchAction\",\"target\":{\"@type\":\"EntryPoint\",\"urlTemplate\":\"https:\/\/www.navarroaubanell.com\/ca\/?s={search_term_string}\"},\"query-input\":{\"@type\":\"PropertyValueSpecification\",\"valueRequired\":true,\"valueName\":\"search_term_string\"}}],\"inLanguage\":\"ca\"},{\"@type\":\"Organization\",\"@id\":\"https:\/\/www.navarroaubanell.com\/ca\/#organization\",\"name\":\"COMERCIAL NAVARRO AUBANELL, S.A\",\"url\":\"https:\/\/www.navarroaubanell.com\/ca\/\",\"logo\":{\"@type\":\"ImageObject\",\"inLanguage\":\"ca\",\"@id\":\"https:\/\/www.navarroaubanell.com\/ca\/#\/schema\/logo\/image\/\",\"url\":\"https:\/\/www.navarroaubanell.com\/wp-content\/uploads\/2017\/07\/logo-navarro-aubuanell.png\",\"contentUrl\":\"https:\/\/www.navarroaubanell.com\/wp-content\/uploads\/2017\/07\/logo-navarro-aubuanell.png\",\"width\":6304,\"height\":1154,\"caption\":\"COMERCIAL NAVARRO AUBANELL, S.A\"},\"image\":{\"@id\":\"https:\/\/www.navarroaubanell.com\/ca\/#\/schema\/logo\/image\/\"}}]}<\/script>\n<!-- \/ Yoast SEO plugin. -->","yoast_head_json":{"title":"Conjunt Rin - Navarro Aubanell","description":"Conjunt Rin: eleg\u00e0ncia i confort en exteriors amb sof\u00e0s modulars, trenat artesanal i estructura d'alumini resistent i moderna.","robots":{"index":"index","follow":"follow","max-snippet":"max-snippet:-1","max-image-preview":"max-image-preview:large","max-video-preview":"max-video-preview:-1"},"canonical":"https:\/\/www.navarroaubanell.com\/ca\/producte\/conjunt-rin-navarroaubanell\/","og_locale":"ca_ES","og_type":"article","og_title":"Conjunt Rin - Navarro Aubanell","og_description":"Conjunt Rin: eleg\u00e0ncia i confort en exteriors amb sof\u00e0s modulars, trenat artesanal i estructura d'alumini resistent i moderna.","og_url":"https:\/\/www.navarroaubanell.com\/ca\/producte\/conjunt-rin-navarroaubanell\/","og_site_name":"Navarro Aubanell","article_modified_time":"2024-12-17T08:17:52+00:00","og_image":[{"width":800,"height":650,"url":"https:\/\/www.navarroaubanell.com\/wp-content\/uploads\/2024\/12\/conjunto-rin-Photoroom.png","type":"image\/png"}],"twitter_misc":{"Est. reading time":"2 minutes"},"schema":{"@context":"https:\/\/schema.org","@graph":[{"@type":"WebPage","@id":"https:\/\/www.navarroaubanell.com\/ca\/producte\/conjunt-rin-navarroaubanell\/","url":"https:\/\/www.navarroaubanell.com\/ca\/producte\/conjunt-rin-navarroaubanell\/","name":"Conjunt Rin - Navarro Aubanell","isPartOf":{"@id":"https:\/\/www.navarroaubanell.com\/ca\/#website"},"primaryImageOfPage":{"@id":"https:\/\/www.navarroaubanell.com\/ca\/producte\/conjunt-rin-navarroaubanell\/#primaryimage"},"image":{"@id":"https:\/\/www.navarroaubanell.com\/ca\/producte\/conjunt-rin-navarroaubanell\/#primaryimage"},"thumbnailUrl":"https:\/\/www.navarroaubanell.com\/wp-content\/uploads\/2024\/12\/conjunto-rin-Photoroom.png","datePublished":"2024-12-17T08:05:07+00:00","dateModified":"2024-12-17T08:17:52+00:00","description":"Conjunt Rin: eleg\u00e0ncia i confort en exteriors amb sof\u00e0s modulars, trenat artesanal i estructura d'alumini resistent i moderna.","breadcrumb":{"@id":"https:\/\/www.navarroaubanell.com\/ca\/producte\/conjunt-rin-navarroaubanell\/#breadcrumb"},"inLanguage":"ca","potentialAction":[{"@type":"ReadAction","target":["https:\/\/www.navarroaubanell.com\/ca\/producte\/conjunt-rin-navarroaubanell\/"]}]},{"@type":"ImageObject","inLanguage":"ca","@id":"https:\/\/www.navarroaubanell.com\/ca\/producte\/conjunt-rin-navarroaubanell\/#primaryimage","url":"https:\/\/www.navarroaubanell.com\/wp-content\/uploads\/2024\/12\/conjunto-rin-Photoroom.png","contentUrl":"https:\/\/www.navarroaubanell.com\/wp-content\/uploads\/2024\/12\/conjunto-rin-Photoroom.png","width":800,"height":650,"caption":"Conjunt Rin"},{"@type":"BreadcrumbList","@id":"https:\/\/www.navarroaubanell.com\/ca\/producte\/conjunt-rin-navarroaubanell\/#breadcrumb","itemListElement":[{"@type":"ListItem","position":1,"name":"Portada","item":"https:\/\/www.navarroaubanell.com\/ca\/"},{"@type":"ListItem","position":2,"name":"Productes","item":"https:\/\/www.navarroaubanell.com\/productos\/"},{"@type":"ListItem","position":3,"name":"Conjunt Rin"}]},{"@type":"WebSite","@id":"https:\/\/www.navarroaubanell.com\/ca\/#website","url":"https:\/\/www.navarroaubanell.com\/ca\/","name":"Navarro Aubanell","description":"Mobiliario para hoteler\u00eda, colectividades y oficinas","publisher":{"@id":"https:\/\/www.navarroaubanell.com\/ca\/#organization"},"potentialAction":[{"@type":"SearchAction","target":{"@type":"EntryPoint","urlTemplate":"https:\/\/www.navarroaubanell.com\/ca\/?s={search_term_string}"},"query-input":{"@type":"PropertyValueSpecification","valueRequired":true,"valueName":"search_term_string"}}],"inLanguage":"ca"},{"@type":"Organization","@id":"https:\/\/www.navarroaubanell.com\/ca\/#organization","name":"COMERCIAL NAVARRO AUBANELL, S.A","url":"https:\/\/www.navarroaubanell.com\/ca\/","logo":{"@type":"ImageObject","inLanguage":"ca","@id":"https:\/\/www.navarroaubanell.com\/ca\/#\/schema\/logo\/image\/","url":"https:\/\/www.navarroaubanell.com\/wp-content\/uploads\/2017\/07\/logo-navarro-aubuanell.png","contentUrl":"https:\/\/www.navarroaubanell.com\/wp-content\/uploads\/2017\/07\/logo-navarro-aubuanell.png","width":6304,"height":1154,"caption":"COMERCIAL NAVARRO AUBANELL, S.A"},"image":{"@id":"https:\/\/www.navarroaubanell.com\/ca\/#\/schema\/logo\/image\/"}}]}},"_links":{"self":[{"href":"https:\/\/www.navarroaubanell.com\/ca\/wp-json\/wp\/v2\/product\/43144","targetHints":{"allow":["GET"]}}],"collection":[{"href":"https:\/\/www.navarroaubanell.com\/ca\/wp-json\/wp\/v2\/product"}],"about":[{"href":"https:\/\/www.navarroaubanell.com\/ca\/wp-json\/wp\/v2\/types\/product"}],"wp:featuredmedia":[{"embeddable":true,"href":"https:\/\/www.navarroaubanell.com\/ca\/wp-json\/wp\/v2\/media\/43138"}],"wp:attachment":[{"href":"https:\/\/www.navarroaubanell.com\/ca\/wp-json\/wp\/v2\/media?parent=43144"}],"wp:term":[{"taxonomy":"product_brand","embeddable":true,"href":"https:\/\/www.navarroaubanell.com\/ca\/wp-json\/wp\/v2\/product_brand?post=43144"},{"taxonomy":"product_cat","embeddable":true,"href":"https:\/\/www.navarroaubanell.com\/ca\/wp-json\/wp\/v2\/product_cat?post=43144"},{"taxonomy":"product_tag","embeddable":true,"href":"https:\/\/www.navarroaubanell.com\/ca\/wp-json\/wp\/v2\/product_tag?post=43144"}],"curies":[{"name":"wp","href":"https:\/\/api.w.org\/{rel}","templated":true}]}}

<h5>Conjunt Rin: Elegància i Confort per a Exteriors</h5>
<div class="traductor-textarea form-group">
<div class="textarea-desti col-xs-12 col-sm-6">
<div class="form-control second-textarea">El conjunt Rin destaca pel seu trenat lateral, que afegeix un toc artesanal i únic. El disseny modern del conjunt és perfecte per a crear ambients acollidors i estilosos en exteriors, creant un equilibri perfecte entre simplicitat i elegància.</div>
</div>
</div>
<h6>Dofàs Modulars i Versàtils</h6>
<div class="traductor-textarea form-group">
<div class="textarea-desti col-xs-12 col-sm-6">
<div class="form-control second-textarea">Rin està compost per tres sofàs modulars que s&#8217;uneixen en forma de &#8220;L&#8221;, oferint un espai ampli i còmode per a gaudir a l&#8217;aire lliure. Aquesta disposició és perfecta per a crear zones de reunió on compartir moments de relax o entreteniment.</div>
</div>
</div>
<h6>Materials d&#8217;Alta Qualitat</h6>
<div class="traductor-textarea form-group">
<div class="textarea-desti col-xs-12 col-sm-6">
<div class="form-control second-textarea">L&#8217;estructura del conjunt, fabricada en alumini, assegura lleugeresa i durabilitat. Aquest alumini està recobert amb pintura especial per a exteriors, disponible en colors blanc o taupé. Les cintes laterals, disponibles en blau o beix, estan elaborades amb teixit acrílic, un material resistent i de fàcil manteniment.</div>
</div>
</div>
<h6>Detalls de Confort i Durabilitat</h6>
<div class="traductor-textarea form-group">
<div class="textarea-desti col-xs-12 col-sm-6">
<div class="form-control second-textarea">Els coixins dels seients i respatllers estan dissenyats per a oferir el màxim confort, mentre que la taula, amb sobre de vidre pintat al granit en color gris, afegeix un toc sofisticat al conjunt. A més, els tacs de protecció ajuden a protegir tant el terra com el propi producte, prolongant la seva vida útil.</div>
</div>
</div>

<p>Conjunt Rin: Elegància i Confort per a Exteriors El conjunt Rin destaca pel seu trenat lateral, que afegeix un toc artesanal i únic. El disseny modern del conjunt és perfecte per a crear ambients acollidors i estilosos en exteriors, creant un equilibri perfecte entre simplicitat i elegància. Dofàs Modulars i Versàtils Rin està compost per&hellip;</p>

<!-- This site is optimized with the Yoast SEO plugin v27.0 - https://yoast.com/product/yoast-seo-wordpress/ -->
<title>Conjunt Rin - Navarro Aubanell</title>
<meta name="description" content="Conjunt Rin: elegància i confort en exteriors amb sofàs modulars, trenat artesanal i estructura d&#039;alumini resistent i moderna." />
<meta name="robots" content="index, follow, max-snippet:-1, max-image-preview:large, max-video-preview:-1" />
<link rel="canonical" href="https://www.navarroaubanell.com/ca/producte/conjunt-rin-navarroaubanell/" />
<meta property="og:locale" content="ca_ES" />
<meta property="og:type" content="article" />
<meta property="og:title" content="Conjunt Rin - Navarro Aubanell" />
<meta property="og:description" content="Conjunt Rin: elegància i confort en exteriors amb sofàs modulars, trenat artesanal i estructura d&#039;alumini resistent i moderna." />
<meta property="og:url" content="https://www.navarroaubanell.com/ca/producte/conjunt-rin-navarroaubanell/" />
<meta property="og:site_name" content="Navarro Aubanell" />
<meta property="article:modified_time" content="2024-12-17T08:17:52+00:00" />
<meta property="og:image" content="https://www.navarroaubanell.com/wp-content/uploads/2024/12/conjunto-rin-Photoroom.png" />
	<meta property="og:image:width" content="800" />
	<meta property="og:image:height" content="650" />
	<meta property="og:image:type" content="image/png" />
<meta name="twitter:label1" content="Est. reading time" />
	<meta name="twitter:data1" content="2 minutes" />
<script type="application/ld+json" class="yoast-schema-graph">{"@context":"https://schema.org","@graph":[{"@type":"WebPage","@id":"https://www.navarroaubanell.com/ca/producte/conjunt-rin-navarroaubanell/","url":"https://www.navarroaubanell.com/ca/producte/conjunt-rin-navarroaubanell/","name":"Conjunt Rin - Navarro Aubanell","isPartOf":{"@id":"https://www.navarroaubanell.com/ca/#website"},"primaryImageOfPage":{"@id":"https://www.navarroaubanell.com/ca/producte/conjunt-rin-navarroaubanell/#primaryimage"},"image":{"@id":"https://www.navarroaubanell.com/ca/producte/conjunt-rin-navarroaubanell/#primaryimage"},"thumbnailUrl":"https://www.navarroaubanell.com/wp-content/uploads/2024/12/conjunto-rin-Photoroom.png","datePublished":"2024-12-17T08:05:07+00:00","dateModified":"2024-12-17T08:17:52+00:00","description":"Conjunt Rin: elegància i confort en exteriors amb sofàs modulars, trenat artesanal i estructura d'alumini resistent i moderna.","breadcrumb":{"@id":"https://www.navarroaubanell.com/ca/producte/conjunt-rin-navarroaubanell/#breadcrumb"},"inLanguage":"ca","potentialAction":[{"@type":"ReadAction","target":["https://www.navarroaubanell.com/ca/producte/conjunt-rin-navarroaubanell/"]}]},{"@type":"ImageObject","inLanguage":"ca","@id":"https://www.navarroaubanell.com/ca/producte/conjunt-rin-navarroaubanell/#primaryimage","url":"https://www.navarroaubanell.com/wp-content/uploads/2024/12/conjunto-rin-Photoroom.png","contentUrl":"https://www.navarroaubanell.com/wp-content/uploads/2024/12/conjunto-rin-Photoroom.png","width":800,"height":650,"caption":"Conjunt Rin"},{"@type":"BreadcrumbList","@id":"https://www.navarroaubanell.com/ca/producte/conjunt-rin-navarroaubanell/#breadcrumb","itemListElement":[{"@type":"ListItem","position":1,"name":"Portada","item":"https://www.navarroaubanell.com/ca/"},{"@type":"ListItem","position":2,"name":"Productes","item":"https://www.navarroaubanell.com/productos/"},{"@type":"ListItem","position":3,"name":"Conjunt Rin"}]},{"@type":"WebSite","@id":"https://www.navarroaubanell.com/ca/#website","url":"https://www.navarroaubanell.com/ca/","name":"Navarro Aubanell","description":"Mobiliario para hotelería, colectividades y oficinas","publisher":{"@id":"https://www.navarroaubanell.com/ca/#organization"},"potentialAction":[{"@type":"SearchAction","target":{"@type":"EntryPoint","urlTemplate":"https://www.navarroaubanell.com/ca/?s={search_term_string}"},"query-input":{"@type":"PropertyValueSpecification","valueRequired":true,"valueName":"search_term_string"}}],"inLanguage":"ca"},{"@type":"Organization","@id":"https://www.navarroaubanell.com/ca/#organization","name":"COMERCIAL NAVARRO AUBANELL, S.A","url":"https://www.navarroaubanell.com/ca/","logo":{"@type":"ImageObject","inLanguage":"ca","@id":"https://www.navarroaubanell.com/ca/#/schema/logo/image/","url":"https://www.navarroaubanell.com/wp-content/uploads/2017/07/logo-navarro-aubuanell.png","contentUrl":"https://www.navarroaubanell.com/wp-content/uploads/2017/07/logo-navarro-aubuanell.png","width":6304,"height":1154,"caption":"COMERCIAL NAVARRO AUBANELL, S.A"},"image":{"@id":"https://www.navarroaubanell.com/ca/#/schema/logo/image/"}}]}</script>
<!-- / Yoast SEO plugin. -->

Conjunt Rin: elegància i confort en exteriors amb sofàs modulars, trenat artesanal i estructura d'alumini resistent i moderna.

Mobiliario para hotelería, colectividades y oficinas
