{"id":40868,"date":"2024-10-24T12:12:06","date_gmt":"2024-10-24T10:12:06","guid":{"rendered":"https:\/\/www.navarroaubanell.com\/producto\/mesa-clip-nardi-navarroaubanell\/"},"modified":"2024-10-24T12:22:35","modified_gmt":"2024-10-24T10:22:35","slug":"taula-clip-nardi-navarroaubanell","status":"publish","type":"product","link":"https:\/\/www.navarroaubanell.com\/ca\/producte\/taula-clip-nardi-navarroaubanell\/","title":{"rendered":"Taula Clip"},"content":{"rendered":"<h5>Taula Clip: Versatilitat i Estil<\/h5>\n<div class=\"traductor-textarea form-group\">\n<div class=\"textarea-desti col-xs-12 col-sm-6\">\n<div class=\"form-control second-textarea\">La taula Clip es destaca per la seva versatilitat i disseny intel\u00b7ligent. El seu disseny quadrat amb tauler perforat afegeix un toc modern i funcional, amb dues opcions disponibles: forats en forma de rombes o rodons. A m\u00e9s, s&#8217;ofereix en dues mesures: 70&#215;70 cm i 80&#215;80 cm, per a adaptar-se als diferents espais i les seves exig\u00e8ncies.<\/div>\n<\/div>\n<\/div>\n<h6>Estructura resistent i sostenible<\/h6>\n<div class=\"traductor-textarea form-group\">\n<div class=\"textarea-desti col-xs-12 col-sm-6\">\n<div class=\"form-control second-textarea\">Clip est\u00e0 constru\u00efda amb una estructura de 4 radis, fabricada en polipropil\u00e8 refor\u00e7at amb fibra de vidre, la qual cosa garanteix la seva robustesa i durabilitat. En estar feta amb resines reciclables, tamb\u00e9 \u00e9s en una opci\u00f3 sostenible.<\/div>\n<\/div>\n<\/div>\n<h6>Innovaci\u00f3 i funiconalitat<\/h6>\n<div class=\"traductor-textarea form-group\">\n<div class=\"textarea-desti col-xs-12 col-sm-6\">\n<div class=\"form-control second-textarea\">El tauler de la taula Clip compta amb l&#8217;innovador sistema DurelTOP, que assegura practicitat, resist\u00e8ncia i eleg\u00e0ncia. A m\u00e9s, el seu tractament anti-UV la fa ideal per al seu \u00fas en exteriors en els quals el sol no incideixi de manrea excessiva, mantenint els colors ferms i uniformes al llarg del temps.<\/div>\n<\/div>\n<\/div>\n<h6>Ajustable i pr\u00e0ctica<\/h6>\n<div class=\"traductor-textarea form-group\">\n<div class=\"textarea-desti col-xs-12 col-sm-6\">\n<div class=\"form-control second-textarea\">Clip inclou tacs regulables que permeten ajustar-la perfectament a qualsevol superf\u00edcie, la qual cosa millora la seva estabilitat i funcionalitat en qualsevol entorn. Amb el seu disseny elegant i la seva durabilitat, la taula Clip \u00e9s l&#8217;opci\u00f3 perfecta per a qualsevol espai professional o d&#8217;oci.<\/div>\n<\/div>\n<\/div>\n","protected":false},"excerpt":{"rendered":"<p>Taula Clip: Versatilitat i Estil La taula Clip es destaca per la seva versatilitat i disseny intel\u00b7ligent. El seu disseny quadrat amb tauler perforat afegeix un toc modern i funcional, amb dues opcions disponibles: forats en forma de rombes o rodons. A m\u00e9s, s&#8217;ofereix en dues mesures: 70&#215;70 cm i 80&#215;80 cm, per a adaptar-se&hellip;<\/p>\n","protected":false},"featured_media":44415,"template":"","meta":{"_acf_changed":false},"product_brand":[],"product_cat":[563,567],"product_tag":[1263,1529,1527,640,664,860,695],"class_list":{"0":"post-40868","1":"product","2":"type-product","3":"status-publish","4":"has-post-thumbnail","6":"product_cat-exterior-ca","7":"product_cat-taules-exterior","8":"product_tag-anti-rayos-uv-ca","9":"product_tag-clip-ca","10":"product_tag-dureltop-ca","11":"product_tag-exterior-ca","12":"product_tag-interior-ca","13":"product_tag-regulable-ca","14":"product_tag-taula","15":"description-off","17":"first","18":"instock","19":"shipping-taxable","20":"product-type-simple"},"acf":[],"yoast_head":"<!-- This site is optimized with the Yoast SEO plugin v27.0 - https:\/\/yoast.com\/product\/yoast-seo-wordpress\/ -->\n<title>Taula Clip, Nardi- Navarro Aubanell<\/title>\n<meta name=\"description\" content=\"Taula Clip: vers\u00e0til i resistent, amb tauler perforat, estructura de polipropil\u00e8 i tractament anti-UV. Disponible en dues grand\u00e0ries.\" \/>\n<meta name=\"robots\" content=\"index, follow, max-snippet:-1, max-image-preview:large, max-video-preview:-1\" \/>\n<link rel=\"canonical\" href=\"https:\/\/www.navarroaubanell.com\/ca\/producte\/taula-clip-nardi-navarroaubanell\/\" \/>\n<meta property=\"og:locale\" content=\"ca_ES\" \/>\n<meta property=\"og:type\" content=\"article\" \/>\n<meta property=\"og:title\" content=\"Taula Clip, Nardi- Navarro Aubanell\" \/>\n<meta property=\"og:description\" content=\"Taula Clip: vers\u00e0til i resistent, amb tauler perforat, estructura de polipropil\u00e8 i tractament anti-UV. Disponible en dues grand\u00e0ries.\" \/>\n<meta property=\"og:url\" content=\"https:\/\/www.navarroaubanell.com\/ca\/producte\/taula-clip-nardi-navarroaubanell\/\" \/>\n<meta property=\"og:site_name\" content=\"Navarro Aubanell\" \/>\n<meta property=\"article:modified_time\" content=\"2024-10-24T10:22:35+00:00\" \/>\n<meta property=\"og:image\" content=\"https:\/\/www.navarroaubanell.com\/wp-content\/uploads\/2024\/10\/img_1093-Photoroom.png\" \/>\n\t<meta property=\"og:image:width\" content=\"800\" \/>\n\t<meta property=\"og:image:height\" content=\"650\" \/>\n\t<meta property=\"og:image:type\" content=\"image\/png\" \/>\n<meta name=\"twitter:label1\" content=\"Est. reading time\" \/>\n\t<meta name=\"twitter:data1\" content=\"2 minutes\" \/>\n<script type=\"application\/ld+json\" class=\"yoast-schema-graph\">{\"@context\":\"https:\/\/schema.org\",\"@graph\":[{\"@type\":\"WebPage\",\"@id\":\"https:\/\/www.navarroaubanell.com\/ca\/producte\/taula-clip-nardi-navarroaubanell\/\",\"url\":\"https:\/\/www.navarroaubanell.com\/ca\/producte\/taula-clip-nardi-navarroaubanell\/\",\"name\":\"Taula Clip, Nardi- Navarro Aubanell\",\"isPartOf\":{\"@id\":\"https:\/\/www.navarroaubanell.com\/ca\/#website\"},\"primaryImageOfPage\":{\"@id\":\"https:\/\/www.navarroaubanell.com\/ca\/producte\/taula-clip-nardi-navarroaubanell\/#primaryimage\"},\"image\":{\"@id\":\"https:\/\/www.navarroaubanell.com\/ca\/producte\/taula-clip-nardi-navarroaubanell\/#primaryimage\"},\"thumbnailUrl\":\"https:\/\/www.navarroaubanell.com\/wp-content\/uploads\/2024\/10\/img_1093-Photoroom.png\",\"datePublished\":\"2024-10-24T10:12:06+00:00\",\"dateModified\":\"2024-10-24T10:22:35+00:00\",\"description\":\"Taula Clip: vers\u00e0til i resistent, amb tauler perforat, estructura de polipropil\u00e8 i tractament anti-UV. Disponible en dues grand\u00e0ries.\",\"breadcrumb\":{\"@id\":\"https:\/\/www.navarroaubanell.com\/ca\/producte\/taula-clip-nardi-navarroaubanell\/#breadcrumb\"},\"inLanguage\":\"ca\",\"potentialAction\":[{\"@type\":\"ReadAction\",\"target\":[\"https:\/\/www.navarroaubanell.com\/ca\/producte\/taula-clip-nardi-navarroaubanell\/\"]}]},{\"@type\":\"ImageObject\",\"inLanguage\":\"ca\",\"@id\":\"https:\/\/www.navarroaubanell.com\/ca\/producte\/taula-clip-nardi-navarroaubanell\/#primaryimage\",\"url\":\"https:\/\/www.navarroaubanell.com\/wp-content\/uploads\/2024\/10\/img_1093-Photoroom.png\",\"contentUrl\":\"https:\/\/www.navarroaubanell.com\/wp-content\/uploads\/2024\/10\/img_1093-Photoroom.png\",\"width\":800,\"height\":650,\"caption\":\"Mesa Clip\"},{\"@type\":\"BreadcrumbList\",\"@id\":\"https:\/\/www.navarroaubanell.com\/ca\/producte\/taula-clip-nardi-navarroaubanell\/#breadcrumb\",\"itemListElement\":[{\"@type\":\"ListItem\",\"position\":1,\"name\":\"Portada\",\"item\":\"https:\/\/www.navarroaubanell.com\/ca\/\"},{\"@type\":\"ListItem\",\"position\":2,\"name\":\"Productes\",\"item\":\"https:\/\/www.navarroaubanell.com\/productos\/\"},{\"@type\":\"ListItem\",\"position\":3,\"name\":\"Taula Clip\"}]},{\"@type\":\"WebSite\",\"@id\":\"https:\/\/www.navarroaubanell.com\/ca\/#website\",\"url\":\"https:\/\/www.navarroaubanell.com\/ca\/\",\"name\":\"Navarro Aubanell\",\"description\":\"Mobiliario para hoteler\u00eda, colectividades y oficinas\",\"publisher\":{\"@id\":\"https:\/\/www.navarroaubanell.com\/ca\/#organization\"},\"potentialAction\":[{\"@type\":\"SearchAction\",\"target\":{\"@type\":\"EntryPoint\",\"urlTemplate\":\"https:\/\/www.navarroaubanell.com\/ca\/?s={search_term_string}\"},\"query-input\":{\"@type\":\"PropertyValueSpecification\",\"valueRequired\":true,\"valueName\":\"search_term_string\"}}],\"inLanguage\":\"ca\"},{\"@type\":\"Organization\",\"@id\":\"https:\/\/www.navarroaubanell.com\/ca\/#organization\",\"name\":\"COMERCIAL NAVARRO AUBANELL, S.A\",\"url\":\"https:\/\/www.navarroaubanell.com\/ca\/\",\"logo\":{\"@type\":\"ImageObject\",\"inLanguage\":\"ca\",\"@id\":\"https:\/\/www.navarroaubanell.com\/ca\/#\/schema\/logo\/image\/\",\"url\":\"https:\/\/www.navarroaubanell.com\/wp-content\/uploads\/2017\/07\/logo-navarro-aubuanell.png\",\"contentUrl\":\"https:\/\/www.navarroaubanell.com\/wp-content\/uploads\/2017\/07\/logo-navarro-aubuanell.png\",\"width\":6304,\"height\":1154,\"caption\":\"COMERCIAL NAVARRO AUBANELL, S.A\"},\"image\":{\"@id\":\"https:\/\/www.navarroaubanell.com\/ca\/#\/schema\/logo\/image\/\"}}]}<\/script>\n<!-- \/ Yoast SEO plugin. -->","yoast_head_json":{"title":"Taula Clip, Nardi- Navarro Aubanell","description":"Taula Clip: vers\u00e0til i resistent, amb tauler perforat, estructura de polipropil\u00e8 i tractament anti-UV. Disponible en dues grand\u00e0ries.","robots":{"index":"index","follow":"follow","max-snippet":"max-snippet:-1","max-image-preview":"max-image-preview:large","max-video-preview":"max-video-preview:-1"},"canonical":"https:\/\/www.navarroaubanell.com\/ca\/producte\/taula-clip-nardi-navarroaubanell\/","og_locale":"ca_ES","og_type":"article","og_title":"Taula Clip, Nardi- Navarro Aubanell","og_description":"Taula Clip: vers\u00e0til i resistent, amb tauler perforat, estructura de polipropil\u00e8 i tractament anti-UV. Disponible en dues grand\u00e0ries.","og_url":"https:\/\/www.navarroaubanell.com\/ca\/producte\/taula-clip-nardi-navarroaubanell\/","og_site_name":"Navarro Aubanell","article_modified_time":"2024-10-24T10:22:35+00:00","og_image":[{"width":800,"height":650,"url":"https:\/\/www.navarroaubanell.com\/wp-content\/uploads\/2024\/10\/img_1093-Photoroom.png","type":"image\/png"}],"twitter_misc":{"Est. reading time":"2 minutes"},"schema":{"@context":"https:\/\/schema.org","@graph":[{"@type":"WebPage","@id":"https:\/\/www.navarroaubanell.com\/ca\/producte\/taula-clip-nardi-navarroaubanell\/","url":"https:\/\/www.navarroaubanell.com\/ca\/producte\/taula-clip-nardi-navarroaubanell\/","name":"Taula Clip, Nardi- Navarro Aubanell","isPartOf":{"@id":"https:\/\/www.navarroaubanell.com\/ca\/#website"},"primaryImageOfPage":{"@id":"https:\/\/www.navarroaubanell.com\/ca\/producte\/taula-clip-nardi-navarroaubanell\/#primaryimage"},"image":{"@id":"https:\/\/www.navarroaubanell.com\/ca\/producte\/taula-clip-nardi-navarroaubanell\/#primaryimage"},"thumbnailUrl":"https:\/\/www.navarroaubanell.com\/wp-content\/uploads\/2024\/10\/img_1093-Photoroom.png","datePublished":"2024-10-24T10:12:06+00:00","dateModified":"2024-10-24T10:22:35+00:00","description":"Taula Clip: vers\u00e0til i resistent, amb tauler perforat, estructura de polipropil\u00e8 i tractament anti-UV. Disponible en dues grand\u00e0ries.","breadcrumb":{"@id":"https:\/\/www.navarroaubanell.com\/ca\/producte\/taula-clip-nardi-navarroaubanell\/#breadcrumb"},"inLanguage":"ca","potentialAction":[{"@type":"ReadAction","target":["https:\/\/www.navarroaubanell.com\/ca\/producte\/taula-clip-nardi-navarroaubanell\/"]}]},{"@type":"ImageObject","inLanguage":"ca","@id":"https:\/\/www.navarroaubanell.com\/ca\/producte\/taula-clip-nardi-navarroaubanell\/#primaryimage","url":"https:\/\/www.navarroaubanell.com\/wp-content\/uploads\/2024\/10\/img_1093-Photoroom.png","contentUrl":"https:\/\/www.navarroaubanell.com\/wp-content\/uploads\/2024\/10\/img_1093-Photoroom.png","width":800,"height":650,"caption":"Mesa Clip"},{"@type":"BreadcrumbList","@id":"https:\/\/www.navarroaubanell.com\/ca\/producte\/taula-clip-nardi-navarroaubanell\/#breadcrumb","itemListElement":[{"@type":"ListItem","position":1,"name":"Portada","item":"https:\/\/www.navarroaubanell.com\/ca\/"},{"@type":"ListItem","position":2,"name":"Productes","item":"https:\/\/www.navarroaubanell.com\/productos\/"},{"@type":"ListItem","position":3,"name":"Taula Clip"}]},{"@type":"WebSite","@id":"https:\/\/www.navarroaubanell.com\/ca\/#website","url":"https:\/\/www.navarroaubanell.com\/ca\/","name":"Navarro Aubanell","description":"Mobiliario para hoteler\u00eda, colectividades y oficinas","publisher":{"@id":"https:\/\/www.navarroaubanell.com\/ca\/#organization"},"potentialAction":[{"@type":"SearchAction","target":{"@type":"EntryPoint","urlTemplate":"https:\/\/www.navarroaubanell.com\/ca\/?s={search_term_string}"},"query-input":{"@type":"PropertyValueSpecification","valueRequired":true,"valueName":"search_term_string"}}],"inLanguage":"ca"},{"@type":"Organization","@id":"https:\/\/www.navarroaubanell.com\/ca\/#organization","name":"COMERCIAL NAVARRO AUBANELL, S.A","url":"https:\/\/www.navarroaubanell.com\/ca\/","logo":{"@type":"ImageObject","inLanguage":"ca","@id":"https:\/\/www.navarroaubanell.com\/ca\/#\/schema\/logo\/image\/","url":"https:\/\/www.navarroaubanell.com\/wp-content\/uploads\/2017\/07\/logo-navarro-aubuanell.png","contentUrl":"https:\/\/www.navarroaubanell.com\/wp-content\/uploads\/2017\/07\/logo-navarro-aubuanell.png","width":6304,"height":1154,"caption":"COMERCIAL NAVARRO AUBANELL, S.A"},"image":{"@id":"https:\/\/www.navarroaubanell.com\/ca\/#\/schema\/logo\/image\/"}}]}},"_links":{"self":[{"href":"https:\/\/www.navarroaubanell.com\/ca\/wp-json\/wp\/v2\/product\/40868","targetHints":{"allow":["GET"]}}],"collection":[{"href":"https:\/\/www.navarroaubanell.com\/ca\/wp-json\/wp\/v2\/product"}],"about":[{"href":"https:\/\/www.navarroaubanell.com\/ca\/wp-json\/wp\/v2\/types\/product"}],"wp:featuredmedia":[{"embeddable":true,"href":"https:\/\/www.navarroaubanell.com\/ca\/wp-json\/wp\/v2\/media\/44415"}],"wp:attachment":[{"href":"https:\/\/www.navarroaubanell.com\/ca\/wp-json\/wp\/v2\/media?parent=40868"}],"wp:term":[{"taxonomy":"product_brand","embeddable":true,"href":"https:\/\/www.navarroaubanell.com\/ca\/wp-json\/wp\/v2\/product_brand?post=40868"},{"taxonomy":"product_cat","embeddable":true,"href":"https:\/\/www.navarroaubanell.com\/ca\/wp-json\/wp\/v2\/product_cat?post=40868"},{"taxonomy":"product_tag","embeddable":true,"href":"https:\/\/www.navarroaubanell.com\/ca\/wp-json\/wp\/v2\/product_tag?post=40868"}],"curies":[{"name":"wp","href":"https:\/\/api.w.org\/{rel}","templated":true}]}}

<h5>Taula Clip: Versatilitat i Estil</h5>
<div class="traductor-textarea form-group">
<div class="textarea-desti col-xs-12 col-sm-6">
<div class="form-control second-textarea">La taula Clip es destaca per la seva versatilitat i disseny intel·ligent. El seu disseny quadrat amb tauler perforat afegeix un toc modern i funcional, amb dues opcions disponibles: forats en forma de rombes o rodons. A més, s&#8217;ofereix en dues mesures: 70&#215;70 cm i 80&#215;80 cm, per a adaptar-se als diferents espais i les seves exigències.</div>
</div>
</div>
<h6>Estructura resistent i sostenible</h6>
<div class="traductor-textarea form-group">
<div class="textarea-desti col-xs-12 col-sm-6">
<div class="form-control second-textarea">Clip està construïda amb una estructura de 4 radis, fabricada en polipropilè reforçat amb fibra de vidre, la qual cosa garanteix la seva robustesa i durabilitat. En estar feta amb resines reciclables, també és en una opció sostenible.</div>
</div>
</div>
<h6>Innovació i funiconalitat</h6>
<div class="traductor-textarea form-group">
<div class="textarea-desti col-xs-12 col-sm-6">
<div class="form-control second-textarea">El tauler de la taula Clip compta amb l&#8217;innovador sistema DurelTOP, que assegura practicitat, resistència i elegància. A més, el seu tractament anti-UV la fa ideal per al seu ús en exteriors en els quals el sol no incideixi de manrea excessiva, mantenint els colors ferms i uniformes al llarg del temps.</div>
</div>
</div>
<h6>Ajustable i pràctica</h6>
<div class="traductor-textarea form-group">
<div class="textarea-desti col-xs-12 col-sm-6">
<div class="form-control second-textarea">Clip inclou tacs regulables que permeten ajustar-la perfectament a qualsevol superfície, la qual cosa millora la seva estabilitat i funcionalitat en qualsevol entorn. Amb el seu disseny elegant i la seva durabilitat, la taula Clip és l&#8217;opció perfecta per a qualsevol espai professional o d&#8217;oci.</div>
</div>
</div>

<p>Taula Clip: Versatilitat i Estil La taula Clip es destaca per la seva versatilitat i disseny intel·ligent. El seu disseny quadrat amb tauler perforat afegeix un toc modern i funcional, amb dues opcions disponibles: forats en forma de rombes o rodons. A més, s&#8217;ofereix en dues mesures: 70&#215;70 cm i 80&#215;80 cm, per a adaptar-se&hellip;</p>

<!-- This site is optimized with the Yoast SEO plugin v27.0 - https://yoast.com/product/yoast-seo-wordpress/ -->
<title>Taula Clip, Nardi- Navarro Aubanell</title>
<meta name="description" content="Taula Clip: versàtil i resistent, amb tauler perforat, estructura de polipropilè i tractament anti-UV. Disponible en dues grandàries." />
<meta name="robots" content="index, follow, max-snippet:-1, max-image-preview:large, max-video-preview:-1" />
<link rel="canonical" href="https://www.navarroaubanell.com/ca/producte/taula-clip-nardi-navarroaubanell/" />
<meta property="og:locale" content="ca_ES" />
<meta property="og:type" content="article" />
<meta property="og:title" content="Taula Clip, Nardi- Navarro Aubanell" />
<meta property="og:description" content="Taula Clip: versàtil i resistent, amb tauler perforat, estructura de polipropilè i tractament anti-UV. Disponible en dues grandàries." />
<meta property="og:url" content="https://www.navarroaubanell.com/ca/producte/taula-clip-nardi-navarroaubanell/" />
<meta property="og:site_name" content="Navarro Aubanell" />
<meta property="article:modified_time" content="2024-10-24T10:22:35+00:00" />
<meta property="og:image" content="https://www.navarroaubanell.com/wp-content/uploads/2024/10/img_1093-Photoroom.png" />
	<meta property="og:image:width" content="800" />
	<meta property="og:image:height" content="650" />
	<meta property="og:image:type" content="image/png" />
<meta name="twitter:label1" content="Est. reading time" />
	<meta name="twitter:data1" content="2 minutes" />
<script type="application/ld+json" class="yoast-schema-graph">{"@context":"https://schema.org","@graph":[{"@type":"WebPage","@id":"https://www.navarroaubanell.com/ca/producte/taula-clip-nardi-navarroaubanell/","url":"https://www.navarroaubanell.com/ca/producte/taula-clip-nardi-navarroaubanell/","name":"Taula Clip, Nardi- Navarro Aubanell","isPartOf":{"@id":"https://www.navarroaubanell.com/ca/#website"},"primaryImageOfPage":{"@id":"https://www.navarroaubanell.com/ca/producte/taula-clip-nardi-navarroaubanell/#primaryimage"},"image":{"@id":"https://www.navarroaubanell.com/ca/producte/taula-clip-nardi-navarroaubanell/#primaryimage"},"thumbnailUrl":"https://www.navarroaubanell.com/wp-content/uploads/2024/10/img_1093-Photoroom.png","datePublished":"2024-10-24T10:12:06+00:00","dateModified":"2024-10-24T10:22:35+00:00","description":"Taula Clip: versàtil i resistent, amb tauler perforat, estructura de polipropilè i tractament anti-UV. Disponible en dues grandàries.","breadcrumb":{"@id":"https://www.navarroaubanell.com/ca/producte/taula-clip-nardi-navarroaubanell/#breadcrumb"},"inLanguage":"ca","potentialAction":[{"@type":"ReadAction","target":["https://www.navarroaubanell.com/ca/producte/taula-clip-nardi-navarroaubanell/"]}]},{"@type":"ImageObject","inLanguage":"ca","@id":"https://www.navarroaubanell.com/ca/producte/taula-clip-nardi-navarroaubanell/#primaryimage","url":"https://www.navarroaubanell.com/wp-content/uploads/2024/10/img_1093-Photoroom.png","contentUrl":"https://www.navarroaubanell.com/wp-content/uploads/2024/10/img_1093-Photoroom.png","width":800,"height":650,"caption":"Mesa Clip"},{"@type":"BreadcrumbList","@id":"https://www.navarroaubanell.com/ca/producte/taula-clip-nardi-navarroaubanell/#breadcrumb","itemListElement":[{"@type":"ListItem","position":1,"name":"Portada","item":"https://www.navarroaubanell.com/ca/"},{"@type":"ListItem","position":2,"name":"Productes","item":"https://www.navarroaubanell.com/productos/"},{"@type":"ListItem","position":3,"name":"Taula Clip"}]},{"@type":"WebSite","@id":"https://www.navarroaubanell.com/ca/#website","url":"https://www.navarroaubanell.com/ca/","name":"Navarro Aubanell","description":"Mobiliario para hotelería, colectividades y oficinas","publisher":{"@id":"https://www.navarroaubanell.com/ca/#organization"},"potentialAction":[{"@type":"SearchAction","target":{"@type":"EntryPoint","urlTemplate":"https://www.navarroaubanell.com/ca/?s={search_term_string}"},"query-input":{"@type":"PropertyValueSpecification","valueRequired":true,"valueName":"search_term_string"}}],"inLanguage":"ca"},{"@type":"Organization","@id":"https://www.navarroaubanell.com/ca/#organization","name":"COMERCIAL NAVARRO AUBANELL, S.A","url":"https://www.navarroaubanell.com/ca/","logo":{"@type":"ImageObject","inLanguage":"ca","@id":"https://www.navarroaubanell.com/ca/#/schema/logo/image/","url":"https://www.navarroaubanell.com/wp-content/uploads/2017/07/logo-navarro-aubuanell.png","contentUrl":"https://www.navarroaubanell.com/wp-content/uploads/2017/07/logo-navarro-aubuanell.png","width":6304,"height":1154,"caption":"COMERCIAL NAVARRO AUBANELL, S.A"},"image":{"@id":"https://www.navarroaubanell.com/ca/#/schema/logo/image/"}}]}</script>
<!-- / Yoast SEO plugin. -->

Taula Clip: versàtil i resistent, amb tauler perforat, estructura de polipropilè i tractament anti-UV. Disponible en dues grandàries.

Mobiliario para hotelería, colectividades y oficinas
