{"id":38913,"date":"2024-09-26T12:21:58","date_gmt":"2024-09-26T10:21:58","guid":{"rendered":"https:\/\/www.navarroaubanell.com\/producto\/mesa-calamba-navarroaubanell\/"},"modified":"2024-09-26T12:31:12","modified_gmt":"2024-09-26T10:31:12","slug":"taula-calamba-navarroaubanell","status":"publish","type":"product","link":"https:\/\/www.navarroaubanell.com\/ca\/producte\/taula-calamba-navarroaubanell\/","title":{"rendered":"Taula Calamba"},"content":{"rendered":"<h5>Taula Calamba: Estil Colonial amb Tocs de Modernitat<\/h5>\n<p>La taula Calamba combina l&#8217;encant de l&#8217;estil colonial amb la modernitat dels seus sobres, aconseguint una pe\u00e7a que s&#8217;adapta a qualsevol entorn. El seu disseny vers\u00e0til la converteix en l&#8217;elecci\u00f3 perfecta tant per a interiors com exteriors. \u00c9s ideal per a terrasses de restaurants, jardins o fins i tot sales d&#8217;estar amb un toc r\u00fastic modern.<\/p>\n<h6>Estructura<\/h6>\n<div class=\"traductor-textarea form-group\">\n<div class=\"textarea-desti col-xs-12 col-sm-6\">\n<div class=\"form-control second-textarea\">Amb una altura de 75 cm, la taula Calamba compta amb una base de 4 potes, unides per travessers corbats que aporten una subtil eleg\u00e0ncia. L&#8217;estructura d&#8217;alumini pintat est\u00e0 disponible en dos colors: deco bamb\u00fa o deco noguera. Aquests colors s&#8217;integren f\u00e0cilment en qualsevol disseny decoratiu, des d&#8217;ambients r\u00fastics fins a espais contemporanis.<\/div>\n<\/div>\n<\/div>\n<h6>Varietat de Taulers i Mesures<\/h6>\n<div class=\"traductor-textarea form-group\">\n<div class=\"textarea-desti col-xs-12 col-sm-6\">\n<div class=\"form-control second-textarea\">Calamba \u00e9s pot personalitzar amb taulers de diferents formis i grand\u00e0ries: taulers rodons (70\u00d8 i 80\u00d8) i quadrats (70&#215;70 i 80&#215;80). Els sobres estan disponibles en Werzalit o Compact, materials que asseguren resist\u00e8ncia i durabilitat, perfectes per a resistir l&#8217;\u00fas en exteriors o en interiors concorreguts.<\/div>\n<\/div>\n<\/div>\n<h6>Durabilitat i Protecci\u00f3<\/h6>\n<div class=\"traductor-textarea form-group\">\n<div class=\"textarea-desti col-xs-12 col-sm-6\">\n<div class=\"form-control second-textarea\">Cada taula Calamba ve equipada amb tacs protectors, dissenyats per a preservar tant el terra com la integritat de la taula, garantint la seva durabilitat i mantenint el seu estil intacte al llarg del temps.<\/div>\n<\/div>\n<\/div>\n","protected":false},"excerpt":{"rendered":"<p>Taula Calamba: Estil Colonial amb Tocs de Modernitat La taula Calamba combina l&#8217;encant de l&#8217;estil colonial amb la modernitat dels seus sobres, aconseguint una pe\u00e7a que s&#8217;adapta a qualsevol entorn. El seu disseny vers\u00e0til la converteix en l&#8217;elecci\u00f3 perfecta tant per a interiors com exteriors. \u00c9s ideal per a terrasses de restaurants, jardins o fins&hellip;<\/p>\n","protected":false},"featured_media":38903,"template":"","meta":{"_acf_changed":false},"product_brand":[],"product_cat":[563,525,529,567],"product_tag":[1399,640,664,695],"class_list":{"0":"post-38913","1":"product","2":"type-product","3":"status-publish","4":"has-post-thumbnail","6":"product_cat-exterior-ca","7":"product_cat-interior","8":"product_cat-taules","9":"product_cat-taules-exterior","10":"product_tag-calamba-ca","11":"product_tag-exterior-ca","12":"product_tag-interior-ca","13":"product_tag-taula","14":"description-off","16":"first","17":"instock","18":"shipping-taxable","19":"product-type-simple"},"acf":[],"yoast_head":"<!-- This site is optimized with the Yoast SEO plugin v27.0 - https:\/\/yoast.com\/product\/yoast-seo-wordpress\/ -->\n<title>Taula Calamba - Navarro Aubanell<\/title>\n<meta name=\"description\" content=\"Taula Calamba: estilo colonial moderno, vers\u00e1til para interiores y exteriores, con estructura de aluminio y tableros personalizables en varios tama\u00f1os.\" \/>\n<meta name=\"robots\" content=\"index, follow, max-snippet:-1, max-image-preview:large, max-video-preview:-1\" \/>\n<link rel=\"canonical\" href=\"https:\/\/www.navarroaubanell.com\/ca\/producte\/taula-calamba-navarroaubanell\/\" \/>\n<meta property=\"og:locale\" content=\"ca_ES\" \/>\n<meta property=\"og:type\" content=\"article\" \/>\n<meta property=\"og:title\" content=\"Taula Calamba - Navarro Aubanell\" \/>\n<meta property=\"og:description\" content=\"Taula Calamba: estilo colonial moderno, vers\u00e1til para interiores y exteriores, con estructura de aluminio y tableros personalizables en varios tama\u00f1os.\" \/>\n<meta property=\"og:url\" content=\"https:\/\/www.navarroaubanell.com\/ca\/producte\/taula-calamba-navarroaubanell\/\" \/>\n<meta property=\"og:site_name\" content=\"Navarro Aubanell\" \/>\n<meta property=\"article:modified_time\" content=\"2024-09-26T10:31:12+00:00\" \/>\n<meta property=\"og:image\" content=\"https:\/\/www.navarroaubanell.com\/wp-content\/uploads\/2024\/09\/BAMBU-SICILIA.jpg\" \/>\n\t<meta property=\"og:image:width\" content=\"800\" \/>\n\t<meta property=\"og:image:height\" content=\"650\" \/>\n\t<meta property=\"og:image:type\" content=\"image\/jpeg\" \/>\n<meta name=\"twitter:label1\" content=\"Est. reading time\" \/>\n\t<meta name=\"twitter:data1\" content=\"2 minutes\" \/>\n<script type=\"application\/ld+json\" class=\"yoast-schema-graph\">{\"@context\":\"https:\/\/schema.org\",\"@graph\":[{\"@type\":\"WebPage\",\"@id\":\"https:\/\/www.navarroaubanell.com\/ca\/producte\/taula-calamba-navarroaubanell\/\",\"url\":\"https:\/\/www.navarroaubanell.com\/ca\/producte\/taula-calamba-navarroaubanell\/\",\"name\":\"Taula Calamba - Navarro Aubanell\",\"isPartOf\":{\"@id\":\"https:\/\/www.navarroaubanell.com\/ca\/#website\"},\"primaryImageOfPage\":{\"@id\":\"https:\/\/www.navarroaubanell.com\/ca\/producte\/taula-calamba-navarroaubanell\/#primaryimage\"},\"image\":{\"@id\":\"https:\/\/www.navarroaubanell.com\/ca\/producte\/taula-calamba-navarroaubanell\/#primaryimage\"},\"thumbnailUrl\":\"https:\/\/www.navarroaubanell.com\/wp-content\/uploads\/2024\/09\/BAMBU-SICILIA.jpg\",\"datePublished\":\"2024-09-26T10:21:58+00:00\",\"dateModified\":\"2024-09-26T10:31:12+00:00\",\"description\":\"Taula Calamba: estilo colonial moderno, vers\u00e1til para interiores y exteriores, con estructura de aluminio y tableros personalizables en varios tama\u00f1os.\",\"breadcrumb\":{\"@id\":\"https:\/\/www.navarroaubanell.com\/ca\/producte\/taula-calamba-navarroaubanell\/#breadcrumb\"},\"inLanguage\":\"ca\",\"potentialAction\":[{\"@type\":\"ReadAction\",\"target\":[\"https:\/\/www.navarroaubanell.com\/ca\/producte\/taula-calamba-navarroaubanell\/\"]}]},{\"@type\":\"ImageObject\",\"inLanguage\":\"ca\",\"@id\":\"https:\/\/www.navarroaubanell.com\/ca\/producte\/taula-calamba-navarroaubanell\/#primaryimage\",\"url\":\"https:\/\/www.navarroaubanell.com\/wp-content\/uploads\/2024\/09\/BAMBU-SICILIA.jpg\",\"contentUrl\":\"https:\/\/www.navarroaubanell.com\/wp-content\/uploads\/2024\/09\/BAMBU-SICILIA.jpg\",\"width\":800,\"height\":650,\"caption\":\"Taula Calamba con estructura deco bamb\u00fa y sobre Sicilia\"},{\"@type\":\"BreadcrumbList\",\"@id\":\"https:\/\/www.navarroaubanell.com\/ca\/producte\/taula-calamba-navarroaubanell\/#breadcrumb\",\"itemListElement\":[{\"@type\":\"ListItem\",\"position\":1,\"name\":\"Portada\",\"item\":\"https:\/\/www.navarroaubanell.com\/ca\/\"},{\"@type\":\"ListItem\",\"position\":2,\"name\":\"Productes\",\"item\":\"https:\/\/www.navarroaubanell.com\/productos\/\"},{\"@type\":\"ListItem\",\"position\":3,\"name\":\"Taula Calamba\"}]},{\"@type\":\"WebSite\",\"@id\":\"https:\/\/www.navarroaubanell.com\/ca\/#website\",\"url\":\"https:\/\/www.navarroaubanell.com\/ca\/\",\"name\":\"Navarro Aubanell\",\"description\":\"Mobiliario para hoteler\u00eda, colectividades y oficinas\",\"publisher\":{\"@id\":\"https:\/\/www.navarroaubanell.com\/ca\/#organization\"},\"potentialAction\":[{\"@type\":\"SearchAction\",\"target\":{\"@type\":\"EntryPoint\",\"urlTemplate\":\"https:\/\/www.navarroaubanell.com\/ca\/?s={search_term_string}\"},\"query-input\":{\"@type\":\"PropertyValueSpecification\",\"valueRequired\":true,\"valueName\":\"search_term_string\"}}],\"inLanguage\":\"ca\"},{\"@type\":\"Organization\",\"@id\":\"https:\/\/www.navarroaubanell.com\/ca\/#organization\",\"name\":\"COMERCIAL NAVARRO AUBANELL, S.A\",\"url\":\"https:\/\/www.navarroaubanell.com\/ca\/\",\"logo\":{\"@type\":\"ImageObject\",\"inLanguage\":\"ca\",\"@id\":\"https:\/\/www.navarroaubanell.com\/ca\/#\/schema\/logo\/image\/\",\"url\":\"https:\/\/www.navarroaubanell.com\/wp-content\/uploads\/2017\/07\/logo-navarro-aubuanell.png\",\"contentUrl\":\"https:\/\/www.navarroaubanell.com\/wp-content\/uploads\/2017\/07\/logo-navarro-aubuanell.png\",\"width\":6304,\"height\":1154,\"caption\":\"COMERCIAL NAVARRO AUBANELL, S.A\"},\"image\":{\"@id\":\"https:\/\/www.navarroaubanell.com\/ca\/#\/schema\/logo\/image\/\"}}]}<\/script>\n<!-- \/ Yoast SEO plugin. -->","yoast_head_json":{"title":"Taula Calamba - Navarro Aubanell","description":"Taula Calamba: estilo colonial moderno, vers\u00e1til para interiores y exteriores, con estructura de aluminio y tableros personalizables en varios tama\u00f1os.","robots":{"index":"index","follow":"follow","max-snippet":"max-snippet:-1","max-image-preview":"max-image-preview:large","max-video-preview":"max-video-preview:-1"},"canonical":"https:\/\/www.navarroaubanell.com\/ca\/producte\/taula-calamba-navarroaubanell\/","og_locale":"ca_ES","og_type":"article","og_title":"Taula Calamba - Navarro Aubanell","og_description":"Taula Calamba: estilo colonial moderno, vers\u00e1til para interiores y exteriores, con estructura de aluminio y tableros personalizables en varios tama\u00f1os.","og_url":"https:\/\/www.navarroaubanell.com\/ca\/producte\/taula-calamba-navarroaubanell\/","og_site_name":"Navarro Aubanell","article_modified_time":"2024-09-26T10:31:12+00:00","og_image":[{"width":800,"height":650,"url":"https:\/\/www.navarroaubanell.com\/wp-content\/uploads\/2024\/09\/BAMBU-SICILIA.jpg","type":"image\/jpeg"}],"twitter_misc":{"Est. reading time":"2 minutes"},"schema":{"@context":"https:\/\/schema.org","@graph":[{"@type":"WebPage","@id":"https:\/\/www.navarroaubanell.com\/ca\/producte\/taula-calamba-navarroaubanell\/","url":"https:\/\/www.navarroaubanell.com\/ca\/producte\/taula-calamba-navarroaubanell\/","name":"Taula Calamba - Navarro Aubanell","isPartOf":{"@id":"https:\/\/www.navarroaubanell.com\/ca\/#website"},"primaryImageOfPage":{"@id":"https:\/\/www.navarroaubanell.com\/ca\/producte\/taula-calamba-navarroaubanell\/#primaryimage"},"image":{"@id":"https:\/\/www.navarroaubanell.com\/ca\/producte\/taula-calamba-navarroaubanell\/#primaryimage"},"thumbnailUrl":"https:\/\/www.navarroaubanell.com\/wp-content\/uploads\/2024\/09\/BAMBU-SICILIA.jpg","datePublished":"2024-09-26T10:21:58+00:00","dateModified":"2024-09-26T10:31:12+00:00","description":"Taula Calamba: estilo colonial moderno, vers\u00e1til para interiores y exteriores, con estructura de aluminio y tableros personalizables en varios tama\u00f1os.","breadcrumb":{"@id":"https:\/\/www.navarroaubanell.com\/ca\/producte\/taula-calamba-navarroaubanell\/#breadcrumb"},"inLanguage":"ca","potentialAction":[{"@type":"ReadAction","target":["https:\/\/www.navarroaubanell.com\/ca\/producte\/taula-calamba-navarroaubanell\/"]}]},{"@type":"ImageObject","inLanguage":"ca","@id":"https:\/\/www.navarroaubanell.com\/ca\/producte\/taula-calamba-navarroaubanell\/#primaryimage","url":"https:\/\/www.navarroaubanell.com\/wp-content\/uploads\/2024\/09\/BAMBU-SICILIA.jpg","contentUrl":"https:\/\/www.navarroaubanell.com\/wp-content\/uploads\/2024\/09\/BAMBU-SICILIA.jpg","width":800,"height":650,"caption":"Taula Calamba con estructura deco bamb\u00fa y sobre Sicilia"},{"@type":"BreadcrumbList","@id":"https:\/\/www.navarroaubanell.com\/ca\/producte\/taula-calamba-navarroaubanell\/#breadcrumb","itemListElement":[{"@type":"ListItem","position":1,"name":"Portada","item":"https:\/\/www.navarroaubanell.com\/ca\/"},{"@type":"ListItem","position":2,"name":"Productes","item":"https:\/\/www.navarroaubanell.com\/productos\/"},{"@type":"ListItem","position":3,"name":"Taula Calamba"}]},{"@type":"WebSite","@id":"https:\/\/www.navarroaubanell.com\/ca\/#website","url":"https:\/\/www.navarroaubanell.com\/ca\/","name":"Navarro Aubanell","description":"Mobiliario para hoteler\u00eda, colectividades y oficinas","publisher":{"@id":"https:\/\/www.navarroaubanell.com\/ca\/#organization"},"potentialAction":[{"@type":"SearchAction","target":{"@type":"EntryPoint","urlTemplate":"https:\/\/www.navarroaubanell.com\/ca\/?s={search_term_string}"},"query-input":{"@type":"PropertyValueSpecification","valueRequired":true,"valueName":"search_term_string"}}],"inLanguage":"ca"},{"@type":"Organization","@id":"https:\/\/www.navarroaubanell.com\/ca\/#organization","name":"COMERCIAL NAVARRO AUBANELL, S.A","url":"https:\/\/www.navarroaubanell.com\/ca\/","logo":{"@type":"ImageObject","inLanguage":"ca","@id":"https:\/\/www.navarroaubanell.com\/ca\/#\/schema\/logo\/image\/","url":"https:\/\/www.navarroaubanell.com\/wp-content\/uploads\/2017\/07\/logo-navarro-aubuanell.png","contentUrl":"https:\/\/www.navarroaubanell.com\/wp-content\/uploads\/2017\/07\/logo-navarro-aubuanell.png","width":6304,"height":1154,"caption":"COMERCIAL NAVARRO AUBANELL, S.A"},"image":{"@id":"https:\/\/www.navarroaubanell.com\/ca\/#\/schema\/logo\/image\/"}}]}},"_links":{"self":[{"href":"https:\/\/www.navarroaubanell.com\/ca\/wp-json\/wp\/v2\/product\/38913","targetHints":{"allow":["GET"]}}],"collection":[{"href":"https:\/\/www.navarroaubanell.com\/ca\/wp-json\/wp\/v2\/product"}],"about":[{"href":"https:\/\/www.navarroaubanell.com\/ca\/wp-json\/wp\/v2\/types\/product"}],"wp:featuredmedia":[{"embeddable":true,"href":"https:\/\/www.navarroaubanell.com\/ca\/wp-json\/wp\/v2\/media\/38903"}],"wp:attachment":[{"href":"https:\/\/www.navarroaubanell.com\/ca\/wp-json\/wp\/v2\/media?parent=38913"}],"wp:term":[{"taxonomy":"product_brand","embeddable":true,"href":"https:\/\/www.navarroaubanell.com\/ca\/wp-json\/wp\/v2\/product_brand?post=38913"},{"taxonomy":"product_cat","embeddable":true,"href":"https:\/\/www.navarroaubanell.com\/ca\/wp-json\/wp\/v2\/product_cat?post=38913"},{"taxonomy":"product_tag","embeddable":true,"href":"https:\/\/www.navarroaubanell.com\/ca\/wp-json\/wp\/v2\/product_tag?post=38913"}],"curies":[{"name":"wp","href":"https:\/\/api.w.org\/{rel}","templated":true}]}}

<h5>Taula Calamba: Estil Colonial amb Tocs de Modernitat</h5>
<p>La taula Calamba combina l&#8217;encant de l&#8217;estil colonial amb la modernitat dels seus sobres, aconseguint una peça que s&#8217;adapta a qualsevol entorn. El seu disseny versàtil la converteix en l&#8217;elecció perfecta tant per a interiors com exteriors. És ideal per a terrasses de restaurants, jardins o fins i tot sales d&#8217;estar amb un toc rústic modern.</p>
<h6>Estructura</h6>
<div class="traductor-textarea form-group">
<div class="textarea-desti col-xs-12 col-sm-6">
<div class="form-control second-textarea">Amb una altura de 75 cm, la taula Calamba compta amb una base de 4 potes, unides per travessers corbats que aporten una subtil elegància. L&#8217;estructura d&#8217;alumini pintat està disponible en dos colors: deco bambú o deco noguera. Aquests colors s&#8217;integren fàcilment en qualsevol disseny decoratiu, des d&#8217;ambients rústics fins a espais contemporanis.</div>
</div>
</div>
<h6>Varietat de Taulers i Mesures</h6>
<div class="traductor-textarea form-group">
<div class="textarea-desti col-xs-12 col-sm-6">
<div class="form-control second-textarea">Calamba és pot personalitzar amb taulers de diferents formis i grandàries: taulers rodons (70Ø i 80Ø) i quadrats (70&#215;70 i 80&#215;80). Els sobres estan disponibles en Werzalit o Compact, materials que asseguren resistència i durabilitat, perfectes per a resistir l&#8217;ús en exteriors o en interiors concorreguts.</div>
</div>
</div>
<h6>Durabilitat i Protecció</h6>
<div class="traductor-textarea form-group">
<div class="textarea-desti col-xs-12 col-sm-6">
<div class="form-control second-textarea">Cada taula Calamba ve equipada amb tacs protectors, dissenyats per a preservar tant el terra com la integritat de la taula, garantint la seva durabilitat i mantenint el seu estil intacte al llarg del temps.</div>
</div>
</div>

<p>Taula Calamba: Estil Colonial amb Tocs de Modernitat La taula Calamba combina l&#8217;encant de l&#8217;estil colonial amb la modernitat dels seus sobres, aconseguint una peça que s&#8217;adapta a qualsevol entorn. El seu disseny versàtil la converteix en l&#8217;elecció perfecta tant per a interiors com exteriors. És ideal per a terrasses de restaurants, jardins o fins&hellip;</p>

<!-- This site is optimized with the Yoast SEO plugin v27.0 - https://yoast.com/product/yoast-seo-wordpress/ -->
<title>Taula Calamba - Navarro Aubanell</title>
<meta name="description" content="Taula Calamba: estilo colonial moderno, versátil para interiores y exteriores, con estructura de aluminio y tableros personalizables en varios tamaños." />
<meta name="robots" content="index, follow, max-snippet:-1, max-image-preview:large, max-video-preview:-1" />
<link rel="canonical" href="https://www.navarroaubanell.com/ca/producte/taula-calamba-navarroaubanell/" />
<meta property="og:locale" content="ca_ES" />
<meta property="og:type" content="article" />
<meta property="og:title" content="Taula Calamba - Navarro Aubanell" />
<meta property="og:description" content="Taula Calamba: estilo colonial moderno, versátil para interiores y exteriores, con estructura de aluminio y tableros personalizables en varios tamaños." />
<meta property="og:url" content="https://www.navarroaubanell.com/ca/producte/taula-calamba-navarroaubanell/" />
<meta property="og:site_name" content="Navarro Aubanell" />
<meta property="article:modified_time" content="2024-09-26T10:31:12+00:00" />
<meta property="og:image" content="https://www.navarroaubanell.com/wp-content/uploads/2024/09/BAMBU-SICILIA.jpg" />
	<meta property="og:image:width" content="800" />
	<meta property="og:image:height" content="650" />
	<meta property="og:image:type" content="image/jpeg" />
<meta name="twitter:label1" content="Est. reading time" />
	<meta name="twitter:data1" content="2 minutes" />
<script type="application/ld+json" class="yoast-schema-graph">{"@context":"https://schema.org","@graph":[{"@type":"WebPage","@id":"https://www.navarroaubanell.com/ca/producte/taula-calamba-navarroaubanell/","url":"https://www.navarroaubanell.com/ca/producte/taula-calamba-navarroaubanell/","name":"Taula Calamba - Navarro Aubanell","isPartOf":{"@id":"https://www.navarroaubanell.com/ca/#website"},"primaryImageOfPage":{"@id":"https://www.navarroaubanell.com/ca/producte/taula-calamba-navarroaubanell/#primaryimage"},"image":{"@id":"https://www.navarroaubanell.com/ca/producte/taula-calamba-navarroaubanell/#primaryimage"},"thumbnailUrl":"https://www.navarroaubanell.com/wp-content/uploads/2024/09/BAMBU-SICILIA.jpg","datePublished":"2024-09-26T10:21:58+00:00","dateModified":"2024-09-26T10:31:12+00:00","description":"Taula Calamba: estilo colonial moderno, versátil para interiores y exteriores, con estructura de aluminio y tableros personalizables en varios tamaños.","breadcrumb":{"@id":"https://www.navarroaubanell.com/ca/producte/taula-calamba-navarroaubanell/#breadcrumb"},"inLanguage":"ca","potentialAction":[{"@type":"ReadAction","target":["https://www.navarroaubanell.com/ca/producte/taula-calamba-navarroaubanell/"]}]},{"@type":"ImageObject","inLanguage":"ca","@id":"https://www.navarroaubanell.com/ca/producte/taula-calamba-navarroaubanell/#primaryimage","url":"https://www.navarroaubanell.com/wp-content/uploads/2024/09/BAMBU-SICILIA.jpg","contentUrl":"https://www.navarroaubanell.com/wp-content/uploads/2024/09/BAMBU-SICILIA.jpg","width":800,"height":650,"caption":"Taula Calamba con estructura deco bambú y sobre Sicilia"},{"@type":"BreadcrumbList","@id":"https://www.navarroaubanell.com/ca/producte/taula-calamba-navarroaubanell/#breadcrumb","itemListElement":[{"@type":"ListItem","position":1,"name":"Portada","item":"https://www.navarroaubanell.com/ca/"},{"@type":"ListItem","position":2,"name":"Productes","item":"https://www.navarroaubanell.com/productos/"},{"@type":"ListItem","position":3,"name":"Taula Calamba"}]},{"@type":"WebSite","@id":"https://www.navarroaubanell.com/ca/#website","url":"https://www.navarroaubanell.com/ca/","name":"Navarro Aubanell","description":"Mobiliario para hotelería, colectividades y oficinas","publisher":{"@id":"https://www.navarroaubanell.com/ca/#organization"},"potentialAction":[{"@type":"SearchAction","target":{"@type":"EntryPoint","urlTemplate":"https://www.navarroaubanell.com/ca/?s={search_term_string}"},"query-input":{"@type":"PropertyValueSpecification","valueRequired":true,"valueName":"search_term_string"}}],"inLanguage":"ca"},{"@type":"Organization","@id":"https://www.navarroaubanell.com/ca/#organization","name":"COMERCIAL NAVARRO AUBANELL, S.A","url":"https://www.navarroaubanell.com/ca/","logo":{"@type":"ImageObject","inLanguage":"ca","@id":"https://www.navarroaubanell.com/ca/#/schema/logo/image/","url":"https://www.navarroaubanell.com/wp-content/uploads/2017/07/logo-navarro-aubuanell.png","contentUrl":"https://www.navarroaubanell.com/wp-content/uploads/2017/07/logo-navarro-aubuanell.png","width":6304,"height":1154,"caption":"COMERCIAL NAVARRO AUBANELL, S.A"},"image":{"@id":"https://www.navarroaubanell.com/ca/#/schema/logo/image/"}}]}</script>
<!-- / Yoast SEO plugin. -->

Taula Calamba: estilo colonial moderno, versátil para interiores y exteriores, con estructura de aluminio y tableros personalizables en varios tamaños.

Taula Calamba con estructura deco bambú y sobre Sicilia

Mobiliario para hotelería, colectividades y oficinas
