{"id":33353,"date":"2024-06-27T12:50:50","date_gmt":"2024-06-27T10:57:23","guid":{"rendered":"https:\/\/www.navarroaubanell.com\/?post_type=product&#038;p=33353"},"modified":"2024-10-01T10:44:09","modified_gmt":"2024-10-01T08:44:09","slug":"base-per-a-para-sol","status":"publish","type":"product","link":"https:\/\/www.navarroaubanell.com\/ca\/producte\/base-per-a-para-sol\/","title":{"rendered":"Base per a para-sol"},"content":{"rendered":"<p><strong>Base per a para-sol<\/strong> de formig\u00f3 de 40 kg d&#8217;alta resist\u00e8ncia.<\/p>\n<p>Suport per a pal d&#8217;acer i pintat al forn.<\/p>\n<p>Admeteix diferents di\u00e0metres de pal de para-sol: entre 25mm i 45mm.<\/p>\n<p>&nbsp;<\/p>\n","protected":false},"excerpt":{"rendered":"<p>Base per a para-sol de formig\u00f3 de 40 kg d&#8217;alta resist\u00e8ncia. Suport per a pal d&#8217;acer i pintat al forn. Admeteix diferents di\u00e0metres de pal de para-sol: entre 25mm i 45mm. &nbsp;<\/p>\n","protected":false},"featured_media":33352,"template":"","meta":{"_acf_changed":false},"product_brand":[],"product_cat":[570],"product_tag":[],"class_list":{"0":"post-33353","1":"product","2":"type-product","3":"status-publish","4":"has-post-thumbnail","6":"product_cat-peus-parasol","7":"description-off","9":"first","10":"instock","11":"shipping-taxable","12":"product-type-simple"},"acf":[],"yoast_head":"<!-- This site is optimized with the Yoast SEO plugin v27.0 - https:\/\/yoast.com\/product\/yoast-seo-wordpress\/ -->\n<title>Base per a para-sol - Navarro Aubanell<\/title>\n<meta name=\"description\" content=\"Base per a para-sol: fabricat amb formig\u00f3 de 40kg d&#039;alta resist\u00e8ncia, di\u00e0metres de pal entre 25 i 45mm, ideal per al para-sol Ocean\" \/>\n<meta name=\"robots\" content=\"index, follow, max-snippet:-1, max-image-preview:large, max-video-preview:-1\" \/>\n<link rel=\"canonical\" href=\"https:\/\/www.navarroaubanell.com\/ca\/producte\/base-per-a-para-sol\/\" \/>\n<meta property=\"og:locale\" content=\"ca_ES\" \/>\n<meta property=\"og:type\" content=\"article\" \/>\n<meta property=\"og:title\" content=\"Base per a para-sol - Navarro Aubanell\" \/>\n<meta property=\"og:description\" content=\"Base per a para-sol: fabricat amb formig\u00f3 de 40kg d&#039;alta resist\u00e8ncia, di\u00e0metres de pal entre 25 i 45mm, ideal per al para-sol Ocean\" \/>\n<meta property=\"og:url\" content=\"https:\/\/www.navarroaubanell.com\/ca\/producte\/base-per-a-para-sol\/\" \/>\n<meta property=\"og:site_name\" content=\"Navarro Aubanell\" \/>\n<meta property=\"article:modified_time\" content=\"2024-10-01T08:44:09+00:00\" \/>\n<meta property=\"og:image\" content=\"https:\/\/www.navarroaubanell.com\/wp-content\/uploads\/2024\/06\/base-hormigon-parasol.jpg\" \/>\n\t<meta property=\"og:image:width\" content=\"800\" \/>\n\t<meta property=\"og:image:height\" content=\"650\" \/>\n\t<meta property=\"og:image:type\" content=\"image\/jpeg\" \/>\n<meta name=\"twitter:label1\" content=\"Est. reading time\" \/>\n\t<meta name=\"twitter:data1\" content=\"1 minute\" \/>\n<script type=\"application\/ld+json\" class=\"yoast-schema-graph\">{\"@context\":\"https:\/\/schema.org\",\"@graph\":[{\"@type\":\"WebPage\",\"@id\":\"https:\/\/www.navarroaubanell.com\/ca\/producte\/base-per-a-para-sol\/\",\"url\":\"https:\/\/www.navarroaubanell.com\/ca\/producte\/base-per-a-para-sol\/\",\"name\":\"Base per a para-sol - Navarro Aubanell\",\"isPartOf\":{\"@id\":\"https:\/\/www.navarroaubanell.com\/ca\/#website\"},\"primaryImageOfPage\":{\"@id\":\"https:\/\/www.navarroaubanell.com\/ca\/producte\/base-per-a-para-sol\/#primaryimage\"},\"image\":{\"@id\":\"https:\/\/www.navarroaubanell.com\/ca\/producte\/base-per-a-para-sol\/#primaryimage\"},\"thumbnailUrl\":\"https:\/\/www.navarroaubanell.com\/wp-content\/uploads\/2024\/06\/base-hormigon-parasol.jpg\",\"datePublished\":\"2024-06-27T10:57:23+00:00\",\"dateModified\":\"2024-10-01T08:44:09+00:00\",\"description\":\"Base per a para-sol: fabricat amb formig\u00f3 de 40kg d'alta resist\u00e8ncia, di\u00e0metres de pal entre 25 i 45mm, ideal per al para-sol Ocean\",\"breadcrumb\":{\"@id\":\"https:\/\/www.navarroaubanell.com\/ca\/producte\/base-per-a-para-sol\/#breadcrumb\"},\"inLanguage\":\"ca\",\"potentialAction\":[{\"@type\":\"ReadAction\",\"target\":[\"https:\/\/www.navarroaubanell.com\/ca\/producte\/base-per-a-para-sol\/\"]}]},{\"@type\":\"ImageObject\",\"inLanguage\":\"ca\",\"@id\":\"https:\/\/www.navarroaubanell.com\/ca\/producte\/base-per-a-para-sol\/#primaryimage\",\"url\":\"https:\/\/www.navarroaubanell.com\/wp-content\/uploads\/2024\/06\/base-hormigon-parasol.jpg\",\"contentUrl\":\"https:\/\/www.navarroaubanell.com\/wp-content\/uploads\/2024\/06\/base-hormigon-parasol.jpg\",\"width\":800,\"height\":650,\"caption\":\"Base de formig\u00f3 per a para-sol\"},{\"@type\":\"BreadcrumbList\",\"@id\":\"https:\/\/www.navarroaubanell.com\/ca\/producte\/base-per-a-para-sol\/#breadcrumb\",\"itemListElement\":[{\"@type\":\"ListItem\",\"position\":1,\"name\":\"Portada\",\"item\":\"https:\/\/www.navarroaubanell.com\/ca\/\"},{\"@type\":\"ListItem\",\"position\":2,\"name\":\"Productes\",\"item\":\"https:\/\/www.navarroaubanell.com\/productos\/\"},{\"@type\":\"ListItem\",\"position\":3,\"name\":\"Base per a para-sol\"}]},{\"@type\":\"WebSite\",\"@id\":\"https:\/\/www.navarroaubanell.com\/ca\/#website\",\"url\":\"https:\/\/www.navarroaubanell.com\/ca\/\",\"name\":\"Navarro Aubanell\",\"description\":\"Mobiliario para hoteler\u00eda, colectividades y oficinas\",\"publisher\":{\"@id\":\"https:\/\/www.navarroaubanell.com\/ca\/#organization\"},\"potentialAction\":[{\"@type\":\"SearchAction\",\"target\":{\"@type\":\"EntryPoint\",\"urlTemplate\":\"https:\/\/www.navarroaubanell.com\/ca\/?s={search_term_string}\"},\"query-input\":{\"@type\":\"PropertyValueSpecification\",\"valueRequired\":true,\"valueName\":\"search_term_string\"}}],\"inLanguage\":\"ca\"},{\"@type\":\"Organization\",\"@id\":\"https:\/\/www.navarroaubanell.com\/ca\/#organization\",\"name\":\"COMERCIAL NAVARRO AUBANELL, S.A\",\"url\":\"https:\/\/www.navarroaubanell.com\/ca\/\",\"logo\":{\"@type\":\"ImageObject\",\"inLanguage\":\"ca\",\"@id\":\"https:\/\/www.navarroaubanell.com\/ca\/#\/schema\/logo\/image\/\",\"url\":\"https:\/\/www.navarroaubanell.com\/wp-content\/uploads\/2017\/07\/logo-navarro-aubuanell.png\",\"contentUrl\":\"https:\/\/www.navarroaubanell.com\/wp-content\/uploads\/2017\/07\/logo-navarro-aubuanell.png\",\"width\":6304,\"height\":1154,\"caption\":\"COMERCIAL NAVARRO AUBANELL, S.A\"},\"image\":{\"@id\":\"https:\/\/www.navarroaubanell.com\/ca\/#\/schema\/logo\/image\/\"}}]}<\/script>\n<!-- \/ Yoast SEO plugin. -->","yoast_head_json":{"title":"Base per a para-sol - Navarro Aubanell","description":"Base per a para-sol: fabricat amb formig\u00f3 de 40kg d'alta resist\u00e8ncia, di\u00e0metres de pal entre 25 i 45mm, ideal per al para-sol Ocean","robots":{"index":"index","follow":"follow","max-snippet":"max-snippet:-1","max-image-preview":"max-image-preview:large","max-video-preview":"max-video-preview:-1"},"canonical":"https:\/\/www.navarroaubanell.com\/ca\/producte\/base-per-a-para-sol\/","og_locale":"ca_ES","og_type":"article","og_title":"Base per a para-sol - Navarro Aubanell","og_description":"Base per a para-sol: fabricat amb formig\u00f3 de 40kg d'alta resist\u00e8ncia, di\u00e0metres de pal entre 25 i 45mm, ideal per al para-sol Ocean","og_url":"https:\/\/www.navarroaubanell.com\/ca\/producte\/base-per-a-para-sol\/","og_site_name":"Navarro Aubanell","article_modified_time":"2024-10-01T08:44:09+00:00","og_image":[{"width":800,"height":650,"url":"https:\/\/www.navarroaubanell.com\/wp-content\/uploads\/2024\/06\/base-hormigon-parasol.jpg","type":"image\/jpeg"}],"twitter_misc":{"Est. reading time":"1 minute"},"schema":{"@context":"https:\/\/schema.org","@graph":[{"@type":"WebPage","@id":"https:\/\/www.navarroaubanell.com\/ca\/producte\/base-per-a-para-sol\/","url":"https:\/\/www.navarroaubanell.com\/ca\/producte\/base-per-a-para-sol\/","name":"Base per a para-sol - Navarro Aubanell","isPartOf":{"@id":"https:\/\/www.navarroaubanell.com\/ca\/#website"},"primaryImageOfPage":{"@id":"https:\/\/www.navarroaubanell.com\/ca\/producte\/base-per-a-para-sol\/#primaryimage"},"image":{"@id":"https:\/\/www.navarroaubanell.com\/ca\/producte\/base-per-a-para-sol\/#primaryimage"},"thumbnailUrl":"https:\/\/www.navarroaubanell.com\/wp-content\/uploads\/2024\/06\/base-hormigon-parasol.jpg","datePublished":"2024-06-27T10:57:23+00:00","dateModified":"2024-10-01T08:44:09+00:00","description":"Base per a para-sol: fabricat amb formig\u00f3 de 40kg d'alta resist\u00e8ncia, di\u00e0metres de pal entre 25 i 45mm, ideal per al para-sol Ocean","breadcrumb":{"@id":"https:\/\/www.navarroaubanell.com\/ca\/producte\/base-per-a-para-sol\/#breadcrumb"},"inLanguage":"ca","potentialAction":[{"@type":"ReadAction","target":["https:\/\/www.navarroaubanell.com\/ca\/producte\/base-per-a-para-sol\/"]}]},{"@type":"ImageObject","inLanguage":"ca","@id":"https:\/\/www.navarroaubanell.com\/ca\/producte\/base-per-a-para-sol\/#primaryimage","url":"https:\/\/www.navarroaubanell.com\/wp-content\/uploads\/2024\/06\/base-hormigon-parasol.jpg","contentUrl":"https:\/\/www.navarroaubanell.com\/wp-content\/uploads\/2024\/06\/base-hormigon-parasol.jpg","width":800,"height":650,"caption":"Base de formig\u00f3 per a para-sol"},{"@type":"BreadcrumbList","@id":"https:\/\/www.navarroaubanell.com\/ca\/producte\/base-per-a-para-sol\/#breadcrumb","itemListElement":[{"@type":"ListItem","position":1,"name":"Portada","item":"https:\/\/www.navarroaubanell.com\/ca\/"},{"@type":"ListItem","position":2,"name":"Productes","item":"https:\/\/www.navarroaubanell.com\/productos\/"},{"@type":"ListItem","position":3,"name":"Base per a para-sol"}]},{"@type":"WebSite","@id":"https:\/\/www.navarroaubanell.com\/ca\/#website","url":"https:\/\/www.navarroaubanell.com\/ca\/","name":"Navarro Aubanell","description":"Mobiliario para hoteler\u00eda, colectividades y oficinas","publisher":{"@id":"https:\/\/www.navarroaubanell.com\/ca\/#organization"},"potentialAction":[{"@type":"SearchAction","target":{"@type":"EntryPoint","urlTemplate":"https:\/\/www.navarroaubanell.com\/ca\/?s={search_term_string}"},"query-input":{"@type":"PropertyValueSpecification","valueRequired":true,"valueName":"search_term_string"}}],"inLanguage":"ca"},{"@type":"Organization","@id":"https:\/\/www.navarroaubanell.com\/ca\/#organization","name":"COMERCIAL NAVARRO AUBANELL, S.A","url":"https:\/\/www.navarroaubanell.com\/ca\/","logo":{"@type":"ImageObject","inLanguage":"ca","@id":"https:\/\/www.navarroaubanell.com\/ca\/#\/schema\/logo\/image\/","url":"https:\/\/www.navarroaubanell.com\/wp-content\/uploads\/2017\/07\/logo-navarro-aubuanell.png","contentUrl":"https:\/\/www.navarroaubanell.com\/wp-content\/uploads\/2017\/07\/logo-navarro-aubuanell.png","width":6304,"height":1154,"caption":"COMERCIAL NAVARRO AUBANELL, S.A"},"image":{"@id":"https:\/\/www.navarroaubanell.com\/ca\/#\/schema\/logo\/image\/"}}]}},"_links":{"self":[{"href":"https:\/\/www.navarroaubanell.com\/ca\/wp-json\/wp\/v2\/product\/33353","targetHints":{"allow":["GET"]}}],"collection":[{"href":"https:\/\/www.navarroaubanell.com\/ca\/wp-json\/wp\/v2\/product"}],"about":[{"href":"https:\/\/www.navarroaubanell.com\/ca\/wp-json\/wp\/v2\/types\/product"}],"wp:featuredmedia":[{"embeddable":true,"href":"https:\/\/www.navarroaubanell.com\/ca\/wp-json\/wp\/v2\/media\/33352"}],"wp:attachment":[{"href":"https:\/\/www.navarroaubanell.com\/ca\/wp-json\/wp\/v2\/media?parent=33353"}],"wp:term":[{"taxonomy":"product_brand","embeddable":true,"href":"https:\/\/www.navarroaubanell.com\/ca\/wp-json\/wp\/v2\/product_brand?post=33353"},{"taxonomy":"product_cat","embeddable":true,"href":"https:\/\/www.navarroaubanell.com\/ca\/wp-json\/wp\/v2\/product_cat?post=33353"},{"taxonomy":"product_tag","embeddable":true,"href":"https:\/\/www.navarroaubanell.com\/ca\/wp-json\/wp\/v2\/product_tag?post=33353"}],"curies":[{"name":"wp","href":"https:\/\/api.w.org\/{rel}","templated":true}]}}

<p><strong>Base per a para-sol</strong> de formigó de 40 kg d&#8217;alta resistència.</p>
<p>Suport per a pal d&#8217;acer i pintat al forn.</p>
<p>Admeteix diferents diàmetres de pal de para-sol: entre 25mm i 45mm.</p>
<p>&nbsp;</p>

<p>Base per a para-sol de formigó de 40 kg d&#8217;alta resistència. Suport per a pal d&#8217;acer i pintat al forn. Admeteix diferents diàmetres de pal de para-sol: entre 25mm i 45mm. &nbsp;</p>

<!-- This site is optimized with the Yoast SEO plugin v27.0 - https://yoast.com/product/yoast-seo-wordpress/ -->
<title>Base per a para-sol - Navarro Aubanell</title>
<meta name="description" content="Base per a para-sol: fabricat amb formigó de 40kg d&#039;alta resistència, diàmetres de pal entre 25 i 45mm, ideal per al para-sol Ocean" />
<meta name="robots" content="index, follow, max-snippet:-1, max-image-preview:large, max-video-preview:-1" />
<link rel="canonical" href="https://www.navarroaubanell.com/ca/producte/base-per-a-para-sol/" />
<meta property="og:locale" content="ca_ES" />
<meta property="og:type" content="article" />
<meta property="og:title" content="Base per a para-sol - Navarro Aubanell" />
<meta property="og:description" content="Base per a para-sol: fabricat amb formigó de 40kg d&#039;alta resistència, diàmetres de pal entre 25 i 45mm, ideal per al para-sol Ocean" />
<meta property="og:url" content="https://www.navarroaubanell.com/ca/producte/base-per-a-para-sol/" />
<meta property="og:site_name" content="Navarro Aubanell" />
<meta property="article:modified_time" content="2024-10-01T08:44:09+00:00" />
<meta property="og:image" content="https://www.navarroaubanell.com/wp-content/uploads/2024/06/base-hormigon-parasol.jpg" />
	<meta property="og:image:width" content="800" />
	<meta property="og:image:height" content="650" />
	<meta property="og:image:type" content="image/jpeg" />
<meta name="twitter:label1" content="Est. reading time" />
	<meta name="twitter:data1" content="1 minute" />
<script type="application/ld+json" class="yoast-schema-graph">{"@context":"https://schema.org","@graph":[{"@type":"WebPage","@id":"https://www.navarroaubanell.com/ca/producte/base-per-a-para-sol/","url":"https://www.navarroaubanell.com/ca/producte/base-per-a-para-sol/","name":"Base per a para-sol - Navarro Aubanell","isPartOf":{"@id":"https://www.navarroaubanell.com/ca/#website"},"primaryImageOfPage":{"@id":"https://www.navarroaubanell.com/ca/producte/base-per-a-para-sol/#primaryimage"},"image":{"@id":"https://www.navarroaubanell.com/ca/producte/base-per-a-para-sol/#primaryimage"},"thumbnailUrl":"https://www.navarroaubanell.com/wp-content/uploads/2024/06/base-hormigon-parasol.jpg","datePublished":"2024-06-27T10:57:23+00:00","dateModified":"2024-10-01T08:44:09+00:00","description":"Base per a para-sol: fabricat amb formigó de 40kg d'alta resistència, diàmetres de pal entre 25 i 45mm, ideal per al para-sol Ocean","breadcrumb":{"@id":"https://www.navarroaubanell.com/ca/producte/base-per-a-para-sol/#breadcrumb"},"inLanguage":"ca","potentialAction":[{"@type":"ReadAction","target":["https://www.navarroaubanell.com/ca/producte/base-per-a-para-sol/"]}]},{"@type":"ImageObject","inLanguage":"ca","@id":"https://www.navarroaubanell.com/ca/producte/base-per-a-para-sol/#primaryimage","url":"https://www.navarroaubanell.com/wp-content/uploads/2024/06/base-hormigon-parasol.jpg","contentUrl":"https://www.navarroaubanell.com/wp-content/uploads/2024/06/base-hormigon-parasol.jpg","width":800,"height":650,"caption":"Base de formigó per a para-sol"},{"@type":"BreadcrumbList","@id":"https://www.navarroaubanell.com/ca/producte/base-per-a-para-sol/#breadcrumb","itemListElement":[{"@type":"ListItem","position":1,"name":"Portada","item":"https://www.navarroaubanell.com/ca/"},{"@type":"ListItem","position":2,"name":"Productes","item":"https://www.navarroaubanell.com/productos/"},{"@type":"ListItem","position":3,"name":"Base per a para-sol"}]},{"@type":"WebSite","@id":"https://www.navarroaubanell.com/ca/#website","url":"https://www.navarroaubanell.com/ca/","name":"Navarro Aubanell","description":"Mobiliario para hotelería, colectividades y oficinas","publisher":{"@id":"https://www.navarroaubanell.com/ca/#organization"},"potentialAction":[{"@type":"SearchAction","target":{"@type":"EntryPoint","urlTemplate":"https://www.navarroaubanell.com/ca/?s={search_term_string}"},"query-input":{"@type":"PropertyValueSpecification","valueRequired":true,"valueName":"search_term_string"}}],"inLanguage":"ca"},{"@type":"Organization","@id":"https://www.navarroaubanell.com/ca/#organization","name":"COMERCIAL NAVARRO AUBANELL, S.A","url":"https://www.navarroaubanell.com/ca/","logo":{"@type":"ImageObject","inLanguage":"ca","@id":"https://www.navarroaubanell.com/ca/#/schema/logo/image/","url":"https://www.navarroaubanell.com/wp-content/uploads/2017/07/logo-navarro-aubuanell.png","contentUrl":"https://www.navarroaubanell.com/wp-content/uploads/2017/07/logo-navarro-aubuanell.png","width":6304,"height":1154,"caption":"COMERCIAL NAVARRO AUBANELL, S.A"},"image":{"@id":"https://www.navarroaubanell.com/ca/#/schema/logo/image/"}}]}</script>
<!-- / Yoast SEO plugin. -->

Base per a para-sol: fabricat amb formigó de 40kg d'alta resistència, diàmetres de pal entre 25 i 45mm, ideal per al para-sol Ocean

Base de formigó per a para-sol

Mobiliario para hotelería, colectividades y oficinas
