{"id":33135,"date":"2024-06-25T17:50:47","date_gmt":"2024-06-26T06:13:32","guid":{"rendered":"https:\/\/www.navarroaubanell.com\/?post_type=product&#038;p=33135"},"modified":"2025-07-02T09:05:45","modified_gmt":"2025-07-02T07:05:45","slug":"taula-central-etna","status":"publish","type":"product","link":"https:\/\/www.navarroaubanell.com\/ca\/producte\/taula-central-etna\/","title":{"rendered":"Taula central Etna"},"content":{"rendered":"<p>La <strong>taula central Etna<\/strong>, est\u00e0 fabricada amb una estructura <strong>d&#8217;alumini enduri<\/strong>t, guanyant una gran durabilitat i resist\u00e8ncia sense sacrificar la manejabilitat i l&#8217;est\u00e8tica.<\/p>\n<ul>\n<li>Aquest disseny assegura que pugui suportar l&#8217;\u00fas intensiu i les condicions clim\u00e0tiques adverses, mantenint la seva integritat i la seva aparen\u00e7a al llarg del temps.<\/li>\n<li>El <strong>tauler\u00a0HPL<\/strong> est\u00e0 compost per resina comprimida a alta pressi\u00f3. Aquests materials li afegeixen una capa addicional de robustesa i estil, garantint una superf\u00edcie resistent a\u00a0rayaduras, taques i el desgast diari.<\/li>\n<li>La <strong>taula central Etna<\/strong> \u00e9s el complement perfecte tant per a les<a href=\"https:\/\/www.navarroaubanell.com\/ca\/producte\/cadira-de-bracos-etna-navarroaubanell\/\"> cadires Etna<\/a> com per als <a href=\"https:\/\/www.navarroaubanell.com\/ca\/producte\/set-de-sofas-etnaballiu-navarroaubanell\/\">sof\u00e0s<\/a>, creant un conjunt harmoni\u00f3s que resulta ideal per l&#8217;exterior. Sigui en una terrassa, jard\u00ed o pati, aquesta taula proporciona un punt central elegant i pr\u00e0ctic per a reunions a l&#8217;aire lliure o moments de relax.<\/li>\n<\/ul>\n<p>A m\u00e9s, s&#8217;adapta a diferents estils i necessitats, gr\u00e0cies a la seva disponibilitat en una <strong>varietat de color<\/strong>s i acabats de taulers\u00a0HPL. Aquesta versatilitat permet personalitzar l&#8217;espai segons les prefer\u00e8ncies individuals, assegurant que la taula s&#8217;integri perfectament en qualsevol ambient.<\/p>\n<p>Oferint una combinaci\u00f3 inigualable de funcionalitat i est\u00e8tica, Etna afegeix sofisticaci\u00f3 i modernitat amb el seu disseny contemporani i la seva construcci\u00f3 d&#8217;alta qualitat.<\/p>\n<p>&nbsp;<\/p>\n","protected":false},"excerpt":{"rendered":"<p>La taula central Etna, est\u00e0 fabricada amb una estructura d&#8217;alumini endurit, guanyant una gran durabilitat i resist\u00e8ncia sense sacrificar la manejabilitat i l&#8217;est\u00e8tica. Aquest disseny assegura que pugui suportar l&#8217;\u00fas intensiu i les condicions clim\u00e0tiques adverses, mantenint la seva integritat i la seva aparen\u00e7a al llarg del temps. El tauler\u00a0HPL est\u00e0 compost per resina comprimida&hellip;<\/p>\n","protected":false},"featured_media":40002,"template":"","meta":{"_acf_changed":false},"product_brand":[],"product_cat":[567],"product_tag":[593,617,638,640,720],"class_list":{"0":"post-33135","1":"product","2":"type-product","3":"status-publish","4":"has-post-thumbnail","6":"product_cat-taules-exterior","7":"product_tag-balliu-ca","8":"product_tag-conjunt","9":"product_tag-etna-ca","10":"product_tag-exterior-ca","11":"product_tag-outdoor-ca","12":"description-off","14":"first","15":"instock","16":"shipping-taxable","17":"product-type-simple"},"acf":[],"yoast_head":"<!-- This site is optimized with the Yoast SEO plugin v27.0 - https:\/\/yoast.com\/product\/yoast-seo-wordpress\/ -->\n<title>Taula central Etna, Balliu- Navarro Aubanell<\/title>\n<meta name=\"description\" content=\"Taula central Etna: lleugera, duradora i elegant, amb estructura d&#039;alumini i tauler HPL. Ideal per a exteriors, complementa cadires i sof\u00e0s Etna.\" \/>\n<meta name=\"robots\" content=\"index, follow, max-snippet:-1, max-image-preview:large, max-video-preview:-1\" \/>\n<link rel=\"canonical\" href=\"https:\/\/www.navarroaubanell.com\/ca\/producte\/taula-central-etna\/\" \/>\n<meta property=\"og:locale\" content=\"ca_ES\" \/>\n<meta property=\"og:type\" content=\"article\" \/>\n<meta property=\"og:title\" content=\"Taula central Etna, Balliu- Navarro Aubanell\" \/>\n<meta property=\"og:description\" content=\"Taula central Etna: lleugera, duradora i elegant, amb estructura d&#039;alumini i tauler HPL. Ideal per a exteriors, complementa cadires i sof\u00e0s Etna.\" \/>\n<meta property=\"og:url\" content=\"https:\/\/www.navarroaubanell.com\/ca\/producte\/taula-central-etna\/\" \/>\n<meta property=\"og:site_name\" content=\"Navarro Aubanell\" \/>\n<meta property=\"article:modified_time\" content=\"2025-07-02T07:05:45+00:00\" \/>\n<meta property=\"og:image\" content=\"https:\/\/www.navarroaubanell.com\/wp-content\/uploads\/2024\/06\/mesa-etna.jpg\" \/>\n\t<meta property=\"og:image:width\" content=\"800\" \/>\n\t<meta property=\"og:image:height\" content=\"650\" \/>\n\t<meta property=\"og:image:type\" content=\"image\/jpeg\" \/>\n<meta name=\"twitter:label1\" content=\"Est. reading time\" \/>\n\t<meta name=\"twitter:data1\" content=\"2 minutes\" \/>\n<script type=\"application\/ld+json\" class=\"yoast-schema-graph\">{\"@context\":\"https:\/\/schema.org\",\"@graph\":[{\"@type\":\"WebPage\",\"@id\":\"https:\/\/www.navarroaubanell.com\/ca\/producte\/taula-central-etna\/\",\"url\":\"https:\/\/www.navarroaubanell.com\/ca\/producte\/taula-central-etna\/\",\"name\":\"Taula central Etna, Balliu- Navarro Aubanell\",\"isPartOf\":{\"@id\":\"https:\/\/www.navarroaubanell.com\/ca\/#website\"},\"primaryImageOfPage\":{\"@id\":\"https:\/\/www.navarroaubanell.com\/ca\/producte\/taula-central-etna\/#primaryimage\"},\"image\":{\"@id\":\"https:\/\/www.navarroaubanell.com\/ca\/producte\/taula-central-etna\/#primaryimage\"},\"thumbnailUrl\":\"https:\/\/www.navarroaubanell.com\/wp-content\/uploads\/2024\/06\/mesa-etna.jpg\",\"datePublished\":\"2024-06-26T06:13:32+00:00\",\"dateModified\":\"2025-07-02T07:05:45+00:00\",\"description\":\"Taula central Etna: lleugera, duradora i elegant, amb estructura d'alumini i tauler HPL. Ideal per a exteriors, complementa cadires i sof\u00e0s Etna.\",\"breadcrumb\":{\"@id\":\"https:\/\/www.navarroaubanell.com\/ca\/producte\/taula-central-etna\/#breadcrumb\"},\"inLanguage\":\"ca\",\"potentialAction\":[{\"@type\":\"ReadAction\",\"target\":[\"https:\/\/www.navarroaubanell.com\/ca\/producte\/taula-central-etna\/\"]}]},{\"@type\":\"ImageObject\",\"inLanguage\":\"ca\",\"@id\":\"https:\/\/www.navarroaubanell.com\/ca\/producte\/taula-central-etna\/#primaryimage\",\"url\":\"https:\/\/www.navarroaubanell.com\/wp-content\/uploads\/2024\/06\/mesa-etna.jpg\",\"contentUrl\":\"https:\/\/www.navarroaubanell.com\/wp-content\/uploads\/2024\/06\/mesa-etna.jpg\",\"width\":800,\"height\":650,\"caption\":\"Mesa central Etna\"},{\"@type\":\"BreadcrumbList\",\"@id\":\"https:\/\/www.navarroaubanell.com\/ca\/producte\/taula-central-etna\/#breadcrumb\",\"itemListElement\":[{\"@type\":\"ListItem\",\"position\":1,\"name\":\"Portada\",\"item\":\"https:\/\/www.navarroaubanell.com\/ca\/\"},{\"@type\":\"ListItem\",\"position\":2,\"name\":\"Productes\",\"item\":\"https:\/\/www.navarroaubanell.com\/productos\/\"},{\"@type\":\"ListItem\",\"position\":3,\"name\":\"Taula central Etna\"}]},{\"@type\":\"WebSite\",\"@id\":\"https:\/\/www.navarroaubanell.com\/ca\/#website\",\"url\":\"https:\/\/www.navarroaubanell.com\/ca\/\",\"name\":\"Navarro Aubanell\",\"description\":\"Mobiliario para hoteler\u00eda, colectividades y oficinas\",\"publisher\":{\"@id\":\"https:\/\/www.navarroaubanell.com\/ca\/#organization\"},\"potentialAction\":[{\"@type\":\"SearchAction\",\"target\":{\"@type\":\"EntryPoint\",\"urlTemplate\":\"https:\/\/www.navarroaubanell.com\/ca\/?s={search_term_string}\"},\"query-input\":{\"@type\":\"PropertyValueSpecification\",\"valueRequired\":true,\"valueName\":\"search_term_string\"}}],\"inLanguage\":\"ca\"},{\"@type\":\"Organization\",\"@id\":\"https:\/\/www.navarroaubanell.com\/ca\/#organization\",\"name\":\"COMERCIAL NAVARRO AUBANELL, S.A\",\"url\":\"https:\/\/www.navarroaubanell.com\/ca\/\",\"logo\":{\"@type\":\"ImageObject\",\"inLanguage\":\"ca\",\"@id\":\"https:\/\/www.navarroaubanell.com\/ca\/#\/schema\/logo\/image\/\",\"url\":\"https:\/\/www.navarroaubanell.com\/wp-content\/uploads\/2017\/07\/logo-navarro-aubuanell.png\",\"contentUrl\":\"https:\/\/www.navarroaubanell.com\/wp-content\/uploads\/2017\/07\/logo-navarro-aubuanell.png\",\"width\":6304,\"height\":1154,\"caption\":\"COMERCIAL NAVARRO AUBANELL, S.A\"},\"image\":{\"@id\":\"https:\/\/www.navarroaubanell.com\/ca\/#\/schema\/logo\/image\/\"}}]}<\/script>\n<!-- \/ Yoast SEO plugin. -->","yoast_head_json":{"title":"Taula central Etna, Balliu- Navarro Aubanell","description":"Taula central Etna: lleugera, duradora i elegant, amb estructura d'alumini i tauler HPL. Ideal per a exteriors, complementa cadires i sof\u00e0s Etna.","robots":{"index":"index","follow":"follow","max-snippet":"max-snippet:-1","max-image-preview":"max-image-preview:large","max-video-preview":"max-video-preview:-1"},"canonical":"https:\/\/www.navarroaubanell.com\/ca\/producte\/taula-central-etna\/","og_locale":"ca_ES","og_type":"article","og_title":"Taula central Etna, Balliu- Navarro Aubanell","og_description":"Taula central Etna: lleugera, duradora i elegant, amb estructura d'alumini i tauler HPL. Ideal per a exteriors, complementa cadires i sof\u00e0s Etna.","og_url":"https:\/\/www.navarroaubanell.com\/ca\/producte\/taula-central-etna\/","og_site_name":"Navarro Aubanell","article_modified_time":"2025-07-02T07:05:45+00:00","og_image":[{"width":800,"height":650,"url":"https:\/\/www.navarroaubanell.com\/wp-content\/uploads\/2024\/06\/mesa-etna.jpg","type":"image\/jpeg"}],"twitter_misc":{"Est. reading time":"2 minutes"},"schema":{"@context":"https:\/\/schema.org","@graph":[{"@type":"WebPage","@id":"https:\/\/www.navarroaubanell.com\/ca\/producte\/taula-central-etna\/","url":"https:\/\/www.navarroaubanell.com\/ca\/producte\/taula-central-etna\/","name":"Taula central Etna, Balliu- Navarro Aubanell","isPartOf":{"@id":"https:\/\/www.navarroaubanell.com\/ca\/#website"},"primaryImageOfPage":{"@id":"https:\/\/www.navarroaubanell.com\/ca\/producte\/taula-central-etna\/#primaryimage"},"image":{"@id":"https:\/\/www.navarroaubanell.com\/ca\/producte\/taula-central-etna\/#primaryimage"},"thumbnailUrl":"https:\/\/www.navarroaubanell.com\/wp-content\/uploads\/2024\/06\/mesa-etna.jpg","datePublished":"2024-06-26T06:13:32+00:00","dateModified":"2025-07-02T07:05:45+00:00","description":"Taula central Etna: lleugera, duradora i elegant, amb estructura d'alumini i tauler HPL. Ideal per a exteriors, complementa cadires i sof\u00e0s Etna.","breadcrumb":{"@id":"https:\/\/www.navarroaubanell.com\/ca\/producte\/taula-central-etna\/#breadcrumb"},"inLanguage":"ca","potentialAction":[{"@type":"ReadAction","target":["https:\/\/www.navarroaubanell.com\/ca\/producte\/taula-central-etna\/"]}]},{"@type":"ImageObject","inLanguage":"ca","@id":"https:\/\/www.navarroaubanell.com\/ca\/producte\/taula-central-etna\/#primaryimage","url":"https:\/\/www.navarroaubanell.com\/wp-content\/uploads\/2024\/06\/mesa-etna.jpg","contentUrl":"https:\/\/www.navarroaubanell.com\/wp-content\/uploads\/2024\/06\/mesa-etna.jpg","width":800,"height":650,"caption":"Mesa central Etna"},{"@type":"BreadcrumbList","@id":"https:\/\/www.navarroaubanell.com\/ca\/producte\/taula-central-etna\/#breadcrumb","itemListElement":[{"@type":"ListItem","position":1,"name":"Portada","item":"https:\/\/www.navarroaubanell.com\/ca\/"},{"@type":"ListItem","position":2,"name":"Productes","item":"https:\/\/www.navarroaubanell.com\/productos\/"},{"@type":"ListItem","position":3,"name":"Taula central Etna"}]},{"@type":"WebSite","@id":"https:\/\/www.navarroaubanell.com\/ca\/#website","url":"https:\/\/www.navarroaubanell.com\/ca\/","name":"Navarro Aubanell","description":"Mobiliario para hoteler\u00eda, colectividades y oficinas","publisher":{"@id":"https:\/\/www.navarroaubanell.com\/ca\/#organization"},"potentialAction":[{"@type":"SearchAction","target":{"@type":"EntryPoint","urlTemplate":"https:\/\/www.navarroaubanell.com\/ca\/?s={search_term_string}"},"query-input":{"@type":"PropertyValueSpecification","valueRequired":true,"valueName":"search_term_string"}}],"inLanguage":"ca"},{"@type":"Organization","@id":"https:\/\/www.navarroaubanell.com\/ca\/#organization","name":"COMERCIAL NAVARRO AUBANELL, S.A","url":"https:\/\/www.navarroaubanell.com\/ca\/","logo":{"@type":"ImageObject","inLanguage":"ca","@id":"https:\/\/www.navarroaubanell.com\/ca\/#\/schema\/logo\/image\/","url":"https:\/\/www.navarroaubanell.com\/wp-content\/uploads\/2017\/07\/logo-navarro-aubuanell.png","contentUrl":"https:\/\/www.navarroaubanell.com\/wp-content\/uploads\/2017\/07\/logo-navarro-aubuanell.png","width":6304,"height":1154,"caption":"COMERCIAL NAVARRO AUBANELL, S.A"},"image":{"@id":"https:\/\/www.navarroaubanell.com\/ca\/#\/schema\/logo\/image\/"}}]}},"_links":{"self":[{"href":"https:\/\/www.navarroaubanell.com\/ca\/wp-json\/wp\/v2\/product\/33135","targetHints":{"allow":["GET"]}}],"collection":[{"href":"https:\/\/www.navarroaubanell.com\/ca\/wp-json\/wp\/v2\/product"}],"about":[{"href":"https:\/\/www.navarroaubanell.com\/ca\/wp-json\/wp\/v2\/types\/product"}],"wp:featuredmedia":[{"embeddable":true,"href":"https:\/\/www.navarroaubanell.com\/ca\/wp-json\/wp\/v2\/media\/40002"}],"wp:attachment":[{"href":"https:\/\/www.navarroaubanell.com\/ca\/wp-json\/wp\/v2\/media?parent=33135"}],"wp:term":[{"taxonomy":"product_brand","embeddable":true,"href":"https:\/\/www.navarroaubanell.com\/ca\/wp-json\/wp\/v2\/product_brand?post=33135"},{"taxonomy":"product_cat","embeddable":true,"href":"https:\/\/www.navarroaubanell.com\/ca\/wp-json\/wp\/v2\/product_cat?post=33135"},{"taxonomy":"product_tag","embeddable":true,"href":"https:\/\/www.navarroaubanell.com\/ca\/wp-json\/wp\/v2\/product_tag?post=33135"}],"curies":[{"name":"wp","href":"https:\/\/api.w.org\/{rel}","templated":true}]}}

<p>La <strong>taula central Etna</strong>, està fabricada amb una estructura <strong>d&#8217;alumini enduri</strong>t, guanyant una gran durabilitat i resistència sense sacrificar la manejabilitat i l&#8217;estètica.</p>
<ul>
<li>Aquest disseny assegura que pugui suportar l&#8217;ús intensiu i les condicions climàtiques adverses, mantenint la seva integritat i la seva aparença al llarg del temps.</li>
<li>El <strong>tauler HPL</strong> està compost per resina comprimida a alta pressió. Aquests materials li afegeixen una capa addicional de robustesa i estil, garantint una superfície resistent a rayaduras, taques i el desgast diari.</li>
<li>La <strong>taula central Etna</strong> és el complement perfecte tant per a les<a href="https://www.navarroaubanell.com/ca/producte/cadira-de-bracos-etna-navarroaubanell/"> cadires Etna</a> com per als <a href="https://www.navarroaubanell.com/ca/producte/set-de-sofas-etnaballiu-navarroaubanell/">sofàs</a>, creant un conjunt harmoniós que resulta ideal per l&#8217;exterior. Sigui en una terrassa, jardí o pati, aquesta taula proporciona un punt central elegant i pràctic per a reunions a l&#8217;aire lliure o moments de relax.</li>
</ul>
<p>A més, s&#8217;adapta a diferents estils i necessitats, gràcies a la seva disponibilitat en una <strong>varietat de color</strong>s i acabats de taulers HPL. Aquesta versatilitat permet personalitzar l&#8217;espai segons les preferències individuals, assegurant que la taula s&#8217;integri perfectament en qualsevol ambient.</p>
<p>Oferint una combinació inigualable de funcionalitat i estètica, Etna afegeix sofisticació i modernitat amb el seu disseny contemporani i la seva construcció d&#8217;alta qualitat.</p>
<p>&nbsp;</p>

<p>La taula central Etna, està fabricada amb una estructura d&#8217;alumini endurit, guanyant una gran durabilitat i resistència sense sacrificar la manejabilitat i l&#8217;estètica. Aquest disseny assegura que pugui suportar l&#8217;ús intensiu i les condicions climàtiques adverses, mantenint la seva integritat i la seva aparença al llarg del temps. El tauler HPL està compost per resina comprimida&hellip;</p>

<!-- This site is optimized with the Yoast SEO plugin v27.0 - https://yoast.com/product/yoast-seo-wordpress/ -->
<title>Taula central Etna, Balliu- Navarro Aubanell</title>
<meta name="description" content="Taula central Etna: lleugera, duradora i elegant, amb estructura d&#039;alumini i tauler HPL. Ideal per a exteriors, complementa cadires i sofàs Etna." />
<meta name="robots" content="index, follow, max-snippet:-1, max-image-preview:large, max-video-preview:-1" />
<link rel="canonical" href="https://www.navarroaubanell.com/ca/producte/taula-central-etna/" />
<meta property="og:locale" content="ca_ES" />
<meta property="og:type" content="article" />
<meta property="og:title" content="Taula central Etna, Balliu- Navarro Aubanell" />
<meta property="og:description" content="Taula central Etna: lleugera, duradora i elegant, amb estructura d&#039;alumini i tauler HPL. Ideal per a exteriors, complementa cadires i sofàs Etna." />
<meta property="og:url" content="https://www.navarroaubanell.com/ca/producte/taula-central-etna/" />
<meta property="og:site_name" content="Navarro Aubanell" />
<meta property="article:modified_time" content="2025-07-02T07:05:45+00:00" />
<meta property="og:image" content="https://www.navarroaubanell.com/wp-content/uploads/2024/06/mesa-etna.jpg" />
	<meta property="og:image:width" content="800" />
	<meta property="og:image:height" content="650" />
	<meta property="og:image:type" content="image/jpeg" />
<meta name="twitter:label1" content="Est. reading time" />
	<meta name="twitter:data1" content="2 minutes" />
<script type="application/ld+json" class="yoast-schema-graph">{"@context":"https://schema.org","@graph":[{"@type":"WebPage","@id":"https://www.navarroaubanell.com/ca/producte/taula-central-etna/","url":"https://www.navarroaubanell.com/ca/producte/taula-central-etna/","name":"Taula central Etna, Balliu- Navarro Aubanell","isPartOf":{"@id":"https://www.navarroaubanell.com/ca/#website"},"primaryImageOfPage":{"@id":"https://www.navarroaubanell.com/ca/producte/taula-central-etna/#primaryimage"},"image":{"@id":"https://www.navarroaubanell.com/ca/producte/taula-central-etna/#primaryimage"},"thumbnailUrl":"https://www.navarroaubanell.com/wp-content/uploads/2024/06/mesa-etna.jpg","datePublished":"2024-06-26T06:13:32+00:00","dateModified":"2025-07-02T07:05:45+00:00","description":"Taula central Etna: lleugera, duradora i elegant, amb estructura d'alumini i tauler HPL. Ideal per a exteriors, complementa cadires i sofàs Etna.","breadcrumb":{"@id":"https://www.navarroaubanell.com/ca/producte/taula-central-etna/#breadcrumb"},"inLanguage":"ca","potentialAction":[{"@type":"ReadAction","target":["https://www.navarroaubanell.com/ca/producte/taula-central-etna/"]}]},{"@type":"ImageObject","inLanguage":"ca","@id":"https://www.navarroaubanell.com/ca/producte/taula-central-etna/#primaryimage","url":"https://www.navarroaubanell.com/wp-content/uploads/2024/06/mesa-etna.jpg","contentUrl":"https://www.navarroaubanell.com/wp-content/uploads/2024/06/mesa-etna.jpg","width":800,"height":650,"caption":"Mesa central Etna"},{"@type":"BreadcrumbList","@id":"https://www.navarroaubanell.com/ca/producte/taula-central-etna/#breadcrumb","itemListElement":[{"@type":"ListItem","position":1,"name":"Portada","item":"https://www.navarroaubanell.com/ca/"},{"@type":"ListItem","position":2,"name":"Productes","item":"https://www.navarroaubanell.com/productos/"},{"@type":"ListItem","position":3,"name":"Taula central Etna"}]},{"@type":"WebSite","@id":"https://www.navarroaubanell.com/ca/#website","url":"https://www.navarroaubanell.com/ca/","name":"Navarro Aubanell","description":"Mobiliario para hotelería, colectividades y oficinas","publisher":{"@id":"https://www.navarroaubanell.com/ca/#organization"},"potentialAction":[{"@type":"SearchAction","target":{"@type":"EntryPoint","urlTemplate":"https://www.navarroaubanell.com/ca/?s={search_term_string}"},"query-input":{"@type":"PropertyValueSpecification","valueRequired":true,"valueName":"search_term_string"}}],"inLanguage":"ca"},{"@type":"Organization","@id":"https://www.navarroaubanell.com/ca/#organization","name":"COMERCIAL NAVARRO AUBANELL, S.A","url":"https://www.navarroaubanell.com/ca/","logo":{"@type":"ImageObject","inLanguage":"ca","@id":"https://www.navarroaubanell.com/ca/#/schema/logo/image/","url":"https://www.navarroaubanell.com/wp-content/uploads/2017/07/logo-navarro-aubuanell.png","contentUrl":"https://www.navarroaubanell.com/wp-content/uploads/2017/07/logo-navarro-aubuanell.png","width":6304,"height":1154,"caption":"COMERCIAL NAVARRO AUBANELL, S.A"},"image":{"@id":"https://www.navarroaubanell.com/ca/#/schema/logo/image/"}}]}</script>
<!-- / Yoast SEO plugin. -->

Taula central Etna: lleugera, duradora i elegant, amb estructura d'alumini i tauler HPL. Ideal per a exteriors, complementa cadires i sofàs Etna.

Mobiliario para hotelería, colectividades y oficinas
