{"id":31810,"date":"2021-04-20T15:07:01","date_gmt":"2021-04-20T13:07:01","guid":{"rendered":"https:\/\/www.navarroaubanell.com\/producto\/cama-motor-confort\/"},"modified":"2021-04-20T15:10:48","modified_gmt":"2021-04-20T13:10:48","slug":"cama-motor-confort","status":"publish","type":"product","link":"https:\/\/www.navarroaubanell.com\/ca\/producte\/cama-motor-confort\/","title":{"rendered":"Llit Motor Confort"},"content":{"rendered":"<p><span class=\"VIiyi\" lang=\"ca\"><span class=\"JLqJ4b ChMk0b\" data-language-for-alternatives=\"ca\" data-language-to-translate-into=\"es\" data-phrase-index=\"0\">El llit<\/span> <span class=\"JLqJ4b ChMk0b\" data-language-for-alternatives=\"ca\" data-language-to-translate-into=\"es\" data-phrase-index=\"1\">Motor<\/span> <span class=\"JLqJ4b ChMk0b\" data-language-for-alternatives=\"ca\" data-language-to-translate-into=\"es\" data-phrase-index=\"2\">Confort<\/span> <span class=\"JLqJ4b ChMk0b\" data-language-for-alternatives=\"ca\" data-language-to-translate-into=\"es\" data-phrase-index=\"3\">incorpora<\/span> <span class=\"JLqJ4b ChMk0b\" data-language-for-alternatives=\"ca\" data-language-to-translate-into=\"es\" data-phrase-index=\"4\">motor<\/span> <span class=\"JLqJ4b ChMk0b\" data-language-for-alternatives=\"ca\" data-language-to-translate-into=\"es\" data-phrase-index=\"5\">amb sistema<\/span> <span class=\"JLqJ4b ChMk0b\" data-language-for-alternatives=\"ca\" data-language-to-translate-into=\"es\" data-phrase-index=\"6\">silenci\u00f3s<\/span> <span class=\"JLqJ4b ChMk0b\" data-language-for-alternatives=\"ca\" data-language-to-translate-into=\"es\" data-phrase-index=\"7\">d&#8217;elevaci\u00f3.<\/span> <\/span><\/p>\n<p><span class=\"VIiyi\" lang=\"ca\"><span class=\"JLqJ4b ChMk0b\" data-language-for-alternatives=\"ca\" data-language-to-translate-into=\"es\" data-phrase-index=\"9\">Amb<\/span> <span class=\"JLqJ4b ChMk0b\" data-language-for-alternatives=\"ca\" data-language-to-translate-into=\"es\" data-phrase-index=\"10\">comandament inal\u00e0mbric <\/span><span class=\"JLqJ4b ChMk0b\" data-language-for-alternatives=\"ca\" data-language-to-translate-into=\"es\" data-phrase-index=\"11\">opcional<\/span> <span class=\"JLqJ4b ChMk0b\" data-language-for-alternatives=\"ca\" data-language-to-translate-into=\"es\" data-phrase-index=\"12\">per ajustar les seves<\/span> <span class=\"JLqJ4b ChMk0b\" data-language-for-alternatives=\"ca\" data-language-to-translate-into=\"es\" data-phrase-index=\"13\">posicions<\/span> i poder <span class=\"JLqJ4b ChMk0b\" data-language-for-alternatives=\"ca\" data-language-to-translate-into=\"es\" data-phrase-index=\"14\">trobar la<\/span> <span class=\"JLqJ4b ChMk0b\" data-language-for-alternatives=\"ca\" data-language-to-translate-into=\"es\" data-phrase-index=\"15\">millor<\/span> <span class=\"JLqJ4b ChMk0b\" data-language-for-alternatives=\"ca\" data-language-to-translate-into=\"es\" data-phrase-index=\"16\">posici\u00f3<\/span> <span class=\"JLqJ4b ChMk0b\" data-language-for-alternatives=\"ca\" data-language-to-translate-into=\"es\" data-phrase-index=\"17\">de comoditat.<\/span><\/span><\/p>\n","protected":false},"excerpt":{"rendered":"<p>El llit Motor Confort incorpora motor amb sistema silenci\u00f3s d&#8217;elevaci\u00f3. Amb comandament inal\u00e0mbric opcional per ajustar les seves posicions i poder trobar la millor posici\u00f3 de comoditat.<\/p>\n","protected":false},"featured_media":31809,"template":"","meta":{"_acf_changed":false},"product_brand":[],"product_cat":[541,1085],"product_tag":[608,618,826,1086],"class_list":{"0":"post-31810","1":"product","2":"type-product","3":"status-publish","4":"has-post-thumbnail","6":"product_cat-descans","7":"product_cat-llits","8":"product_tag-cama-ca","9":"product_tag-contract-ca","10":"product_tag-descans","11":"product_tag-motor-confort-ca","12":"description-off","14":"first","15":"instock","16":"shipping-taxable","17":"product-type-simple"},"acf":[],"yoast_head":"<!-- This site is optimized with the Yoast SEO plugin v27.0 - https:\/\/yoast.com\/product\/yoast-seo-wordpress\/ -->\n<title>Llit Motor Confort - Navarro Aubanell<\/title>\n<meta name=\"description\" content=\"El llit Motor Confort incorpora motor amb sistema silenci\u00f3s d&#039;elevaci\u00f3. Amb comandament inal\u00e0mbric opcional per ajustar les seves posicions.\" \/>\n<meta name=\"robots\" content=\"index, follow, max-snippet:-1, max-image-preview:large, max-video-preview:-1\" \/>\n<link rel=\"canonical\" href=\"https:\/\/www.navarroaubanell.com\/ca\/producte\/cama-motor-confort\/\" \/>\n<meta property=\"og:locale\" content=\"ca_ES\" \/>\n<meta property=\"og:type\" content=\"article\" \/>\n<meta property=\"og:title\" content=\"Llit Motor Confort - Navarro Aubanell\" \/>\n<meta property=\"og:description\" content=\"El llit Motor Confort incorpora motor amb sistema silenci\u00f3s d&#039;elevaci\u00f3. Amb comandament inal\u00e0mbric opcional per ajustar les seves posicions.\" \/>\n<meta property=\"og:url\" content=\"https:\/\/www.navarroaubanell.com\/ca\/producte\/cama-motor-confort\/\" \/>\n<meta property=\"og:site_name\" content=\"Navarro Aubanell\" \/>\n<meta property=\"article:modified_time\" content=\"2021-04-20T13:10:48+00:00\" \/>\n<meta property=\"og:image\" content=\"https:\/\/www.navarroaubanell.com\/wp-content\/uploads\/2021\/04\/MOTOR-CONFORT.jpg\" \/>\n\t<meta property=\"og:image:width\" content=\"800\" \/>\n\t<meta property=\"og:image:height\" content=\"650\" \/>\n\t<meta property=\"og:image:type\" content=\"image\/jpeg\" \/>\n<meta name=\"twitter:label1\" content=\"Est. reading time\" \/>\n\t<meta name=\"twitter:data1\" content=\"1 minute\" \/>\n<script type=\"application\/ld+json\" class=\"yoast-schema-graph\">{\"@context\":\"https:\/\/schema.org\",\"@graph\":[{\"@type\":\"WebPage\",\"@id\":\"https:\/\/www.navarroaubanell.com\/ca\/producte\/cama-motor-confort\/\",\"url\":\"https:\/\/www.navarroaubanell.com\/ca\/producte\/cama-motor-confort\/\",\"name\":\"Llit Motor Confort - Navarro Aubanell\",\"isPartOf\":{\"@id\":\"https:\/\/www.navarroaubanell.com\/ca\/#website\"},\"primaryImageOfPage\":{\"@id\":\"https:\/\/www.navarroaubanell.com\/ca\/producte\/cama-motor-confort\/#primaryimage\"},\"image\":{\"@id\":\"https:\/\/www.navarroaubanell.com\/ca\/producte\/cama-motor-confort\/#primaryimage\"},\"thumbnailUrl\":\"https:\/\/www.navarroaubanell.com\/wp-content\/uploads\/2021\/04\/MOTOR-CONFORT.jpg\",\"datePublished\":\"2021-04-20T13:07:01+00:00\",\"dateModified\":\"2021-04-20T13:10:48+00:00\",\"description\":\"El llit Motor Confort incorpora motor amb sistema silenci\u00f3s d'elevaci\u00f3. Amb comandament inal\u00e0mbric opcional per ajustar les seves posicions.\",\"breadcrumb\":{\"@id\":\"https:\/\/www.navarroaubanell.com\/ca\/producte\/cama-motor-confort\/#breadcrumb\"},\"inLanguage\":\"ca\",\"potentialAction\":[{\"@type\":\"ReadAction\",\"target\":[\"https:\/\/www.navarroaubanell.com\/ca\/producte\/cama-motor-confort\/\"]}]},{\"@type\":\"ImageObject\",\"inLanguage\":\"ca\",\"@id\":\"https:\/\/www.navarroaubanell.com\/ca\/producte\/cama-motor-confort\/#primaryimage\",\"url\":\"https:\/\/www.navarroaubanell.com\/wp-content\/uploads\/2021\/04\/MOTOR-CONFORT.jpg\",\"contentUrl\":\"https:\/\/www.navarroaubanell.com\/wp-content\/uploads\/2021\/04\/MOTOR-CONFORT.jpg\",\"width\":800,\"height\":650},{\"@type\":\"BreadcrumbList\",\"@id\":\"https:\/\/www.navarroaubanell.com\/ca\/producte\/cama-motor-confort\/#breadcrumb\",\"itemListElement\":[{\"@type\":\"ListItem\",\"position\":1,\"name\":\"Portada\",\"item\":\"https:\/\/www.navarroaubanell.com\/ca\/\"},{\"@type\":\"ListItem\",\"position\":2,\"name\":\"Productes\",\"item\":\"https:\/\/www.navarroaubanell.com\/productos\/\"},{\"@type\":\"ListItem\",\"position\":3,\"name\":\"Llit Motor Confort\"}]},{\"@type\":\"WebSite\",\"@id\":\"https:\/\/www.navarroaubanell.com\/ca\/#website\",\"url\":\"https:\/\/www.navarroaubanell.com\/ca\/\",\"name\":\"Navarro Aubanell\",\"description\":\"Mobiliario para hoteler\u00eda, colectividades y oficinas\",\"publisher\":{\"@id\":\"https:\/\/www.navarroaubanell.com\/ca\/#organization\"},\"potentialAction\":[{\"@type\":\"SearchAction\",\"target\":{\"@type\":\"EntryPoint\",\"urlTemplate\":\"https:\/\/www.navarroaubanell.com\/ca\/?s={search_term_string}\"},\"query-input\":{\"@type\":\"PropertyValueSpecification\",\"valueRequired\":true,\"valueName\":\"search_term_string\"}}],\"inLanguage\":\"ca\"},{\"@type\":\"Organization\",\"@id\":\"https:\/\/www.navarroaubanell.com\/ca\/#organization\",\"name\":\"COMERCIAL NAVARRO AUBANELL, S.A\",\"url\":\"https:\/\/www.navarroaubanell.com\/ca\/\",\"logo\":{\"@type\":\"ImageObject\",\"inLanguage\":\"ca\",\"@id\":\"https:\/\/www.navarroaubanell.com\/ca\/#\/schema\/logo\/image\/\",\"url\":\"https:\/\/www.navarroaubanell.com\/wp-content\/uploads\/2017\/07\/logo-navarro-aubuanell.png\",\"contentUrl\":\"https:\/\/www.navarroaubanell.com\/wp-content\/uploads\/2017\/07\/logo-navarro-aubuanell.png\",\"width\":6304,\"height\":1154,\"caption\":\"COMERCIAL NAVARRO AUBANELL, S.A\"},\"image\":{\"@id\":\"https:\/\/www.navarroaubanell.com\/ca\/#\/schema\/logo\/image\/\"}}]}<\/script>\n<!-- \/ Yoast SEO plugin. -->","yoast_head_json":{"title":"Llit Motor Confort - Navarro Aubanell","description":"El llit Motor Confort incorpora motor amb sistema silenci\u00f3s d'elevaci\u00f3. Amb comandament inal\u00e0mbric opcional per ajustar les seves posicions.","robots":{"index":"index","follow":"follow","max-snippet":"max-snippet:-1","max-image-preview":"max-image-preview:large","max-video-preview":"max-video-preview:-1"},"canonical":"https:\/\/www.navarroaubanell.com\/ca\/producte\/cama-motor-confort\/","og_locale":"ca_ES","og_type":"article","og_title":"Llit Motor Confort - Navarro Aubanell","og_description":"El llit Motor Confort incorpora motor amb sistema silenci\u00f3s d'elevaci\u00f3. Amb comandament inal\u00e0mbric opcional per ajustar les seves posicions.","og_url":"https:\/\/www.navarroaubanell.com\/ca\/producte\/cama-motor-confort\/","og_site_name":"Navarro Aubanell","article_modified_time":"2021-04-20T13:10:48+00:00","og_image":[{"width":800,"height":650,"url":"https:\/\/www.navarroaubanell.com\/wp-content\/uploads\/2021\/04\/MOTOR-CONFORT.jpg","type":"image\/jpeg"}],"twitter_misc":{"Est. reading time":"1 minute"},"schema":{"@context":"https:\/\/schema.org","@graph":[{"@type":"WebPage","@id":"https:\/\/www.navarroaubanell.com\/ca\/producte\/cama-motor-confort\/","url":"https:\/\/www.navarroaubanell.com\/ca\/producte\/cama-motor-confort\/","name":"Llit Motor Confort - Navarro Aubanell","isPartOf":{"@id":"https:\/\/www.navarroaubanell.com\/ca\/#website"},"primaryImageOfPage":{"@id":"https:\/\/www.navarroaubanell.com\/ca\/producte\/cama-motor-confort\/#primaryimage"},"image":{"@id":"https:\/\/www.navarroaubanell.com\/ca\/producte\/cama-motor-confort\/#primaryimage"},"thumbnailUrl":"https:\/\/www.navarroaubanell.com\/wp-content\/uploads\/2021\/04\/MOTOR-CONFORT.jpg","datePublished":"2021-04-20T13:07:01+00:00","dateModified":"2021-04-20T13:10:48+00:00","description":"El llit Motor Confort incorpora motor amb sistema silenci\u00f3s d'elevaci\u00f3. Amb comandament inal\u00e0mbric opcional per ajustar les seves posicions.","breadcrumb":{"@id":"https:\/\/www.navarroaubanell.com\/ca\/producte\/cama-motor-confort\/#breadcrumb"},"inLanguage":"ca","potentialAction":[{"@type":"ReadAction","target":["https:\/\/www.navarroaubanell.com\/ca\/producte\/cama-motor-confort\/"]}]},{"@type":"ImageObject","inLanguage":"ca","@id":"https:\/\/www.navarroaubanell.com\/ca\/producte\/cama-motor-confort\/#primaryimage","url":"https:\/\/www.navarroaubanell.com\/wp-content\/uploads\/2021\/04\/MOTOR-CONFORT.jpg","contentUrl":"https:\/\/www.navarroaubanell.com\/wp-content\/uploads\/2021\/04\/MOTOR-CONFORT.jpg","width":800,"height":650},{"@type":"BreadcrumbList","@id":"https:\/\/www.navarroaubanell.com\/ca\/producte\/cama-motor-confort\/#breadcrumb","itemListElement":[{"@type":"ListItem","position":1,"name":"Portada","item":"https:\/\/www.navarroaubanell.com\/ca\/"},{"@type":"ListItem","position":2,"name":"Productes","item":"https:\/\/www.navarroaubanell.com\/productos\/"},{"@type":"ListItem","position":3,"name":"Llit Motor Confort"}]},{"@type":"WebSite","@id":"https:\/\/www.navarroaubanell.com\/ca\/#website","url":"https:\/\/www.navarroaubanell.com\/ca\/","name":"Navarro Aubanell","description":"Mobiliario para hoteler\u00eda, colectividades y oficinas","publisher":{"@id":"https:\/\/www.navarroaubanell.com\/ca\/#organization"},"potentialAction":[{"@type":"SearchAction","target":{"@type":"EntryPoint","urlTemplate":"https:\/\/www.navarroaubanell.com\/ca\/?s={search_term_string}"},"query-input":{"@type":"PropertyValueSpecification","valueRequired":true,"valueName":"search_term_string"}}],"inLanguage":"ca"},{"@type":"Organization","@id":"https:\/\/www.navarroaubanell.com\/ca\/#organization","name":"COMERCIAL NAVARRO AUBANELL, S.A","url":"https:\/\/www.navarroaubanell.com\/ca\/","logo":{"@type":"ImageObject","inLanguage":"ca","@id":"https:\/\/www.navarroaubanell.com\/ca\/#\/schema\/logo\/image\/","url":"https:\/\/www.navarroaubanell.com\/wp-content\/uploads\/2017\/07\/logo-navarro-aubuanell.png","contentUrl":"https:\/\/www.navarroaubanell.com\/wp-content\/uploads\/2017\/07\/logo-navarro-aubuanell.png","width":6304,"height":1154,"caption":"COMERCIAL NAVARRO AUBANELL, S.A"},"image":{"@id":"https:\/\/www.navarroaubanell.com\/ca\/#\/schema\/logo\/image\/"}}]}},"_links":{"self":[{"href":"https:\/\/www.navarroaubanell.com\/ca\/wp-json\/wp\/v2\/product\/31810","targetHints":{"allow":["GET"]}}],"collection":[{"href":"https:\/\/www.navarroaubanell.com\/ca\/wp-json\/wp\/v2\/product"}],"about":[{"href":"https:\/\/www.navarroaubanell.com\/ca\/wp-json\/wp\/v2\/types\/product"}],"wp:featuredmedia":[{"embeddable":true,"href":"https:\/\/www.navarroaubanell.com\/ca\/wp-json\/wp\/v2\/media\/31809"}],"wp:attachment":[{"href":"https:\/\/www.navarroaubanell.com\/ca\/wp-json\/wp\/v2\/media?parent=31810"}],"wp:term":[{"taxonomy":"product_brand","embeddable":true,"href":"https:\/\/www.navarroaubanell.com\/ca\/wp-json\/wp\/v2\/product_brand?post=31810"},{"taxonomy":"product_cat","embeddable":true,"href":"https:\/\/www.navarroaubanell.com\/ca\/wp-json\/wp\/v2\/product_cat?post=31810"},{"taxonomy":"product_tag","embeddable":true,"href":"https:\/\/www.navarroaubanell.com\/ca\/wp-json\/wp\/v2\/product_tag?post=31810"}],"curies":[{"name":"wp","href":"https:\/\/api.w.org\/{rel}","templated":true}]}}

<p><span class="VIiyi" lang="ca"><span class="JLqJ4b ChMk0b" data-language-for-alternatives="ca" data-language-to-translate-into="es" data-phrase-index="0">El llit</span> <span class="JLqJ4b ChMk0b" data-language-for-alternatives="ca" data-language-to-translate-into="es" data-phrase-index="1">Motor</span> <span class="JLqJ4b ChMk0b" data-language-for-alternatives="ca" data-language-to-translate-into="es" data-phrase-index="2">Confort</span> <span class="JLqJ4b ChMk0b" data-language-for-alternatives="ca" data-language-to-translate-into="es" data-phrase-index="3">incorpora</span> <span class="JLqJ4b ChMk0b" data-language-for-alternatives="ca" data-language-to-translate-into="es" data-phrase-index="4">motor</span> <span class="JLqJ4b ChMk0b" data-language-for-alternatives="ca" data-language-to-translate-into="es" data-phrase-index="5">amb sistema</span> <span class="JLqJ4b ChMk0b" data-language-for-alternatives="ca" data-language-to-translate-into="es" data-phrase-index="6">silenciós</span> <span class="JLqJ4b ChMk0b" data-language-for-alternatives="ca" data-language-to-translate-into="es" data-phrase-index="7">d&#8217;elevació.</span> </span></p>
<p><span class="VIiyi" lang="ca"><span class="JLqJ4b ChMk0b" data-language-for-alternatives="ca" data-language-to-translate-into="es" data-phrase-index="9">Amb</span> <span class="JLqJ4b ChMk0b" data-language-for-alternatives="ca" data-language-to-translate-into="es" data-phrase-index="10">comandament inalàmbric </span><span class="JLqJ4b ChMk0b" data-language-for-alternatives="ca" data-language-to-translate-into="es" data-phrase-index="11">opcional</span> <span class="JLqJ4b ChMk0b" data-language-for-alternatives="ca" data-language-to-translate-into="es" data-phrase-index="12">per ajustar les seves</span> <span class="JLqJ4b ChMk0b" data-language-for-alternatives="ca" data-language-to-translate-into="es" data-phrase-index="13">posicions</span> i poder <span class="JLqJ4b ChMk0b" data-language-for-alternatives="ca" data-language-to-translate-into="es" data-phrase-index="14">trobar la</span> <span class="JLqJ4b ChMk0b" data-language-for-alternatives="ca" data-language-to-translate-into="es" data-phrase-index="15">millor</span> <span class="JLqJ4b ChMk0b" data-language-for-alternatives="ca" data-language-to-translate-into="es" data-phrase-index="16">posició</span> <span class="JLqJ4b ChMk0b" data-language-for-alternatives="ca" data-language-to-translate-into="es" data-phrase-index="17">de comoditat.</span></span></p>

<p>El llit Motor Confort incorpora motor amb sistema silenciós d&#8217;elevació. Amb comandament inalàmbric opcional per ajustar les seves posicions i poder trobar la millor posició de comoditat.</p>

<!-- This site is optimized with the Yoast SEO plugin v27.0 - https://yoast.com/product/yoast-seo-wordpress/ -->
<title>Llit Motor Confort - Navarro Aubanell</title>
<meta name="description" content="El llit Motor Confort incorpora motor amb sistema silenciós d&#039;elevació. Amb comandament inalàmbric opcional per ajustar les seves posicions." />
<meta name="robots" content="index, follow, max-snippet:-1, max-image-preview:large, max-video-preview:-1" />
<link rel="canonical" href="https://www.navarroaubanell.com/ca/producte/cama-motor-confort/" />
<meta property="og:locale" content="ca_ES" />
<meta property="og:type" content="article" />
<meta property="og:title" content="Llit Motor Confort - Navarro Aubanell" />
<meta property="og:description" content="El llit Motor Confort incorpora motor amb sistema silenciós d&#039;elevació. Amb comandament inalàmbric opcional per ajustar les seves posicions." />
<meta property="og:url" content="https://www.navarroaubanell.com/ca/producte/cama-motor-confort/" />
<meta property="og:site_name" content="Navarro Aubanell" />
<meta property="article:modified_time" content="2021-04-20T13:10:48+00:00" />
<meta property="og:image" content="https://www.navarroaubanell.com/wp-content/uploads/2021/04/MOTOR-CONFORT.jpg" />
	<meta property="og:image:width" content="800" />
	<meta property="og:image:height" content="650" />
	<meta property="og:image:type" content="image/jpeg" />
<meta name="twitter:label1" content="Est. reading time" />
	<meta name="twitter:data1" content="1 minute" />
<script type="application/ld+json" class="yoast-schema-graph">{"@context":"https://schema.org","@graph":[{"@type":"WebPage","@id":"https://www.navarroaubanell.com/ca/producte/cama-motor-confort/","url":"https://www.navarroaubanell.com/ca/producte/cama-motor-confort/","name":"Llit Motor Confort - Navarro Aubanell","isPartOf":{"@id":"https://www.navarroaubanell.com/ca/#website"},"primaryImageOfPage":{"@id":"https://www.navarroaubanell.com/ca/producte/cama-motor-confort/#primaryimage"},"image":{"@id":"https://www.navarroaubanell.com/ca/producte/cama-motor-confort/#primaryimage"},"thumbnailUrl":"https://www.navarroaubanell.com/wp-content/uploads/2021/04/MOTOR-CONFORT.jpg","datePublished":"2021-04-20T13:07:01+00:00","dateModified":"2021-04-20T13:10:48+00:00","description":"El llit Motor Confort incorpora motor amb sistema silenciós d'elevació. Amb comandament inalàmbric opcional per ajustar les seves posicions.","breadcrumb":{"@id":"https://www.navarroaubanell.com/ca/producte/cama-motor-confort/#breadcrumb"},"inLanguage":"ca","potentialAction":[{"@type":"ReadAction","target":["https://www.navarroaubanell.com/ca/producte/cama-motor-confort/"]}]},{"@type":"ImageObject","inLanguage":"ca","@id":"https://www.navarroaubanell.com/ca/producte/cama-motor-confort/#primaryimage","url":"https://www.navarroaubanell.com/wp-content/uploads/2021/04/MOTOR-CONFORT.jpg","contentUrl":"https://www.navarroaubanell.com/wp-content/uploads/2021/04/MOTOR-CONFORT.jpg","width":800,"height":650},{"@type":"BreadcrumbList","@id":"https://www.navarroaubanell.com/ca/producte/cama-motor-confort/#breadcrumb","itemListElement":[{"@type":"ListItem","position":1,"name":"Portada","item":"https://www.navarroaubanell.com/ca/"},{"@type":"ListItem","position":2,"name":"Productes","item":"https://www.navarroaubanell.com/productos/"},{"@type":"ListItem","position":3,"name":"Llit Motor Confort"}]},{"@type":"WebSite","@id":"https://www.navarroaubanell.com/ca/#website","url":"https://www.navarroaubanell.com/ca/","name":"Navarro Aubanell","description":"Mobiliario para hotelería, colectividades y oficinas","publisher":{"@id":"https://www.navarroaubanell.com/ca/#organization"},"potentialAction":[{"@type":"SearchAction","target":{"@type":"EntryPoint","urlTemplate":"https://www.navarroaubanell.com/ca/?s={search_term_string}"},"query-input":{"@type":"PropertyValueSpecification","valueRequired":true,"valueName":"search_term_string"}}],"inLanguage":"ca"},{"@type":"Organization","@id":"https://www.navarroaubanell.com/ca/#organization","name":"COMERCIAL NAVARRO AUBANELL, S.A","url":"https://www.navarroaubanell.com/ca/","logo":{"@type":"ImageObject","inLanguage":"ca","@id":"https://www.navarroaubanell.com/ca/#/schema/logo/image/","url":"https://www.navarroaubanell.com/wp-content/uploads/2017/07/logo-navarro-aubuanell.png","contentUrl":"https://www.navarroaubanell.com/wp-content/uploads/2017/07/logo-navarro-aubuanell.png","width":6304,"height":1154,"caption":"COMERCIAL NAVARRO AUBANELL, S.A"},"image":{"@id":"https://www.navarroaubanell.com/ca/#/schema/logo/image/"}}]}</script>
<!-- / Yoast SEO plugin. -->

El llit Motor Confort incorpora motor amb sistema silenciós d'elevació. Amb comandament inalàmbric opcional per ajustar les seves posicions.

Mobiliario para hotelería, colectividades y oficinas
