{"id":30671,"date":"2020-11-18T13:39:44","date_gmt":"2020-11-18T12:39:44","guid":{"rendered":"https:\/\/www.navarroaubanell.com\/producto\/butaca-milles\/"},"modified":"2020-11-18T13:41:31","modified_gmt":"2020-11-18T12:41:31","slug":"butaca-milles","status":"publish","type":"product","link":"https:\/\/www.navarroaubanell.com\/ca\/producte\/butaca-milles\/","title":{"rendered":"Butaca Milles"},"content":{"rendered":"<p>La butaca Milles de disseny modern, \u00e9s ideal per a tot tipus d&#8217;espais, tant halls, sales d&#8217;espera i habitacions.<\/p>\n<p>La col\u00b7lecci\u00f3 Milles est\u00e0 formada per diverses mesures de <a href=\"https:\/\/www.navarroaubanell.com\/ca\/producte\/sofa\/\">sof\u00e0, m\u00f2duls, chaiselongue<\/a> i una butaca a joc.<\/p>\n<p>Disponible en diversos acabats de teixit.<\/p>\n","protected":false},"excerpt":{"rendered":"<p>La butaca Milles de disseny modern, \u00e9s ideal per a tot tipus d&#8217;espais, tant halls, sales d&#8217;espera i habitacions. La col\u00b7lecci\u00f3 Milles est\u00e0 formada per diverses mesures de sof\u00e0, m\u00f2duls, chaiselongue i una butaca a joc. Disponible en diversos acabats de teixit.<\/p>\n","protected":false},"featured_media":30670,"template":"","meta":{"_acf_changed":false},"product_brand":[922],"product_cat":[528,525],"product_tag":[932,605,618,664],"class_list":{"0":"post-30671","1":"product","2":"type-product","3":"status-publish","4":"has-post-thumbnail","6":"product_brand-anaric-ca","7":"product_cat-butaques","8":"product_cat-interior","9":"product_tag-anaric-ca","10":"product_tag-butaca-ca","11":"product_tag-contract-ca","12":"product_tag-interior-ca","13":"description-off","15":"first","16":"instock","17":"shipping-taxable","18":"product-type-simple"},"acf":[],"yoast_head":"<!-- This site is optimized with the Yoast SEO plugin v27.0 - https:\/\/yoast.com\/product\/yoast-seo-wordpress\/ -->\n<title>Butaca Milles - Navarro Aubanell<\/title>\n<meta name=\"description\" content=\"La butaca Milles de disseny modern, \u00e9s ideal per a tot tipus d&#039;espais, tant halls, sales d&#039;espera i habitacions.\" \/>\n<meta name=\"robots\" content=\"index, follow, max-snippet:-1, max-image-preview:large, max-video-preview:-1\" \/>\n<link rel=\"canonical\" href=\"https:\/\/www.navarroaubanell.com\/ca\/producte\/butaca-milles\/\" \/>\n<meta property=\"og:locale\" content=\"ca_ES\" \/>\n<meta property=\"og:type\" content=\"article\" \/>\n<meta property=\"og:title\" content=\"Butaca Milles - Navarro Aubanell\" \/>\n<meta property=\"og:description\" content=\"La butaca Milles de disseny modern, \u00e9s ideal per a tot tipus d&#039;espais, tant halls, sales d&#039;espera i habitacions.\" \/>\n<meta property=\"og:url\" content=\"https:\/\/www.navarroaubanell.com\/ca\/producte\/butaca-milles\/\" \/>\n<meta property=\"og:site_name\" content=\"Navarro Aubanell\" \/>\n<meta property=\"article:modified_time\" content=\"2020-11-18T12:41:31+00:00\" \/>\n<meta property=\"og:image\" content=\"https:\/\/www.navarroaubanell.com\/wp-content\/uploads\/2020\/11\/MILES.jpg\" \/>\n\t<meta property=\"og:image:width\" content=\"800\" \/>\n\t<meta property=\"og:image:height\" content=\"650\" \/>\n\t<meta property=\"og:image:type\" content=\"image\/jpeg\" \/>\n<script type=\"application\/ld+json\" class=\"yoast-schema-graph\">{\"@context\":\"https:\/\/schema.org\",\"@graph\":[{\"@type\":\"WebPage\",\"@id\":\"https:\/\/www.navarroaubanell.com\/ca\/producte\/butaca-milles\/\",\"url\":\"https:\/\/www.navarroaubanell.com\/ca\/producte\/butaca-milles\/\",\"name\":\"Butaca Milles - Navarro Aubanell\",\"isPartOf\":{\"@id\":\"https:\/\/www.navarroaubanell.com\/ca\/#website\"},\"primaryImageOfPage\":{\"@id\":\"https:\/\/www.navarroaubanell.com\/ca\/producte\/butaca-milles\/#primaryimage\"},\"image\":{\"@id\":\"https:\/\/www.navarroaubanell.com\/ca\/producte\/butaca-milles\/#primaryimage\"},\"thumbnailUrl\":\"https:\/\/www.navarroaubanell.com\/wp-content\/uploads\/2020\/11\/MILES.jpg\",\"datePublished\":\"2020-11-18T12:39:44+00:00\",\"dateModified\":\"2020-11-18T12:41:31+00:00\",\"description\":\"La butaca Milles de disseny modern, \u00e9s ideal per a tot tipus d'espais, tant halls, sales d'espera i habitacions.\",\"breadcrumb\":{\"@id\":\"https:\/\/www.navarroaubanell.com\/ca\/producte\/butaca-milles\/#breadcrumb\"},\"inLanguage\":\"ca\",\"potentialAction\":[{\"@type\":\"ReadAction\",\"target\":[\"https:\/\/www.navarroaubanell.com\/ca\/producte\/butaca-milles\/\"]}]},{\"@type\":\"ImageObject\",\"inLanguage\":\"ca\",\"@id\":\"https:\/\/www.navarroaubanell.com\/ca\/producte\/butaca-milles\/#primaryimage\",\"url\":\"https:\/\/www.navarroaubanell.com\/wp-content\/uploads\/2020\/11\/MILES.jpg\",\"contentUrl\":\"https:\/\/www.navarroaubanell.com\/wp-content\/uploads\/2020\/11\/MILES.jpg\",\"width\":800,\"height\":650},{\"@type\":\"BreadcrumbList\",\"@id\":\"https:\/\/www.navarroaubanell.com\/ca\/producte\/butaca-milles\/#breadcrumb\",\"itemListElement\":[{\"@type\":\"ListItem\",\"position\":1,\"name\":\"Portada\",\"item\":\"https:\/\/www.navarroaubanell.com\/ca\/\"},{\"@type\":\"ListItem\",\"position\":2,\"name\":\"Productes\",\"item\":\"https:\/\/www.navarroaubanell.com\/productos\/\"},{\"@type\":\"ListItem\",\"position\":3,\"name\":\"Butaca Milles\"}]},{\"@type\":\"WebSite\",\"@id\":\"https:\/\/www.navarroaubanell.com\/ca\/#website\",\"url\":\"https:\/\/www.navarroaubanell.com\/ca\/\",\"name\":\"Navarro Aubanell\",\"description\":\"Mobiliario para hoteler\u00eda, colectividades y oficinas\",\"publisher\":{\"@id\":\"https:\/\/www.navarroaubanell.com\/ca\/#organization\"},\"potentialAction\":[{\"@type\":\"SearchAction\",\"target\":{\"@type\":\"EntryPoint\",\"urlTemplate\":\"https:\/\/www.navarroaubanell.com\/ca\/?s={search_term_string}\"},\"query-input\":{\"@type\":\"PropertyValueSpecification\",\"valueRequired\":true,\"valueName\":\"search_term_string\"}}],\"inLanguage\":\"ca\"},{\"@type\":\"Organization\",\"@id\":\"https:\/\/www.navarroaubanell.com\/ca\/#organization\",\"name\":\"COMERCIAL NAVARRO AUBANELL, S.A\",\"url\":\"https:\/\/www.navarroaubanell.com\/ca\/\",\"logo\":{\"@type\":\"ImageObject\",\"inLanguage\":\"ca\",\"@id\":\"https:\/\/www.navarroaubanell.com\/ca\/#\/schema\/logo\/image\/\",\"url\":\"https:\/\/www.navarroaubanell.com\/wp-content\/uploads\/2017\/07\/logo-navarro-aubuanell.png\",\"contentUrl\":\"https:\/\/www.navarroaubanell.com\/wp-content\/uploads\/2017\/07\/logo-navarro-aubuanell.png\",\"width\":6304,\"height\":1154,\"caption\":\"COMERCIAL NAVARRO AUBANELL, S.A\"},\"image\":{\"@id\":\"https:\/\/www.navarroaubanell.com\/ca\/#\/schema\/logo\/image\/\"}}]}<\/script>\n<!-- \/ Yoast SEO plugin. -->","yoast_head_json":{"title":"Butaca Milles - Navarro Aubanell","description":"La butaca Milles de disseny modern, \u00e9s ideal per a tot tipus d'espais, tant halls, sales d'espera i habitacions.","robots":{"index":"index","follow":"follow","max-snippet":"max-snippet:-1","max-image-preview":"max-image-preview:large","max-video-preview":"max-video-preview:-1"},"canonical":"https:\/\/www.navarroaubanell.com\/ca\/producte\/butaca-milles\/","og_locale":"ca_ES","og_type":"article","og_title":"Butaca Milles - Navarro Aubanell","og_description":"La butaca Milles de disseny modern, \u00e9s ideal per a tot tipus d'espais, tant halls, sales d'espera i habitacions.","og_url":"https:\/\/www.navarroaubanell.com\/ca\/producte\/butaca-milles\/","og_site_name":"Navarro Aubanell","article_modified_time":"2020-11-18T12:41:31+00:00","og_image":[{"width":800,"height":650,"url":"https:\/\/www.navarroaubanell.com\/wp-content\/uploads\/2020\/11\/MILES.jpg","type":"image\/jpeg"}],"schema":{"@context":"https:\/\/schema.org","@graph":[{"@type":"WebPage","@id":"https:\/\/www.navarroaubanell.com\/ca\/producte\/butaca-milles\/","url":"https:\/\/www.navarroaubanell.com\/ca\/producte\/butaca-milles\/","name":"Butaca Milles - Navarro Aubanell","isPartOf":{"@id":"https:\/\/www.navarroaubanell.com\/ca\/#website"},"primaryImageOfPage":{"@id":"https:\/\/www.navarroaubanell.com\/ca\/producte\/butaca-milles\/#primaryimage"},"image":{"@id":"https:\/\/www.navarroaubanell.com\/ca\/producte\/butaca-milles\/#primaryimage"},"thumbnailUrl":"https:\/\/www.navarroaubanell.com\/wp-content\/uploads\/2020\/11\/MILES.jpg","datePublished":"2020-11-18T12:39:44+00:00","dateModified":"2020-11-18T12:41:31+00:00","description":"La butaca Milles de disseny modern, \u00e9s ideal per a tot tipus d'espais, tant halls, sales d'espera i habitacions.","breadcrumb":{"@id":"https:\/\/www.navarroaubanell.com\/ca\/producte\/butaca-milles\/#breadcrumb"},"inLanguage":"ca","potentialAction":[{"@type":"ReadAction","target":["https:\/\/www.navarroaubanell.com\/ca\/producte\/butaca-milles\/"]}]},{"@type":"ImageObject","inLanguage":"ca","@id":"https:\/\/www.navarroaubanell.com\/ca\/producte\/butaca-milles\/#primaryimage","url":"https:\/\/www.navarroaubanell.com\/wp-content\/uploads\/2020\/11\/MILES.jpg","contentUrl":"https:\/\/www.navarroaubanell.com\/wp-content\/uploads\/2020\/11\/MILES.jpg","width":800,"height":650},{"@type":"BreadcrumbList","@id":"https:\/\/www.navarroaubanell.com\/ca\/producte\/butaca-milles\/#breadcrumb","itemListElement":[{"@type":"ListItem","position":1,"name":"Portada","item":"https:\/\/www.navarroaubanell.com\/ca\/"},{"@type":"ListItem","position":2,"name":"Productes","item":"https:\/\/www.navarroaubanell.com\/productos\/"},{"@type":"ListItem","position":3,"name":"Butaca Milles"}]},{"@type":"WebSite","@id":"https:\/\/www.navarroaubanell.com\/ca\/#website","url":"https:\/\/www.navarroaubanell.com\/ca\/","name":"Navarro Aubanell","description":"Mobiliario para hoteler\u00eda, colectividades y oficinas","publisher":{"@id":"https:\/\/www.navarroaubanell.com\/ca\/#organization"},"potentialAction":[{"@type":"SearchAction","target":{"@type":"EntryPoint","urlTemplate":"https:\/\/www.navarroaubanell.com\/ca\/?s={search_term_string}"},"query-input":{"@type":"PropertyValueSpecification","valueRequired":true,"valueName":"search_term_string"}}],"inLanguage":"ca"},{"@type":"Organization","@id":"https:\/\/www.navarroaubanell.com\/ca\/#organization","name":"COMERCIAL NAVARRO AUBANELL, S.A","url":"https:\/\/www.navarroaubanell.com\/ca\/","logo":{"@type":"ImageObject","inLanguage":"ca","@id":"https:\/\/www.navarroaubanell.com\/ca\/#\/schema\/logo\/image\/","url":"https:\/\/www.navarroaubanell.com\/wp-content\/uploads\/2017\/07\/logo-navarro-aubuanell.png","contentUrl":"https:\/\/www.navarroaubanell.com\/wp-content\/uploads\/2017\/07\/logo-navarro-aubuanell.png","width":6304,"height":1154,"caption":"COMERCIAL NAVARRO AUBANELL, S.A"},"image":{"@id":"https:\/\/www.navarroaubanell.com\/ca\/#\/schema\/logo\/image\/"}}]}},"_links":{"self":[{"href":"https:\/\/www.navarroaubanell.com\/ca\/wp-json\/wp\/v2\/product\/30671","targetHints":{"allow":["GET"]}}],"collection":[{"href":"https:\/\/www.navarroaubanell.com\/ca\/wp-json\/wp\/v2\/product"}],"about":[{"href":"https:\/\/www.navarroaubanell.com\/ca\/wp-json\/wp\/v2\/types\/product"}],"wp:featuredmedia":[{"embeddable":true,"href":"https:\/\/www.navarroaubanell.com\/ca\/wp-json\/wp\/v2\/media\/30670"}],"wp:attachment":[{"href":"https:\/\/www.navarroaubanell.com\/ca\/wp-json\/wp\/v2\/media?parent=30671"}],"wp:term":[{"taxonomy":"product_brand","embeddable":true,"href":"https:\/\/www.navarroaubanell.com\/ca\/wp-json\/wp\/v2\/product_brand?post=30671"},{"taxonomy":"product_cat","embeddable":true,"href":"https:\/\/www.navarroaubanell.com\/ca\/wp-json\/wp\/v2\/product_cat?post=30671"},{"taxonomy":"product_tag","embeddable":true,"href":"https:\/\/www.navarroaubanell.com\/ca\/wp-json\/wp\/v2\/product_tag?post=30671"}],"curies":[{"name":"wp","href":"https:\/\/api.w.org\/{rel}","templated":true}]}}

<p>La butaca Milles de disseny modern, és ideal per a tot tipus d&#8217;espais, tant halls, sales d&#8217;espera i habitacions.</p>
<p>La col·lecció Milles està formada per diverses mesures de <a href="https://www.navarroaubanell.com/ca/producte/sofa/">sofà, mòduls, chaiselongue</a> i una butaca a joc.</p>
<p>Disponible en diversos acabats de teixit.</p>

<p>La butaca Milles de disseny modern, és ideal per a tot tipus d&#8217;espais, tant halls, sales d&#8217;espera i habitacions. La col·lecció Milles està formada per diverses mesures de sofà, mòduls, chaiselongue i una butaca a joc. Disponible en diversos acabats de teixit.</p>

<!-- This site is optimized with the Yoast SEO plugin v27.0 - https://yoast.com/product/yoast-seo-wordpress/ -->
<title>Butaca Milles - Navarro Aubanell</title>
<meta name="description" content="La butaca Milles de disseny modern, és ideal per a tot tipus d&#039;espais, tant halls, sales d&#039;espera i habitacions." />
<meta name="robots" content="index, follow, max-snippet:-1, max-image-preview:large, max-video-preview:-1" />
<link rel="canonical" href="https://www.navarroaubanell.com/ca/producte/butaca-milles/" />
<meta property="og:locale" content="ca_ES" />
<meta property="og:type" content="article" />
<meta property="og:title" content="Butaca Milles - Navarro Aubanell" />
<meta property="og:description" content="La butaca Milles de disseny modern, és ideal per a tot tipus d&#039;espais, tant halls, sales d&#039;espera i habitacions." />
<meta property="og:url" content="https://www.navarroaubanell.com/ca/producte/butaca-milles/" />
<meta property="og:site_name" content="Navarro Aubanell" />
<meta property="article:modified_time" content="2020-11-18T12:41:31+00:00" />
<meta property="og:image" content="https://www.navarroaubanell.com/wp-content/uploads/2020/11/MILES.jpg" />
	<meta property="og:image:width" content="800" />
	<meta property="og:image:height" content="650" />
	<meta property="og:image:type" content="image/jpeg" />
<script type="application/ld+json" class="yoast-schema-graph">{"@context":"https://schema.org","@graph":[{"@type":"WebPage","@id":"https://www.navarroaubanell.com/ca/producte/butaca-milles/","url":"https://www.navarroaubanell.com/ca/producte/butaca-milles/","name":"Butaca Milles - Navarro Aubanell","isPartOf":{"@id":"https://www.navarroaubanell.com/ca/#website"},"primaryImageOfPage":{"@id":"https://www.navarroaubanell.com/ca/producte/butaca-milles/#primaryimage"},"image":{"@id":"https://www.navarroaubanell.com/ca/producte/butaca-milles/#primaryimage"},"thumbnailUrl":"https://www.navarroaubanell.com/wp-content/uploads/2020/11/MILES.jpg","datePublished":"2020-11-18T12:39:44+00:00","dateModified":"2020-11-18T12:41:31+00:00","description":"La butaca Milles de disseny modern, és ideal per a tot tipus d'espais, tant halls, sales d'espera i habitacions.","breadcrumb":{"@id":"https://www.navarroaubanell.com/ca/producte/butaca-milles/#breadcrumb"},"inLanguage":"ca","potentialAction":[{"@type":"ReadAction","target":["https://www.navarroaubanell.com/ca/producte/butaca-milles/"]}]},{"@type":"ImageObject","inLanguage":"ca","@id":"https://www.navarroaubanell.com/ca/producte/butaca-milles/#primaryimage","url":"https://www.navarroaubanell.com/wp-content/uploads/2020/11/MILES.jpg","contentUrl":"https://www.navarroaubanell.com/wp-content/uploads/2020/11/MILES.jpg","width":800,"height":650},{"@type":"BreadcrumbList","@id":"https://www.navarroaubanell.com/ca/producte/butaca-milles/#breadcrumb","itemListElement":[{"@type":"ListItem","position":1,"name":"Portada","item":"https://www.navarroaubanell.com/ca/"},{"@type":"ListItem","position":2,"name":"Productes","item":"https://www.navarroaubanell.com/productos/"},{"@type":"ListItem","position":3,"name":"Butaca Milles"}]},{"@type":"WebSite","@id":"https://www.navarroaubanell.com/ca/#website","url":"https://www.navarroaubanell.com/ca/","name":"Navarro Aubanell","description":"Mobiliario para hotelería, colectividades y oficinas","publisher":{"@id":"https://www.navarroaubanell.com/ca/#organization"},"potentialAction":[{"@type":"SearchAction","target":{"@type":"EntryPoint","urlTemplate":"https://www.navarroaubanell.com/ca/?s={search_term_string}"},"query-input":{"@type":"PropertyValueSpecification","valueRequired":true,"valueName":"search_term_string"}}],"inLanguage":"ca"},{"@type":"Organization","@id":"https://www.navarroaubanell.com/ca/#organization","name":"COMERCIAL NAVARRO AUBANELL, S.A","url":"https://www.navarroaubanell.com/ca/","logo":{"@type":"ImageObject","inLanguage":"ca","@id":"https://www.navarroaubanell.com/ca/#/schema/logo/image/","url":"https://www.navarroaubanell.com/wp-content/uploads/2017/07/logo-navarro-aubuanell.png","contentUrl":"https://www.navarroaubanell.com/wp-content/uploads/2017/07/logo-navarro-aubuanell.png","width":6304,"height":1154,"caption":"COMERCIAL NAVARRO AUBANELL, S.A"},"image":{"@id":"https://www.navarroaubanell.com/ca/#/schema/logo/image/"}}]}</script>
<!-- / Yoast SEO plugin. -->

La butaca Milles de disseny modern, és ideal per a tot tipus d'espais, tant halls, sales d'espera i habitacions.

Mobiliario para hotelería, colectividades y oficinas
