{"id":29437,"date":"2020-10-20T13:29:10","date_gmt":"2020-10-20T11:29:10","guid":{"rendered":"https:\/\/www.navarroaubanell.com\/producto\/butaca-a54-032\/"},"modified":"2024-11-05T15:46:48","modified_gmt":"2024-11-05T14:46:48","slug":"butaca-a54-032-navarroaubanell","status":"publish","type":"product","link":"https:\/\/www.navarroaubanell.com\/ca\/producte\/butaca-a54-032-navarroaubanell\/","title":{"rendered":"Butaca A54-032"},"content":{"rendered":"<h5>Descans i Estil a Cada Rac\u00f3<\/h5>\n<h6><strong>Disseny Ergon\u00f2mic i Acollidor<\/strong><\/h6>\n<div class=\"traductor-textarea form-group\">\n<div class=\"textarea-desti col-xs-12 col-sm-6\">\n<div class=\"form-control second-textarea\">La butaca A54-032 es destaca per les seves formes arrodonides i ergon\u00f2miques, creant un espai que convida al descans i la comoditat. El seu disseny ofereix un suport excepcional, permetent que cada moment de relax sigui realment m\u00e0gic. La singularitat d&#8217;A54-032 radica en les seves potes, que s&#8217;eleven elegantment i es converteixen en reposabra\u00e7os, aportant un toc innovador i distintiu a la seva est\u00e8tica.<\/div>\n<\/div>\n<\/div>\n<h6><strong>Versatilitat a la Decoraci\u00f3<\/strong><\/h6>\n<div class=\"traductor-textarea form-group\">\n<div class=\"textarea-desti col-xs-12 col-sm-6\">\n<div class=\"form-control second-textarea\">Fabricada amb una estructura de fusta de faig, l&#8217;A54-032 s&#8217;ofereix en una varietat de colors de vern\u00eds o laca. Aquesta caracter\u00edstica li permet integrar-se f\u00e0cilment en diferents entorns decoratius, adaptant-se a les necessitats espec\u00edfiques de cada espai. Ja sigui en una sala d&#8217;estar moderna, una oficina acollidora o un ambient comercial, A54-032 es converteix en una pe\u00e7a clau que complementa i real\u00e7a qualsevol decoraci\u00f3.<\/div>\n<\/div>\n<\/div>\n<h6><strong>Personalitzaci\u00f3 i Durabilitat<\/strong><\/h6>\n<div class=\"traductor-textarea form-group\">\n<div class=\"textarea-desti col-xs-12 col-sm-6\">\n<div class=\"form-control second-textarea\">La butaca A54-032 pot fabricar-se amb m\u00faltiples acabats d&#8217;entapissat, oferint una \u00e0mplia gamma de teles i colors. Aix\u00f2 la fa ideal per a qualsevol ambient, permetent que cada client tri\u00ef l&#8217;opci\u00f3 que millor s&#8217;adapti al seu estil personal. A m\u00e9s, la butaca est\u00e0 equipada amb tacs que protegeixen la seva base, augmentant aix\u00ed la seva durabilitat.<\/div>\n<\/div>\n<\/div>\n","protected":false},"excerpt":{"rendered":"<p>Descans i Estil a Cada Rac\u00f3 Disseny Ergon\u00f2mic i Acollidor La butaca A54-032 es destaca per les seves formes arrodonides i ergon\u00f2miques, creant un espai que convida al descans i la comoditat. El seu disseny ofereix un suport excepcional, permetent que cada moment de relax sigui realment m\u00e0gic. La singularitat d&#8217;A54-032 radica en les seves&hellip;<\/p>\n","protected":false},"featured_media":41410,"template":"","meta":{"_acf_changed":false},"product_brand":[],"product_cat":[528,525],"product_tag":[605,618,945,664],"class_list":{"0":"post-29437","1":"product","2":"type-product","3":"status-publish","4":"has-post-thumbnail","6":"product_cat-butaques","7":"product_cat-interior","8":"product_tag-butaca-ca","9":"product_tag-contract-ca","10":"product_tag-madera-ca","11":"product_tag-interior-ca","12":"description-off","14":"first","15":"instock","16":"shipping-taxable","17":"product-type-simple"},"acf":[],"yoast_head":"<!-- This site is optimized with the Yoast SEO plugin v27.0 - https:\/\/yoast.com\/product\/yoast-seo-wordpress\/ -->\n<title>La Butaca A54-032 - Navarro Aubanell<\/title>\n<meta name=\"description\" content=\"La butaca A54-032: formas redondeadas y ergon\u00f3micas que ofrecen una experiencia de realx excepcional. Disponible en distintas telas y acabados. Con tacos.\" \/>\n<meta name=\"robots\" content=\"index, follow, max-snippet:-1, max-image-preview:large, max-video-preview:-1\" \/>\n<link rel=\"canonical\" href=\"https:\/\/www.navarroaubanell.com\/ca\/producte\/butaca-a54-032-navarroaubanell\/\" \/>\n<meta property=\"og:locale\" content=\"ca_ES\" \/>\n<meta property=\"og:type\" content=\"article\" \/>\n<meta property=\"og:title\" content=\"La Butaca A54-032 - Navarro Aubanell\" \/>\n<meta property=\"og:description\" content=\"La butaca A54-032: formas redondeadas y ergon\u00f3micas que ofrecen una experiencia de realx excepcional. Disponible en distintas telas y acabados. Con tacos.\" \/>\n<meta property=\"og:url\" content=\"https:\/\/www.navarroaubanell.com\/ca\/producte\/butaca-a54-032-navarroaubanell\/\" \/>\n<meta property=\"og:site_name\" content=\"Navarro Aubanell\" \/>\n<meta property=\"article:modified_time\" content=\"2024-11-05T14:46:48+00:00\" \/>\n<meta property=\"og:image\" content=\"https:\/\/www.navarroaubanell.com\/wp-content\/uploads\/2020\/10\/Catalogo-2023-punto-064-Photoroom-12.png\" \/>\n\t<meta property=\"og:image:width\" content=\"1280\" \/>\n\t<meta property=\"og:image:height\" content=\"1040\" \/>\n\t<meta property=\"og:image:type\" content=\"image\/png\" \/>\n<meta name=\"twitter:label1\" content=\"Est. reading time\" \/>\n\t<meta name=\"twitter:data1\" content=\"2 minutes\" \/>\n<script type=\"application\/ld+json\" class=\"yoast-schema-graph\">{\"@context\":\"https:\/\/schema.org\",\"@graph\":[{\"@type\":\"WebPage\",\"@id\":\"https:\/\/www.navarroaubanell.com\/ca\/producte\/butaca-a54-032-navarroaubanell\/\",\"url\":\"https:\/\/www.navarroaubanell.com\/ca\/producte\/butaca-a54-032-navarroaubanell\/\",\"name\":\"La Butaca A54-032 - Navarro Aubanell\",\"isPartOf\":{\"@id\":\"https:\/\/www.navarroaubanell.com\/ca\/#website\"},\"primaryImageOfPage\":{\"@id\":\"https:\/\/www.navarroaubanell.com\/ca\/producte\/butaca-a54-032-navarroaubanell\/#primaryimage\"},\"image\":{\"@id\":\"https:\/\/www.navarroaubanell.com\/ca\/producte\/butaca-a54-032-navarroaubanell\/#primaryimage\"},\"thumbnailUrl\":\"https:\/\/www.navarroaubanell.com\/wp-content\/uploads\/2020\/10\/Catalogo-2023-punto-064-Photoroom-12.png\",\"datePublished\":\"2020-10-20T11:29:10+00:00\",\"dateModified\":\"2024-11-05T14:46:48+00:00\",\"description\":\"La butaca A54-032: formas redondeadas y ergon\u00f3micas que ofrecen una experiencia de realx excepcional. Disponible en distintas telas y acabados. Con tacos.\",\"breadcrumb\":{\"@id\":\"https:\/\/www.navarroaubanell.com\/ca\/producte\/butaca-a54-032-navarroaubanell\/#breadcrumb\"},\"inLanguage\":\"ca\",\"potentialAction\":[{\"@type\":\"ReadAction\",\"target\":[\"https:\/\/www.navarroaubanell.com\/ca\/producte\/butaca-a54-032-navarroaubanell\/\"]}]},{\"@type\":\"ImageObject\",\"inLanguage\":\"ca\",\"@id\":\"https:\/\/www.navarroaubanell.com\/ca\/producte\/butaca-a54-032-navarroaubanell\/#primaryimage\",\"url\":\"https:\/\/www.navarroaubanell.com\/wp-content\/uploads\/2020\/10\/Catalogo-2023-punto-064-Photoroom-12.png\",\"contentUrl\":\"https:\/\/www.navarroaubanell.com\/wp-content\/uploads\/2020\/10\/Catalogo-2023-punto-064-Photoroom-12.png\",\"width\":1280,\"height\":1040,\"caption\":\"Butaca A54-032\"},{\"@type\":\"BreadcrumbList\",\"@id\":\"https:\/\/www.navarroaubanell.com\/ca\/producte\/butaca-a54-032-navarroaubanell\/#breadcrumb\",\"itemListElement\":[{\"@type\":\"ListItem\",\"position\":1,\"name\":\"Portada\",\"item\":\"https:\/\/www.navarroaubanell.com\/ca\/\"},{\"@type\":\"ListItem\",\"position\":2,\"name\":\"Productes\",\"item\":\"https:\/\/www.navarroaubanell.com\/productos\/\"},{\"@type\":\"ListItem\",\"position\":3,\"name\":\"Butaca A54-032\"}]},{\"@type\":\"WebSite\",\"@id\":\"https:\/\/www.navarroaubanell.com\/ca\/#website\",\"url\":\"https:\/\/www.navarroaubanell.com\/ca\/\",\"name\":\"Navarro Aubanell\",\"description\":\"Mobiliario para hoteler\u00eda, colectividades y oficinas\",\"publisher\":{\"@id\":\"https:\/\/www.navarroaubanell.com\/ca\/#organization\"},\"potentialAction\":[{\"@type\":\"SearchAction\",\"target\":{\"@type\":\"EntryPoint\",\"urlTemplate\":\"https:\/\/www.navarroaubanell.com\/ca\/?s={search_term_string}\"},\"query-input\":{\"@type\":\"PropertyValueSpecification\",\"valueRequired\":true,\"valueName\":\"search_term_string\"}}],\"inLanguage\":\"ca\"},{\"@type\":\"Organization\",\"@id\":\"https:\/\/www.navarroaubanell.com\/ca\/#organization\",\"name\":\"COMERCIAL NAVARRO AUBANELL, S.A\",\"url\":\"https:\/\/www.navarroaubanell.com\/ca\/\",\"logo\":{\"@type\":\"ImageObject\",\"inLanguage\":\"ca\",\"@id\":\"https:\/\/www.navarroaubanell.com\/ca\/#\/schema\/logo\/image\/\",\"url\":\"https:\/\/www.navarroaubanell.com\/wp-content\/uploads\/2017\/07\/logo-navarro-aubuanell.png\",\"contentUrl\":\"https:\/\/www.navarroaubanell.com\/wp-content\/uploads\/2017\/07\/logo-navarro-aubuanell.png\",\"width\":6304,\"height\":1154,\"caption\":\"COMERCIAL NAVARRO AUBANELL, S.A\"},\"image\":{\"@id\":\"https:\/\/www.navarroaubanell.com\/ca\/#\/schema\/logo\/image\/\"}}]}<\/script>\n<!-- \/ Yoast SEO plugin. -->","yoast_head_json":{"title":"La Butaca A54-032 - Navarro Aubanell","description":"La butaca A54-032: formas redondeadas y ergon\u00f3micas que ofrecen una experiencia de realx excepcional. Disponible en distintas telas y acabados. Con tacos.","robots":{"index":"index","follow":"follow","max-snippet":"max-snippet:-1","max-image-preview":"max-image-preview:large","max-video-preview":"max-video-preview:-1"},"canonical":"https:\/\/www.navarroaubanell.com\/ca\/producte\/butaca-a54-032-navarroaubanell\/","og_locale":"ca_ES","og_type":"article","og_title":"La Butaca A54-032 - Navarro Aubanell","og_description":"La butaca A54-032: formas redondeadas y ergon\u00f3micas que ofrecen una experiencia de realx excepcional. Disponible en distintas telas y acabados. Con tacos.","og_url":"https:\/\/www.navarroaubanell.com\/ca\/producte\/butaca-a54-032-navarroaubanell\/","og_site_name":"Navarro Aubanell","article_modified_time":"2024-11-05T14:46:48+00:00","og_image":[{"width":1280,"height":1040,"url":"https:\/\/www.navarroaubanell.com\/wp-content\/uploads\/2020\/10\/Catalogo-2023-punto-064-Photoroom-12.png","type":"image\/png"}],"twitter_misc":{"Est. reading time":"2 minutes"},"schema":{"@context":"https:\/\/schema.org","@graph":[{"@type":"WebPage","@id":"https:\/\/www.navarroaubanell.com\/ca\/producte\/butaca-a54-032-navarroaubanell\/","url":"https:\/\/www.navarroaubanell.com\/ca\/producte\/butaca-a54-032-navarroaubanell\/","name":"La Butaca A54-032 - Navarro Aubanell","isPartOf":{"@id":"https:\/\/www.navarroaubanell.com\/ca\/#website"},"primaryImageOfPage":{"@id":"https:\/\/www.navarroaubanell.com\/ca\/producte\/butaca-a54-032-navarroaubanell\/#primaryimage"},"image":{"@id":"https:\/\/www.navarroaubanell.com\/ca\/producte\/butaca-a54-032-navarroaubanell\/#primaryimage"},"thumbnailUrl":"https:\/\/www.navarroaubanell.com\/wp-content\/uploads\/2020\/10\/Catalogo-2023-punto-064-Photoroom-12.png","datePublished":"2020-10-20T11:29:10+00:00","dateModified":"2024-11-05T14:46:48+00:00","description":"La butaca A54-032: formas redondeadas y ergon\u00f3micas que ofrecen una experiencia de realx excepcional. Disponible en distintas telas y acabados. Con tacos.","breadcrumb":{"@id":"https:\/\/www.navarroaubanell.com\/ca\/producte\/butaca-a54-032-navarroaubanell\/#breadcrumb"},"inLanguage":"ca","potentialAction":[{"@type":"ReadAction","target":["https:\/\/www.navarroaubanell.com\/ca\/producte\/butaca-a54-032-navarroaubanell\/"]}]},{"@type":"ImageObject","inLanguage":"ca","@id":"https:\/\/www.navarroaubanell.com\/ca\/producte\/butaca-a54-032-navarroaubanell\/#primaryimage","url":"https:\/\/www.navarroaubanell.com\/wp-content\/uploads\/2020\/10\/Catalogo-2023-punto-064-Photoroom-12.png","contentUrl":"https:\/\/www.navarroaubanell.com\/wp-content\/uploads\/2020\/10\/Catalogo-2023-punto-064-Photoroom-12.png","width":1280,"height":1040,"caption":"Butaca A54-032"},{"@type":"BreadcrumbList","@id":"https:\/\/www.navarroaubanell.com\/ca\/producte\/butaca-a54-032-navarroaubanell\/#breadcrumb","itemListElement":[{"@type":"ListItem","position":1,"name":"Portada","item":"https:\/\/www.navarroaubanell.com\/ca\/"},{"@type":"ListItem","position":2,"name":"Productes","item":"https:\/\/www.navarroaubanell.com\/productos\/"},{"@type":"ListItem","position":3,"name":"Butaca A54-032"}]},{"@type":"WebSite","@id":"https:\/\/www.navarroaubanell.com\/ca\/#website","url":"https:\/\/www.navarroaubanell.com\/ca\/","name":"Navarro Aubanell","description":"Mobiliario para hoteler\u00eda, colectividades y oficinas","publisher":{"@id":"https:\/\/www.navarroaubanell.com\/ca\/#organization"},"potentialAction":[{"@type":"SearchAction","target":{"@type":"EntryPoint","urlTemplate":"https:\/\/www.navarroaubanell.com\/ca\/?s={search_term_string}"},"query-input":{"@type":"PropertyValueSpecification","valueRequired":true,"valueName":"search_term_string"}}],"inLanguage":"ca"},{"@type":"Organization","@id":"https:\/\/www.navarroaubanell.com\/ca\/#organization","name":"COMERCIAL NAVARRO AUBANELL, S.A","url":"https:\/\/www.navarroaubanell.com\/ca\/","logo":{"@type":"ImageObject","inLanguage":"ca","@id":"https:\/\/www.navarroaubanell.com\/ca\/#\/schema\/logo\/image\/","url":"https:\/\/www.navarroaubanell.com\/wp-content\/uploads\/2017\/07\/logo-navarro-aubuanell.png","contentUrl":"https:\/\/www.navarroaubanell.com\/wp-content\/uploads\/2017\/07\/logo-navarro-aubuanell.png","width":6304,"height":1154,"caption":"COMERCIAL NAVARRO AUBANELL, S.A"},"image":{"@id":"https:\/\/www.navarroaubanell.com\/ca\/#\/schema\/logo\/image\/"}}]}},"_links":{"self":[{"href":"https:\/\/www.navarroaubanell.com\/ca\/wp-json\/wp\/v2\/product\/29437","targetHints":{"allow":["GET"]}}],"collection":[{"href":"https:\/\/www.navarroaubanell.com\/ca\/wp-json\/wp\/v2\/product"}],"about":[{"href":"https:\/\/www.navarroaubanell.com\/ca\/wp-json\/wp\/v2\/types\/product"}],"wp:featuredmedia":[{"embeddable":true,"href":"https:\/\/www.navarroaubanell.com\/ca\/wp-json\/wp\/v2\/media\/41410"}],"wp:attachment":[{"href":"https:\/\/www.navarroaubanell.com\/ca\/wp-json\/wp\/v2\/media?parent=29437"}],"wp:term":[{"taxonomy":"product_brand","embeddable":true,"href":"https:\/\/www.navarroaubanell.com\/ca\/wp-json\/wp\/v2\/product_brand?post=29437"},{"taxonomy":"product_cat","embeddable":true,"href":"https:\/\/www.navarroaubanell.com\/ca\/wp-json\/wp\/v2\/product_cat?post=29437"},{"taxonomy":"product_tag","embeddable":true,"href":"https:\/\/www.navarroaubanell.com\/ca\/wp-json\/wp\/v2\/product_tag?post=29437"}],"curies":[{"name":"wp","href":"https:\/\/api.w.org\/{rel}","templated":true}]}}

<h5>Descans i Estil a Cada Racó</h5>
<h6><strong>Disseny Ergonòmic i Acollidor</strong></h6>
<div class="traductor-textarea form-group">
<div class="textarea-desti col-xs-12 col-sm-6">
<div class="form-control second-textarea">La butaca A54-032 es destaca per les seves formes arrodonides i ergonòmiques, creant un espai que convida al descans i la comoditat. El seu disseny ofereix un suport excepcional, permetent que cada moment de relax sigui realment màgic. La singularitat d&#8217;A54-032 radica en les seves potes, que s&#8217;eleven elegantment i es converteixen en reposabraços, aportant un toc innovador i distintiu a la seva estètica.</div>
</div>
</div>
<h6><strong>Versatilitat a la Decoració</strong></h6>
<div class="traductor-textarea form-group">
<div class="textarea-desti col-xs-12 col-sm-6">
<div class="form-control second-textarea">Fabricada amb una estructura de fusta de faig, l&#8217;A54-032 s&#8217;ofereix en una varietat de colors de vernís o laca. Aquesta característica li permet integrar-se fàcilment en diferents entorns decoratius, adaptant-se a les necessitats específiques de cada espai. Ja sigui en una sala d&#8217;estar moderna, una oficina acollidora o un ambient comercial, A54-032 es converteix en una peça clau que complementa i realça qualsevol decoració.</div>
</div>
</div>
<h6><strong>Personalització i Durabilitat</strong></h6>
<div class="traductor-textarea form-group">
<div class="textarea-desti col-xs-12 col-sm-6">
<div class="form-control second-textarea">La butaca A54-032 pot fabricar-se amb múltiples acabats d&#8217;entapissat, oferint una àmplia gamma de teles i colors. Això la fa ideal per a qualsevol ambient, permetent que cada client triï l&#8217;opció que millor s&#8217;adapti al seu estil personal. A més, la butaca està equipada amb tacs que protegeixen la seva base, augmentant així la seva durabilitat.</div>
</div>
</div>

<p>Descans i Estil a Cada Racó Disseny Ergonòmic i Acollidor La butaca A54-032 es destaca per les seves formes arrodonides i ergonòmiques, creant un espai que convida al descans i la comoditat. El seu disseny ofereix un suport excepcional, permetent que cada moment de relax sigui realment màgic. La singularitat d&#8217;A54-032 radica en les seves&hellip;</p>

<!-- This site is optimized with the Yoast SEO plugin v27.0 - https://yoast.com/product/yoast-seo-wordpress/ -->
<title>La Butaca A54-032 - Navarro Aubanell</title>
<meta name="description" content="La butaca A54-032: formas redondeadas y ergonómicas que ofrecen una experiencia de realx excepcional. Disponible en distintas telas y acabados. Con tacos." />
<meta name="robots" content="index, follow, max-snippet:-1, max-image-preview:large, max-video-preview:-1" />
<link rel="canonical" href="https://www.navarroaubanell.com/ca/producte/butaca-a54-032-navarroaubanell/" />
<meta property="og:locale" content="ca_ES" />
<meta property="og:type" content="article" />
<meta property="og:title" content="La Butaca A54-032 - Navarro Aubanell" />
<meta property="og:description" content="La butaca A54-032: formas redondeadas y ergonómicas que ofrecen una experiencia de realx excepcional. Disponible en distintas telas y acabados. Con tacos." />
<meta property="og:url" content="https://www.navarroaubanell.com/ca/producte/butaca-a54-032-navarroaubanell/" />
<meta property="og:site_name" content="Navarro Aubanell" />
<meta property="article:modified_time" content="2024-11-05T14:46:48+00:00" />
<meta property="og:image" content="https://www.navarroaubanell.com/wp-content/uploads/2020/10/Catalogo-2023-punto-064-Photoroom-12.png" />
	<meta property="og:image:width" content="1280" />
	<meta property="og:image:height" content="1040" />
	<meta property="og:image:type" content="image/png" />
<meta name="twitter:label1" content="Est. reading time" />
	<meta name="twitter:data1" content="2 minutes" />
<script type="application/ld+json" class="yoast-schema-graph">{"@context":"https://schema.org","@graph":[{"@type":"WebPage","@id":"https://www.navarroaubanell.com/ca/producte/butaca-a54-032-navarroaubanell/","url":"https://www.navarroaubanell.com/ca/producte/butaca-a54-032-navarroaubanell/","name":"La Butaca A54-032 - Navarro Aubanell","isPartOf":{"@id":"https://www.navarroaubanell.com/ca/#website"},"primaryImageOfPage":{"@id":"https://www.navarroaubanell.com/ca/producte/butaca-a54-032-navarroaubanell/#primaryimage"},"image":{"@id":"https://www.navarroaubanell.com/ca/producte/butaca-a54-032-navarroaubanell/#primaryimage"},"thumbnailUrl":"https://www.navarroaubanell.com/wp-content/uploads/2020/10/Catalogo-2023-punto-064-Photoroom-12.png","datePublished":"2020-10-20T11:29:10+00:00","dateModified":"2024-11-05T14:46:48+00:00","description":"La butaca A54-032: formas redondeadas y ergonómicas que ofrecen una experiencia de realx excepcional. Disponible en distintas telas y acabados. Con tacos.","breadcrumb":{"@id":"https://www.navarroaubanell.com/ca/producte/butaca-a54-032-navarroaubanell/#breadcrumb"},"inLanguage":"ca","potentialAction":[{"@type":"ReadAction","target":["https://www.navarroaubanell.com/ca/producte/butaca-a54-032-navarroaubanell/"]}]},{"@type":"ImageObject","inLanguage":"ca","@id":"https://www.navarroaubanell.com/ca/producte/butaca-a54-032-navarroaubanell/#primaryimage","url":"https://www.navarroaubanell.com/wp-content/uploads/2020/10/Catalogo-2023-punto-064-Photoroom-12.png","contentUrl":"https://www.navarroaubanell.com/wp-content/uploads/2020/10/Catalogo-2023-punto-064-Photoroom-12.png","width":1280,"height":1040,"caption":"Butaca A54-032"},{"@type":"BreadcrumbList","@id":"https://www.navarroaubanell.com/ca/producte/butaca-a54-032-navarroaubanell/#breadcrumb","itemListElement":[{"@type":"ListItem","position":1,"name":"Portada","item":"https://www.navarroaubanell.com/ca/"},{"@type":"ListItem","position":2,"name":"Productes","item":"https://www.navarroaubanell.com/productos/"},{"@type":"ListItem","position":3,"name":"Butaca A54-032"}]},{"@type":"WebSite","@id":"https://www.navarroaubanell.com/ca/#website","url":"https://www.navarroaubanell.com/ca/","name":"Navarro Aubanell","description":"Mobiliario para hotelería, colectividades y oficinas","publisher":{"@id":"https://www.navarroaubanell.com/ca/#organization"},"potentialAction":[{"@type":"SearchAction","target":{"@type":"EntryPoint","urlTemplate":"https://www.navarroaubanell.com/ca/?s={search_term_string}"},"query-input":{"@type":"PropertyValueSpecification","valueRequired":true,"valueName":"search_term_string"}}],"inLanguage":"ca"},{"@type":"Organization","@id":"https://www.navarroaubanell.com/ca/#organization","name":"COMERCIAL NAVARRO AUBANELL, S.A","url":"https://www.navarroaubanell.com/ca/","logo":{"@type":"ImageObject","inLanguage":"ca","@id":"https://www.navarroaubanell.com/ca/#/schema/logo/image/","url":"https://www.navarroaubanell.com/wp-content/uploads/2017/07/logo-navarro-aubuanell.png","contentUrl":"https://www.navarroaubanell.com/wp-content/uploads/2017/07/logo-navarro-aubuanell.png","width":6304,"height":1154,"caption":"COMERCIAL NAVARRO AUBANELL, S.A"},"image":{"@id":"https://www.navarroaubanell.com/ca/#/schema/logo/image/"}}]}</script>
<!-- / Yoast SEO plugin. -->

La butaca A54-032: formas redondeadas y ergonómicas que ofrecen una experiencia de realx excepcional. Disponible en distintas telas y acabados. Con tacos.

Mobiliario para hotelería, colectividades y oficinas
