{"id":20371,"date":"2017-11-02T14:42:37","date_gmt":"2017-11-02T14:42:37","guid":{"rendered":"https:\/\/www.navarroaubanell.com\/producto\/cadiz\/"},"modified":"2020-03-13T16:20:47","modified_gmt":"2020-03-13T15:20:47","slug":"cadiz","status":"publish","type":"product","link":"https:\/\/www.navarroaubanell.com\/ca\/producte\/cadiz\/","title":{"rendered":"Cadira de bra\u00e7os Cadiz"},"content":{"rendered":"<p>La idea darrere de la cadira de bra\u00e7os Cadiz era reinterpretar d&#8217;una manera moderna, la popular cadira bistro que se&#8217;ns fa familiar a tots. La forma del seient juntament amb les l\u00ednies minimalistes de la cadira, brinden un estil universal i atemporal.<\/p>\n<p>Inspirat per la conviv\u00e8ncia de bars i la cultura hotelera, hem volgut crear producte vers\u00e0til, que encaixaria perfectament en aquests dos ambients. La cadira \u00e9s apilable, feta en alumini i disponible en gran varietat de colors. A m\u00e9s, li hem donat un toc divertit, tenint disponible el seient en xapa llisa com perforada.<\/p>\n","protected":false},"excerpt":{"rendered":"<p>&nbsp;<\/p>\n<p>&nbsp;<\/p>\n","protected":false},"featured_media":19693,"template":"","meta":{"_acf_changed":false},"product_brand":[891],"product_cat":[573,563],"product_tag":[587,749,607,618,666,720],"class_list":{"0":"post-20371","1":"product","2":"type-product","3":"status-publish","4":"has-post-thumbnail","6":"product_brand-isimar-ca","7":"product_cat-cadires-de-bracos-exterior","8":"product_cat-exterior-ca","9":"product_tag-apilable-ca","10":"product_tag-cadira-de-barcos","11":"product_tag-cadiz-ca","12":"product_tag-contract-ca","13":"product_tag-isimar-ca","14":"product_tag-outdoor-ca","15":"description-off","17":"first","18":"instock","19":"shipping-taxable","20":"product-type-simple"},"acf":[],"yoast_head":"<!-- This site is optimized with the Yoast SEO plugin v27.0 - https:\/\/yoast.com\/product\/yoast-seo-wordpress\/ -->\n<title>Cadiz, cadira de bra\u00e7os de disseny en varis colors - Navarro Aubanell<\/title>\n<meta name=\"description\" content=\"La idea darrere de la cadira de bra\u00e7os Cadis era reinterpretar d&#039;una manera moderna, la popular cadira bistro que se&#039;ns fa familiar a tots. Navarro Aubanell\" \/>\n<meta name=\"robots\" content=\"index, follow, max-snippet:-1, max-image-preview:large, max-video-preview:-1\" \/>\n<link rel=\"canonical\" href=\"https:\/\/www.navarroaubanell.com\/ca\/producte\/cadiz\/\" \/>\n<meta property=\"og:locale\" content=\"ca_ES\" \/>\n<meta property=\"og:type\" content=\"article\" \/>\n<meta property=\"og:title\" content=\"Cadiz, cadira de bra\u00e7os de disseny en varis colors - Navarro Aubanell\" \/>\n<meta property=\"og:description\" content=\"La idea darrere de la cadira de bra\u00e7os Cadis era reinterpretar d&#039;una manera moderna, la popular cadira bistro que se&#039;ns fa familiar a tots. Navarro Aubanell\" \/>\n<meta property=\"og:url\" content=\"https:\/\/www.navarroaubanell.com\/ca\/producte\/cadiz\/\" \/>\n<meta property=\"og:site_name\" content=\"Navarro Aubanell\" \/>\n<meta property=\"article:modified_time\" content=\"2020-03-13T15:20:47+00:00\" \/>\n<meta property=\"og:image\" content=\"https:\/\/www.navarroaubanell.com\/wp-content\/uploads\/2017\/11\/img-destacada-cadiz.jpg\" \/>\n\t<meta property=\"og:image:width\" content=\"512\" \/>\n\t<meta property=\"og:image:height\" content=\"512\" \/>\n\t<meta property=\"og:image:type\" content=\"image\/jpeg\" \/>\n<meta name=\"twitter:label1\" content=\"Est. reading time\" \/>\n\t<meta name=\"twitter:data1\" content=\"1 minute\" \/>\n<script type=\"application\/ld+json\" class=\"yoast-schema-graph\">{\"@context\":\"https:\/\/schema.org\",\"@graph\":[{\"@type\":\"WebPage\",\"@id\":\"https:\/\/www.navarroaubanell.com\/ca\/producte\/cadiz\/\",\"url\":\"https:\/\/www.navarroaubanell.com\/ca\/producte\/cadiz\/\",\"name\":\"Cadiz, cadira de bra\u00e7os de disseny en varis colors - Navarro Aubanell\",\"isPartOf\":{\"@id\":\"https:\/\/www.navarroaubanell.com\/ca\/#website\"},\"primaryImageOfPage\":{\"@id\":\"https:\/\/www.navarroaubanell.com\/ca\/producte\/cadiz\/#primaryimage\"},\"image\":{\"@id\":\"https:\/\/www.navarroaubanell.com\/ca\/producte\/cadiz\/#primaryimage\"},\"thumbnailUrl\":\"https:\/\/www.navarroaubanell.com\/wp-content\/uploads\/2017\/11\/img-destacada-cadiz.jpg\",\"datePublished\":\"2017-11-02T14:42:37+00:00\",\"dateModified\":\"2020-03-13T15:20:47+00:00\",\"description\":\"La idea darrere de la cadira de bra\u00e7os Cadis era reinterpretar d'una manera moderna, la popular cadira bistro que se'ns fa familiar a tots. Navarro Aubanell\",\"breadcrumb\":{\"@id\":\"https:\/\/www.navarroaubanell.com\/ca\/producte\/cadiz\/#breadcrumb\"},\"inLanguage\":\"ca\",\"potentialAction\":[{\"@type\":\"ReadAction\",\"target\":[\"https:\/\/www.navarroaubanell.com\/ca\/producte\/cadiz\/\"]}]},{\"@type\":\"ImageObject\",\"inLanguage\":\"ca\",\"@id\":\"https:\/\/www.navarroaubanell.com\/ca\/producte\/cadiz\/#primaryimage\",\"url\":\"https:\/\/www.navarroaubanell.com\/wp-content\/uploads\/2017\/11\/img-destacada-cadiz.jpg\",\"contentUrl\":\"https:\/\/www.navarroaubanell.com\/wp-content\/uploads\/2017\/11\/img-destacada-cadiz.jpg\",\"width\":512,\"height\":512},{\"@type\":\"BreadcrumbList\",\"@id\":\"https:\/\/www.navarroaubanell.com\/ca\/producte\/cadiz\/#breadcrumb\",\"itemListElement\":[{\"@type\":\"ListItem\",\"position\":1,\"name\":\"Portada\",\"item\":\"https:\/\/www.navarroaubanell.com\/ca\/\"},{\"@type\":\"ListItem\",\"position\":2,\"name\":\"Productes\",\"item\":\"https:\/\/www.navarroaubanell.com\/productos\/\"},{\"@type\":\"ListItem\",\"position\":3,\"name\":\"Cadira de bra\u00e7os Cadiz\"}]},{\"@type\":\"WebSite\",\"@id\":\"https:\/\/www.navarroaubanell.com\/ca\/#website\",\"url\":\"https:\/\/www.navarroaubanell.com\/ca\/\",\"name\":\"Navarro Aubanell\",\"description\":\"Mobiliario para hoteler\u00eda, colectividades y oficinas\",\"publisher\":{\"@id\":\"https:\/\/www.navarroaubanell.com\/ca\/#organization\"},\"potentialAction\":[{\"@type\":\"SearchAction\",\"target\":{\"@type\":\"EntryPoint\",\"urlTemplate\":\"https:\/\/www.navarroaubanell.com\/ca\/?s={search_term_string}\"},\"query-input\":{\"@type\":\"PropertyValueSpecification\",\"valueRequired\":true,\"valueName\":\"search_term_string\"}}],\"inLanguage\":\"ca\"},{\"@type\":\"Organization\",\"@id\":\"https:\/\/www.navarroaubanell.com\/ca\/#organization\",\"name\":\"COMERCIAL NAVARRO AUBANELL, S.A\",\"url\":\"https:\/\/www.navarroaubanell.com\/ca\/\",\"logo\":{\"@type\":\"ImageObject\",\"inLanguage\":\"ca\",\"@id\":\"https:\/\/www.navarroaubanell.com\/ca\/#\/schema\/logo\/image\/\",\"url\":\"https:\/\/www.navarroaubanell.com\/wp-content\/uploads\/2017\/07\/logo-navarro-aubuanell.png\",\"contentUrl\":\"https:\/\/www.navarroaubanell.com\/wp-content\/uploads\/2017\/07\/logo-navarro-aubuanell.png\",\"width\":6304,\"height\":1154,\"caption\":\"COMERCIAL NAVARRO AUBANELL, S.A\"},\"image\":{\"@id\":\"https:\/\/www.navarroaubanell.com\/ca\/#\/schema\/logo\/image\/\"}}]}<\/script>\n<!-- \/ Yoast SEO plugin. -->","yoast_head_json":{"title":"Cadiz, cadira de bra\u00e7os de disseny en varis colors - Navarro Aubanell","description":"La idea darrere de la cadira de bra\u00e7os Cadis era reinterpretar d'una manera moderna, la popular cadira bistro que se'ns fa familiar a tots. Navarro Aubanell","robots":{"index":"index","follow":"follow","max-snippet":"max-snippet:-1","max-image-preview":"max-image-preview:large","max-video-preview":"max-video-preview:-1"},"canonical":"https:\/\/www.navarroaubanell.com\/ca\/producte\/cadiz\/","og_locale":"ca_ES","og_type":"article","og_title":"Cadiz, cadira de bra\u00e7os de disseny en varis colors - Navarro Aubanell","og_description":"La idea darrere de la cadira de bra\u00e7os Cadis era reinterpretar d'una manera moderna, la popular cadira bistro que se'ns fa familiar a tots. Navarro Aubanell","og_url":"https:\/\/www.navarroaubanell.com\/ca\/producte\/cadiz\/","og_site_name":"Navarro Aubanell","article_modified_time":"2020-03-13T15:20:47+00:00","og_image":[{"width":512,"height":512,"url":"https:\/\/www.navarroaubanell.com\/wp-content\/uploads\/2017\/11\/img-destacada-cadiz.jpg","type":"image\/jpeg"}],"twitter_misc":{"Est. reading time":"1 minute"},"schema":{"@context":"https:\/\/schema.org","@graph":[{"@type":"WebPage","@id":"https:\/\/www.navarroaubanell.com\/ca\/producte\/cadiz\/","url":"https:\/\/www.navarroaubanell.com\/ca\/producte\/cadiz\/","name":"Cadiz, cadira de bra\u00e7os de disseny en varis colors - Navarro Aubanell","isPartOf":{"@id":"https:\/\/www.navarroaubanell.com\/ca\/#website"},"primaryImageOfPage":{"@id":"https:\/\/www.navarroaubanell.com\/ca\/producte\/cadiz\/#primaryimage"},"image":{"@id":"https:\/\/www.navarroaubanell.com\/ca\/producte\/cadiz\/#primaryimage"},"thumbnailUrl":"https:\/\/www.navarroaubanell.com\/wp-content\/uploads\/2017\/11\/img-destacada-cadiz.jpg","datePublished":"2017-11-02T14:42:37+00:00","dateModified":"2020-03-13T15:20:47+00:00","description":"La idea darrere de la cadira de bra\u00e7os Cadis era reinterpretar d'una manera moderna, la popular cadira bistro que se'ns fa familiar a tots. Navarro Aubanell","breadcrumb":{"@id":"https:\/\/www.navarroaubanell.com\/ca\/producte\/cadiz\/#breadcrumb"},"inLanguage":"ca","potentialAction":[{"@type":"ReadAction","target":["https:\/\/www.navarroaubanell.com\/ca\/producte\/cadiz\/"]}]},{"@type":"ImageObject","inLanguage":"ca","@id":"https:\/\/www.navarroaubanell.com\/ca\/producte\/cadiz\/#primaryimage","url":"https:\/\/www.navarroaubanell.com\/wp-content\/uploads\/2017\/11\/img-destacada-cadiz.jpg","contentUrl":"https:\/\/www.navarroaubanell.com\/wp-content\/uploads\/2017\/11\/img-destacada-cadiz.jpg","width":512,"height":512},{"@type":"BreadcrumbList","@id":"https:\/\/www.navarroaubanell.com\/ca\/producte\/cadiz\/#breadcrumb","itemListElement":[{"@type":"ListItem","position":1,"name":"Portada","item":"https:\/\/www.navarroaubanell.com\/ca\/"},{"@type":"ListItem","position":2,"name":"Productes","item":"https:\/\/www.navarroaubanell.com\/productos\/"},{"@type":"ListItem","position":3,"name":"Cadira de bra\u00e7os Cadiz"}]},{"@type":"WebSite","@id":"https:\/\/www.navarroaubanell.com\/ca\/#website","url":"https:\/\/www.navarroaubanell.com\/ca\/","name":"Navarro Aubanell","description":"Mobiliario para hoteler\u00eda, colectividades y oficinas","publisher":{"@id":"https:\/\/www.navarroaubanell.com\/ca\/#organization"},"potentialAction":[{"@type":"SearchAction","target":{"@type":"EntryPoint","urlTemplate":"https:\/\/www.navarroaubanell.com\/ca\/?s={search_term_string}"},"query-input":{"@type":"PropertyValueSpecification","valueRequired":true,"valueName":"search_term_string"}}],"inLanguage":"ca"},{"@type":"Organization","@id":"https:\/\/www.navarroaubanell.com\/ca\/#organization","name":"COMERCIAL NAVARRO AUBANELL, S.A","url":"https:\/\/www.navarroaubanell.com\/ca\/","logo":{"@type":"ImageObject","inLanguage":"ca","@id":"https:\/\/www.navarroaubanell.com\/ca\/#\/schema\/logo\/image\/","url":"https:\/\/www.navarroaubanell.com\/wp-content\/uploads\/2017\/07\/logo-navarro-aubuanell.png","contentUrl":"https:\/\/www.navarroaubanell.com\/wp-content\/uploads\/2017\/07\/logo-navarro-aubuanell.png","width":6304,"height":1154,"caption":"COMERCIAL NAVARRO AUBANELL, S.A"},"image":{"@id":"https:\/\/www.navarroaubanell.com\/ca\/#\/schema\/logo\/image\/"}}]}},"_links":{"self":[{"href":"https:\/\/www.navarroaubanell.com\/ca\/wp-json\/wp\/v2\/product\/20371","targetHints":{"allow":["GET"]}}],"collection":[{"href":"https:\/\/www.navarroaubanell.com\/ca\/wp-json\/wp\/v2\/product"}],"about":[{"href":"https:\/\/www.navarroaubanell.com\/ca\/wp-json\/wp\/v2\/types\/product"}],"wp:featuredmedia":[{"embeddable":true,"href":"https:\/\/www.navarroaubanell.com\/ca\/wp-json\/wp\/v2\/media\/19693"}],"wp:attachment":[{"href":"https:\/\/www.navarroaubanell.com\/ca\/wp-json\/wp\/v2\/media?parent=20371"}],"wp:term":[{"taxonomy":"product_brand","embeddable":true,"href":"https:\/\/www.navarroaubanell.com\/ca\/wp-json\/wp\/v2\/product_brand?post=20371"},{"taxonomy":"product_cat","embeddable":true,"href":"https:\/\/www.navarroaubanell.com\/ca\/wp-json\/wp\/v2\/product_cat?post=20371"},{"taxonomy":"product_tag","embeddable":true,"href":"https:\/\/www.navarroaubanell.com\/ca\/wp-json\/wp\/v2\/product_tag?post=20371"}],"curies":[{"name":"wp","href":"https:\/\/api.w.org\/{rel}","templated":true}]}}

Cadira de braços Cadiz

<p>La idea darrere de la cadira de braços Cadiz era reinterpretar d&#8217;una manera moderna, la popular cadira bistro que se&#8217;ns fa familiar a tots. La forma del seient juntament amb les línies minimalistes de la cadira, brinden un estil universal i atemporal.</p>
<p>Inspirat per la convivència de bars i la cultura hotelera, hem volgut crear producte versàtil, que encaixaria perfectament en aquests dos ambients. La cadira és apilable, feta en alumini i disponible en gran varietat de colors. A més, li hem donat un toc divertit, tenint disponible el seient en xapa llisa com perforada.</p>

<!-- This site is optimized with the Yoast SEO plugin v27.0 - https://yoast.com/product/yoast-seo-wordpress/ -->
<title>Cadiz, cadira de braços de disseny en varis colors - Navarro Aubanell</title>
<meta name="description" content="La idea darrere de la cadira de braços Cadis era reinterpretar d&#039;una manera moderna, la popular cadira bistro que se&#039;ns fa familiar a tots. Navarro Aubanell" />
<meta name="robots" content="index, follow, max-snippet:-1, max-image-preview:large, max-video-preview:-1" />
<link rel="canonical" href="https://www.navarroaubanell.com/ca/producte/cadiz/" />
<meta property="og:locale" content="ca_ES" />
<meta property="og:type" content="article" />
<meta property="og:title" content="Cadiz, cadira de braços de disseny en varis colors - Navarro Aubanell" />
<meta property="og:description" content="La idea darrere de la cadira de braços Cadis era reinterpretar d&#039;una manera moderna, la popular cadira bistro que se&#039;ns fa familiar a tots. Navarro Aubanell" />
<meta property="og:url" content="https://www.navarroaubanell.com/ca/producte/cadiz/" />
<meta property="og:site_name" content="Navarro Aubanell" />
<meta property="article:modified_time" content="2020-03-13T15:20:47+00:00" />
<meta property="og:image" content="https://www.navarroaubanell.com/wp-content/uploads/2017/11/img-destacada-cadiz.jpg" />
	<meta property="og:image:width" content="512" />
	<meta property="og:image:height" content="512" />
	<meta property="og:image:type" content="image/jpeg" />
<meta name="twitter:label1" content="Est. reading time" />
	<meta name="twitter:data1" content="1 minute" />
<script type="application/ld+json" class="yoast-schema-graph">{"@context":"https://schema.org","@graph":[{"@type":"WebPage","@id":"https://www.navarroaubanell.com/ca/producte/cadiz/","url":"https://www.navarroaubanell.com/ca/producte/cadiz/","name":"Cadiz, cadira de braços de disseny en varis colors - Navarro Aubanell","isPartOf":{"@id":"https://www.navarroaubanell.com/ca/#website"},"primaryImageOfPage":{"@id":"https://www.navarroaubanell.com/ca/producte/cadiz/#primaryimage"},"image":{"@id":"https://www.navarroaubanell.com/ca/producte/cadiz/#primaryimage"},"thumbnailUrl":"https://www.navarroaubanell.com/wp-content/uploads/2017/11/img-destacada-cadiz.jpg","datePublished":"2017-11-02T14:42:37+00:00","dateModified":"2020-03-13T15:20:47+00:00","description":"La idea darrere de la cadira de braços Cadis era reinterpretar d'una manera moderna, la popular cadira bistro que se'ns fa familiar a tots. Navarro Aubanell","breadcrumb":{"@id":"https://www.navarroaubanell.com/ca/producte/cadiz/#breadcrumb"},"inLanguage":"ca","potentialAction":[{"@type":"ReadAction","target":["https://www.navarroaubanell.com/ca/producte/cadiz/"]}]},{"@type":"ImageObject","inLanguage":"ca","@id":"https://www.navarroaubanell.com/ca/producte/cadiz/#primaryimage","url":"https://www.navarroaubanell.com/wp-content/uploads/2017/11/img-destacada-cadiz.jpg","contentUrl":"https://www.navarroaubanell.com/wp-content/uploads/2017/11/img-destacada-cadiz.jpg","width":512,"height":512},{"@type":"BreadcrumbList","@id":"https://www.navarroaubanell.com/ca/producte/cadiz/#breadcrumb","itemListElement":[{"@type":"ListItem","position":1,"name":"Portada","item":"https://www.navarroaubanell.com/ca/"},{"@type":"ListItem","position":2,"name":"Productes","item":"https://www.navarroaubanell.com/productos/"},{"@type":"ListItem","position":3,"name":"Cadira de braços Cadiz"}]},{"@type":"WebSite","@id":"https://www.navarroaubanell.com/ca/#website","url":"https://www.navarroaubanell.com/ca/","name":"Navarro Aubanell","description":"Mobiliario para hotelería, colectividades y oficinas","publisher":{"@id":"https://www.navarroaubanell.com/ca/#organization"},"potentialAction":[{"@type":"SearchAction","target":{"@type":"EntryPoint","urlTemplate":"https://www.navarroaubanell.com/ca/?s={search_term_string}"},"query-input":{"@type":"PropertyValueSpecification","valueRequired":true,"valueName":"search_term_string"}}],"inLanguage":"ca"},{"@type":"Organization","@id":"https://www.navarroaubanell.com/ca/#organization","name":"COMERCIAL NAVARRO AUBANELL, S.A","url":"https://www.navarroaubanell.com/ca/","logo":{"@type":"ImageObject","inLanguage":"ca","@id":"https://www.navarroaubanell.com/ca/#/schema/logo/image/","url":"https://www.navarroaubanell.com/wp-content/uploads/2017/07/logo-navarro-aubuanell.png","contentUrl":"https://www.navarroaubanell.com/wp-content/uploads/2017/07/logo-navarro-aubuanell.png","width":6304,"height":1154,"caption":"COMERCIAL NAVARRO AUBANELL, S.A"},"image":{"@id":"https://www.navarroaubanell.com/ca/#/schema/logo/image/"}}]}</script>
<!-- / Yoast SEO plugin. -->

Cadiz, cadira de braços de disseny en varis colors - Navarro Aubanell

La idea darrere de la cadira de braços Cadis era reinterpretar d'una manera moderna, la popular cadira bistro que se'ns fa familiar a tots. Navarro Aubanell

Mobiliario para hotelería, colectividades y oficinas
