{"id":20295,"date":"2017-07-24T14:40:41","date_gmt":"2017-07-24T14:40:41","guid":{"rendered":"https:\/\/www.navarroaubanell.com\/producto\/fox\/"},"modified":"2020-03-13T09:38:19","modified_gmt":"2020-03-13T08:38:19","slug":"fox","status":"publish","type":"product","link":"https:\/\/www.navarroaubanell.com\/ca\/producte\/fox\/","title":{"rendered":"Cadira de bra\u00e7os Fox"},"content":{"rendered":"<p>Fox \u00e9s una col\u00b7lecci\u00f3 elegant de butaques amb un car\u00e0cter diferent i de dimensions petites. Una carcassa subtil de polipropil\u00e8 refor\u00e7at amb fibres de vidre s&#8217;insereix en un perfil de freixe corbat i arrodonit a les extremitats &#8211; com si fos una abra\u00e7ada.<\/p>\n<p>La versatilitat i funcionalitat de la col\u00b7lecci\u00f3 es garanteix gr\u00e0cies a les combinacions crom\u00e0tiques m\u00faltiples entre la fusta i el propil\u00e8, que poden associar-se a potes de freixe de secci\u00f3 variable.<\/p>\n","protected":false},"excerpt":{"rendered":"<p>&nbsp;<\/p>\n<p>&nbsp;<\/p>\n","protected":false},"featured_media":24626,"template":"","meta":{"_acf_changed":false},"product_brand":[882],"product_cat":[534,525],"product_tag":[749,618,648,664,729],"class_list":{"0":"post-20295","1":"product","2":"type-product","3":"status-publish","4":"has-post-thumbnail","6":"product_brand-pedrali-ca","7":"product_cat-cadires-de-bracos","8":"product_cat-interior","9":"product_tag-cadira-de-barcos","10":"product_tag-contract-ca","11":"product_tag-fox-ca","12":"product_tag-interior-ca","13":"product_tag-pedrali-ca","14":"description-off","16":"first","17":"instock","18":"shipping-taxable","19":"product-type-simple"},"acf":[],"yoast_head":"<!-- This site is optimized with the Yoast SEO plugin v27.0 - https:\/\/yoast.com\/product\/yoast-seo-wordpress\/ -->\n<title>Cadira de bra\u00e7os Fox, de la firma de mobles Pedrali - Navarro Aubanell<\/title>\n<meta name=\"description\" content=\"Fox \u00e9s una col\u00b7lecci\u00f3 elegant de butaques amb un car\u00e0cter diferent i de dimensions petites. La versatilitat i funcionalitat de la col\u00b7lecci\u00f3 es garanteix.\" \/>\n<meta name=\"robots\" content=\"index, follow, max-snippet:-1, max-image-preview:large, max-video-preview:-1\" \/>\n<link rel=\"canonical\" href=\"https:\/\/www.navarroaubanell.com\/ca\/producte\/fox\/\" \/>\n<meta property=\"og:locale\" content=\"ca_ES\" \/>\n<meta property=\"og:type\" content=\"article\" \/>\n<meta property=\"og:title\" content=\"Cadira de bra\u00e7os Fox, de la firma de mobles Pedrali - Navarro Aubanell\" \/>\n<meta property=\"og:description\" content=\"Fox \u00e9s una col\u00b7lecci\u00f3 elegant de butaques amb un car\u00e0cter diferent i de dimensions petites. La versatilitat i funcionalitat de la col\u00b7lecci\u00f3 es garanteix.\" \/>\n<meta property=\"og:url\" content=\"https:\/\/www.navarroaubanell.com\/ca\/producte\/fox\/\" \/>\n<meta property=\"og:site_name\" content=\"Navarro Aubanell\" \/>\n<meta property=\"article:modified_time\" content=\"2020-03-13T08:38:19+00:00\" \/>\n<meta property=\"og:image\" content=\"https:\/\/www.navarroaubanell.com\/wp-content\/uploads\/2017\/07\/fox-01.jpg\" \/>\n\t<meta property=\"og:image:width\" content=\"800\" \/>\n\t<meta property=\"og:image:height\" content=\"650\" \/>\n\t<meta property=\"og:image:type\" content=\"image\/jpeg\" \/>\n<script type=\"application\/ld+json\" class=\"yoast-schema-graph\">{\"@context\":\"https:\/\/schema.org\",\"@graph\":[{\"@type\":\"WebPage\",\"@id\":\"https:\/\/www.navarroaubanell.com\/ca\/producte\/fox\/\",\"url\":\"https:\/\/www.navarroaubanell.com\/ca\/producte\/fox\/\",\"name\":\"Cadira de bra\u00e7os Fox, de la firma de mobles Pedrali - Navarro Aubanell\",\"isPartOf\":{\"@id\":\"https:\/\/www.navarroaubanell.com\/ca\/#website\"},\"primaryImageOfPage\":{\"@id\":\"https:\/\/www.navarroaubanell.com\/ca\/producte\/fox\/#primaryimage\"},\"image\":{\"@id\":\"https:\/\/www.navarroaubanell.com\/ca\/producte\/fox\/#primaryimage\"},\"thumbnailUrl\":\"https:\/\/www.navarroaubanell.com\/wp-content\/uploads\/2017\/07\/fox-01.jpg\",\"datePublished\":\"2017-07-24T14:40:41+00:00\",\"dateModified\":\"2020-03-13T08:38:19+00:00\",\"description\":\"Fox \u00e9s una col\u00b7lecci\u00f3 elegant de butaques amb un car\u00e0cter diferent i de dimensions petites. La versatilitat i funcionalitat de la col\u00b7lecci\u00f3 es garanteix.\",\"breadcrumb\":{\"@id\":\"https:\/\/www.navarroaubanell.com\/ca\/producte\/fox\/#breadcrumb\"},\"inLanguage\":\"ca\",\"potentialAction\":[{\"@type\":\"ReadAction\",\"target\":[\"https:\/\/www.navarroaubanell.com\/ca\/producte\/fox\/\"]}]},{\"@type\":\"ImageObject\",\"inLanguage\":\"ca\",\"@id\":\"https:\/\/www.navarroaubanell.com\/ca\/producte\/fox\/#primaryimage\",\"url\":\"https:\/\/www.navarroaubanell.com\/wp-content\/uploads\/2017\/07\/fox-01.jpg\",\"contentUrl\":\"https:\/\/www.navarroaubanell.com\/wp-content\/uploads\/2017\/07\/fox-01.jpg\",\"width\":800,\"height\":650},{\"@type\":\"BreadcrumbList\",\"@id\":\"https:\/\/www.navarroaubanell.com\/ca\/producte\/fox\/#breadcrumb\",\"itemListElement\":[{\"@type\":\"ListItem\",\"position\":1,\"name\":\"Portada\",\"item\":\"https:\/\/www.navarroaubanell.com\/ca\/\"},{\"@type\":\"ListItem\",\"position\":2,\"name\":\"Productes\",\"item\":\"https:\/\/www.navarroaubanell.com\/productos\/\"},{\"@type\":\"ListItem\",\"position\":3,\"name\":\"Cadira de bra\u00e7os Fox\"}]},{\"@type\":\"WebSite\",\"@id\":\"https:\/\/www.navarroaubanell.com\/ca\/#website\",\"url\":\"https:\/\/www.navarroaubanell.com\/ca\/\",\"name\":\"Navarro Aubanell\",\"description\":\"Mobiliario para hoteler\u00eda, colectividades y oficinas\",\"publisher\":{\"@id\":\"https:\/\/www.navarroaubanell.com\/ca\/#organization\"},\"potentialAction\":[{\"@type\":\"SearchAction\",\"target\":{\"@type\":\"EntryPoint\",\"urlTemplate\":\"https:\/\/www.navarroaubanell.com\/ca\/?s={search_term_string}\"},\"query-input\":{\"@type\":\"PropertyValueSpecification\",\"valueRequired\":true,\"valueName\":\"search_term_string\"}}],\"inLanguage\":\"ca\"},{\"@type\":\"Organization\",\"@id\":\"https:\/\/www.navarroaubanell.com\/ca\/#organization\",\"name\":\"COMERCIAL NAVARRO AUBANELL, S.A\",\"url\":\"https:\/\/www.navarroaubanell.com\/ca\/\",\"logo\":{\"@type\":\"ImageObject\",\"inLanguage\":\"ca\",\"@id\":\"https:\/\/www.navarroaubanell.com\/ca\/#\/schema\/logo\/image\/\",\"url\":\"https:\/\/www.navarroaubanell.com\/wp-content\/uploads\/2017\/07\/logo-navarro-aubuanell.png\",\"contentUrl\":\"https:\/\/www.navarroaubanell.com\/wp-content\/uploads\/2017\/07\/logo-navarro-aubuanell.png\",\"width\":6304,\"height\":1154,\"caption\":\"COMERCIAL NAVARRO AUBANELL, S.A\"},\"image\":{\"@id\":\"https:\/\/www.navarroaubanell.com\/ca\/#\/schema\/logo\/image\/\"}}]}<\/script>\n<!-- \/ Yoast SEO plugin. -->","yoast_head_json":{"title":"Cadira de bra\u00e7os Fox, de la firma de mobles Pedrali - Navarro Aubanell","description":"Fox \u00e9s una col\u00b7lecci\u00f3 elegant de butaques amb un car\u00e0cter diferent i de dimensions petites. La versatilitat i funcionalitat de la col\u00b7lecci\u00f3 es garanteix.","robots":{"index":"index","follow":"follow","max-snippet":"max-snippet:-1","max-image-preview":"max-image-preview:large","max-video-preview":"max-video-preview:-1"},"canonical":"https:\/\/www.navarroaubanell.com\/ca\/producte\/fox\/","og_locale":"ca_ES","og_type":"article","og_title":"Cadira de bra\u00e7os Fox, de la firma de mobles Pedrali - Navarro Aubanell","og_description":"Fox \u00e9s una col\u00b7lecci\u00f3 elegant de butaques amb un car\u00e0cter diferent i de dimensions petites. La versatilitat i funcionalitat de la col\u00b7lecci\u00f3 es garanteix.","og_url":"https:\/\/www.navarroaubanell.com\/ca\/producte\/fox\/","og_site_name":"Navarro Aubanell","article_modified_time":"2020-03-13T08:38:19+00:00","og_image":[{"width":800,"height":650,"url":"https:\/\/www.navarroaubanell.com\/wp-content\/uploads\/2017\/07\/fox-01.jpg","type":"image\/jpeg"}],"schema":{"@context":"https:\/\/schema.org","@graph":[{"@type":"WebPage","@id":"https:\/\/www.navarroaubanell.com\/ca\/producte\/fox\/","url":"https:\/\/www.navarroaubanell.com\/ca\/producte\/fox\/","name":"Cadira de bra\u00e7os Fox, de la firma de mobles Pedrali - Navarro Aubanell","isPartOf":{"@id":"https:\/\/www.navarroaubanell.com\/ca\/#website"},"primaryImageOfPage":{"@id":"https:\/\/www.navarroaubanell.com\/ca\/producte\/fox\/#primaryimage"},"image":{"@id":"https:\/\/www.navarroaubanell.com\/ca\/producte\/fox\/#primaryimage"},"thumbnailUrl":"https:\/\/www.navarroaubanell.com\/wp-content\/uploads\/2017\/07\/fox-01.jpg","datePublished":"2017-07-24T14:40:41+00:00","dateModified":"2020-03-13T08:38:19+00:00","description":"Fox \u00e9s una col\u00b7lecci\u00f3 elegant de butaques amb un car\u00e0cter diferent i de dimensions petites. La versatilitat i funcionalitat de la col\u00b7lecci\u00f3 es garanteix.","breadcrumb":{"@id":"https:\/\/www.navarroaubanell.com\/ca\/producte\/fox\/#breadcrumb"},"inLanguage":"ca","potentialAction":[{"@type":"ReadAction","target":["https:\/\/www.navarroaubanell.com\/ca\/producte\/fox\/"]}]},{"@type":"ImageObject","inLanguage":"ca","@id":"https:\/\/www.navarroaubanell.com\/ca\/producte\/fox\/#primaryimage","url":"https:\/\/www.navarroaubanell.com\/wp-content\/uploads\/2017\/07\/fox-01.jpg","contentUrl":"https:\/\/www.navarroaubanell.com\/wp-content\/uploads\/2017\/07\/fox-01.jpg","width":800,"height":650},{"@type":"BreadcrumbList","@id":"https:\/\/www.navarroaubanell.com\/ca\/producte\/fox\/#breadcrumb","itemListElement":[{"@type":"ListItem","position":1,"name":"Portada","item":"https:\/\/www.navarroaubanell.com\/ca\/"},{"@type":"ListItem","position":2,"name":"Productes","item":"https:\/\/www.navarroaubanell.com\/productos\/"},{"@type":"ListItem","position":3,"name":"Cadira de bra\u00e7os Fox"}]},{"@type":"WebSite","@id":"https:\/\/www.navarroaubanell.com\/ca\/#website","url":"https:\/\/www.navarroaubanell.com\/ca\/","name":"Navarro Aubanell","description":"Mobiliario para hoteler\u00eda, colectividades y oficinas","publisher":{"@id":"https:\/\/www.navarroaubanell.com\/ca\/#organization"},"potentialAction":[{"@type":"SearchAction","target":{"@type":"EntryPoint","urlTemplate":"https:\/\/www.navarroaubanell.com\/ca\/?s={search_term_string}"},"query-input":{"@type":"PropertyValueSpecification","valueRequired":true,"valueName":"search_term_string"}}],"inLanguage":"ca"},{"@type":"Organization","@id":"https:\/\/www.navarroaubanell.com\/ca\/#organization","name":"COMERCIAL NAVARRO AUBANELL, S.A","url":"https:\/\/www.navarroaubanell.com\/ca\/","logo":{"@type":"ImageObject","inLanguage":"ca","@id":"https:\/\/www.navarroaubanell.com\/ca\/#\/schema\/logo\/image\/","url":"https:\/\/www.navarroaubanell.com\/wp-content\/uploads\/2017\/07\/logo-navarro-aubuanell.png","contentUrl":"https:\/\/www.navarroaubanell.com\/wp-content\/uploads\/2017\/07\/logo-navarro-aubuanell.png","width":6304,"height":1154,"caption":"COMERCIAL NAVARRO AUBANELL, S.A"},"image":{"@id":"https:\/\/www.navarroaubanell.com\/ca\/#\/schema\/logo\/image\/"}}]}},"_links":{"self":[{"href":"https:\/\/www.navarroaubanell.com\/ca\/wp-json\/wp\/v2\/product\/20295","targetHints":{"allow":["GET"]}}],"collection":[{"href":"https:\/\/www.navarroaubanell.com\/ca\/wp-json\/wp\/v2\/product"}],"about":[{"href":"https:\/\/www.navarroaubanell.com\/ca\/wp-json\/wp\/v2\/types\/product"}],"wp:featuredmedia":[{"embeddable":true,"href":"https:\/\/www.navarroaubanell.com\/ca\/wp-json\/wp\/v2\/media\/24626"}],"wp:attachment":[{"href":"https:\/\/www.navarroaubanell.com\/ca\/wp-json\/wp\/v2\/media?parent=20295"}],"wp:term":[{"taxonomy":"product_brand","embeddable":true,"href":"https:\/\/www.navarroaubanell.com\/ca\/wp-json\/wp\/v2\/product_brand?post=20295"},{"taxonomy":"product_cat","embeddable":true,"href":"https:\/\/www.navarroaubanell.com\/ca\/wp-json\/wp\/v2\/product_cat?post=20295"},{"taxonomy":"product_tag","embeddable":true,"href":"https:\/\/www.navarroaubanell.com\/ca\/wp-json\/wp\/v2\/product_tag?post=20295"}],"curies":[{"name":"wp","href":"https:\/\/api.w.org\/{rel}","templated":true}]}}

Cadira de braços Fox

<p>Fox és una col·lecció elegant de butaques amb un caràcter diferent i de dimensions petites. Una carcassa subtil de polipropilè reforçat amb fibres de vidre s&#8217;insereix en un perfil de freixe corbat i arrodonit a les extremitats &#8211; com si fos una abraçada.</p>
<p>La versatilitat i funcionalitat de la col·lecció es garanteix gràcies a les combinacions cromàtiques múltiples entre la fusta i el propilè, que poden associar-se a potes de freixe de secció variable.</p>

<!-- This site is optimized with the Yoast SEO plugin v27.0 - https://yoast.com/product/yoast-seo-wordpress/ -->
<title>Cadira de braços Fox, de la firma de mobles Pedrali - Navarro Aubanell</title>
<meta name="description" content="Fox és una col·lecció elegant de butaques amb un caràcter diferent i de dimensions petites. La versatilitat i funcionalitat de la col·lecció es garanteix." />
<meta name="robots" content="index, follow, max-snippet:-1, max-image-preview:large, max-video-preview:-1" />
<link rel="canonical" href="https://www.navarroaubanell.com/ca/producte/fox/" />
<meta property="og:locale" content="ca_ES" />
<meta property="og:type" content="article" />
<meta property="og:title" content="Cadira de braços Fox, de la firma de mobles Pedrali - Navarro Aubanell" />
<meta property="og:description" content="Fox és una col·lecció elegant de butaques amb un caràcter diferent i de dimensions petites. La versatilitat i funcionalitat de la col·lecció es garanteix." />
<meta property="og:url" content="https://www.navarroaubanell.com/ca/producte/fox/" />
<meta property="og:site_name" content="Navarro Aubanell" />
<meta property="article:modified_time" content="2020-03-13T08:38:19+00:00" />
<meta property="og:image" content="https://www.navarroaubanell.com/wp-content/uploads/2017/07/fox-01.jpg" />
	<meta property="og:image:width" content="800" />
	<meta property="og:image:height" content="650" />
	<meta property="og:image:type" content="image/jpeg" />
<script type="application/ld+json" class="yoast-schema-graph">{"@context":"https://schema.org","@graph":[{"@type":"WebPage","@id":"https://www.navarroaubanell.com/ca/producte/fox/","url":"https://www.navarroaubanell.com/ca/producte/fox/","name":"Cadira de braços Fox, de la firma de mobles Pedrali - Navarro Aubanell","isPartOf":{"@id":"https://www.navarroaubanell.com/ca/#website"},"primaryImageOfPage":{"@id":"https://www.navarroaubanell.com/ca/producte/fox/#primaryimage"},"image":{"@id":"https://www.navarroaubanell.com/ca/producte/fox/#primaryimage"},"thumbnailUrl":"https://www.navarroaubanell.com/wp-content/uploads/2017/07/fox-01.jpg","datePublished":"2017-07-24T14:40:41+00:00","dateModified":"2020-03-13T08:38:19+00:00","description":"Fox és una col·lecció elegant de butaques amb un caràcter diferent i de dimensions petites. La versatilitat i funcionalitat de la col·lecció es garanteix.","breadcrumb":{"@id":"https://www.navarroaubanell.com/ca/producte/fox/#breadcrumb"},"inLanguage":"ca","potentialAction":[{"@type":"ReadAction","target":["https://www.navarroaubanell.com/ca/producte/fox/"]}]},{"@type":"ImageObject","inLanguage":"ca","@id":"https://www.navarroaubanell.com/ca/producte/fox/#primaryimage","url":"https://www.navarroaubanell.com/wp-content/uploads/2017/07/fox-01.jpg","contentUrl":"https://www.navarroaubanell.com/wp-content/uploads/2017/07/fox-01.jpg","width":800,"height":650},{"@type":"BreadcrumbList","@id":"https://www.navarroaubanell.com/ca/producte/fox/#breadcrumb","itemListElement":[{"@type":"ListItem","position":1,"name":"Portada","item":"https://www.navarroaubanell.com/ca/"},{"@type":"ListItem","position":2,"name":"Productes","item":"https://www.navarroaubanell.com/productos/"},{"@type":"ListItem","position":3,"name":"Cadira de braços Fox"}]},{"@type":"WebSite","@id":"https://www.navarroaubanell.com/ca/#website","url":"https://www.navarroaubanell.com/ca/","name":"Navarro Aubanell","description":"Mobiliario para hotelería, colectividades y oficinas","publisher":{"@id":"https://www.navarroaubanell.com/ca/#organization"},"potentialAction":[{"@type":"SearchAction","target":{"@type":"EntryPoint","urlTemplate":"https://www.navarroaubanell.com/ca/?s={search_term_string}"},"query-input":{"@type":"PropertyValueSpecification","valueRequired":true,"valueName":"search_term_string"}}],"inLanguage":"ca"},{"@type":"Organization","@id":"https://www.navarroaubanell.com/ca/#organization","name":"COMERCIAL NAVARRO AUBANELL, S.A","url":"https://www.navarroaubanell.com/ca/","logo":{"@type":"ImageObject","inLanguage":"ca","@id":"https://www.navarroaubanell.com/ca/#/schema/logo/image/","url":"https://www.navarroaubanell.com/wp-content/uploads/2017/07/logo-navarro-aubuanell.png","contentUrl":"https://www.navarroaubanell.com/wp-content/uploads/2017/07/logo-navarro-aubuanell.png","width":6304,"height":1154,"caption":"COMERCIAL NAVARRO AUBANELL, S.A"},"image":{"@id":"https://www.navarroaubanell.com/ca/#/schema/logo/image/"}}]}</script>
<!-- / Yoast SEO plugin. -->

Cadira de braços Fox, de la firma de mobles Pedrali - Navarro Aubanell

Fox és una col·lecció elegant de butaques amb un caràcter diferent i de dimensions petites. La versatilitat i funcionalitat de la col·lecció es garanteix.

Mobiliario para hotelería, colectividades y oficinas
