{"id":20284,"date":"2017-09-20T13:17:54","date_gmt":"2017-09-20T13:17:54","guid":{"rendered":"https:\/\/www.navarroaubanell.com\/producto\/piazza-1\/"},"modified":"2020-03-12T15:50:50","modified_gmt":"2020-03-12T14:50:50","slug":"piazza-1","status":"publish","type":"product","link":"https:\/\/www.navarroaubanell.com\/ca\/producte\/piazza-1\/","title":{"rendered":"Cadira Piazza 1"},"content":{"rendered":"<p>A primera vista, Piazza t\u00e9 un aspecte familiar i els trets d&#8217;un vell amic. La tradicional cadira de cafeteria dels anys vint va servir com a model per a aquest projecte amb formes equilibrades i c\u00f2modes, la versatilitat sobrepassa la dels seus predecessors en fusta. La monocarcassa en pl\u00e0stic \u00e9s resistent al vent i a qualsevol tipus de clima. La cadira, amb el seu disseny agradable i la seva subtil gamma de colors, combina tan amb ambients contemporanis com antics. A m\u00e9s \u00e9s apilable en totes les seves versions.<\/p>\n","protected":false},"excerpt":{"rendered":"<p>A primera vista, Piazza t\u00e9 un aspecte familiar i els trets d&#8217;un vell amic. La tradicional cadira de cafeteria dels anys vint va servir com a model per a aquest projecte amb formes equilibrades i c\u00f2modes, la versatilitat sobrepassa la dels seus predecessors en fusta. La monocarcassa en pl\u00e0stic \u00e9s resistent al vent i a&hellip;<\/p>\n","protected":false},"featured_media":29525,"template":"","meta":{"_acf_changed":false},"product_brand":[889],"product_cat":[533,572,563,525],"product_tag":[863,606,618,720,721],"class_list":{"0":"post-20284","1":"product","2":"type-product","3":"status-publish","4":"has-post-thumbnail","6":"product_brand-colos-ca","7":"product_cat-cadires","8":"product_cat-cadires-exterior","9":"product_cat-exterior-ca","10":"product_cat-interior","11":"product_tag-cadira","12":"product_tag-colos-ca","13":"product_tag-contract-ca","14":"product_tag-outdoor-ca","15":"product_tag-piazza-ca","16":"description-off","18":"first","19":"instock","20":"shipping-taxable","21":"product-type-simple"},"acf":[],"yoast_head":"<!-- This site is optimized with the Yoast SEO plugin v27.0 - https:\/\/yoast.com\/product\/yoast-seo-wordpress\/ -->\n<title>Cadira Piazza 1, de la firma Colos - Navarro Aubanell<\/title>\n<meta name=\"description\" content=\"Piazza 1 t\u00e9 un aspecte familiar i els trets d&#039;un vell amic. La tradicional cadira de cafeteria dels anys vint. Ambients contemporanis i antics\" \/>\n<meta name=\"robots\" content=\"index, follow, max-snippet:-1, max-image-preview:large, max-video-preview:-1\" \/>\n<link rel=\"canonical\" href=\"https:\/\/www.navarroaubanell.com\/ca\/producte\/piazza-1\/\" \/>\n<meta property=\"og:locale\" content=\"ca_ES\" \/>\n<meta property=\"og:type\" content=\"article\" \/>\n<meta property=\"og:title\" content=\"Cadira Piazza 1, de la firma Colos - Navarro Aubanell\" \/>\n<meta property=\"og:description\" content=\"Piazza 1 t\u00e9 un aspecte familiar i els trets d&#039;un vell amic. La tradicional cadira de cafeteria dels anys vint. Ambients contemporanis i antics\" \/>\n<meta property=\"og:url\" content=\"https:\/\/www.navarroaubanell.com\/ca\/producte\/piazza-1\/\" \/>\n<meta property=\"og:site_name\" content=\"Navarro Aubanell\" \/>\n<meta property=\"article:modified_time\" content=\"2020-03-12T14:50:50+00:00\" \/>\n<meta property=\"og:image\" content=\"https:\/\/www.navarroaubanell.com\/wp-content\/uploads\/2017\/09\/PIAZZA-1.jpg\" \/>\n\t<meta property=\"og:image:width\" content=\"800\" \/>\n\t<meta property=\"og:image:height\" content=\"650\" \/>\n\t<meta property=\"og:image:type\" content=\"image\/jpeg\" \/>\n<script type=\"application\/ld+json\" class=\"yoast-schema-graph\">{\"@context\":\"https:\/\/schema.org\",\"@graph\":[{\"@type\":\"WebPage\",\"@id\":\"https:\/\/www.navarroaubanell.com\/ca\/producte\/piazza-1\/\",\"url\":\"https:\/\/www.navarroaubanell.com\/ca\/producte\/piazza-1\/\",\"name\":\"Cadira Piazza 1, de la firma Colos - Navarro Aubanell\",\"isPartOf\":{\"@id\":\"https:\/\/www.navarroaubanell.com\/ca\/#website\"},\"primaryImageOfPage\":{\"@id\":\"https:\/\/www.navarroaubanell.com\/ca\/producte\/piazza-1\/#primaryimage\"},\"image\":{\"@id\":\"https:\/\/www.navarroaubanell.com\/ca\/producte\/piazza-1\/#primaryimage\"},\"thumbnailUrl\":\"https:\/\/www.navarroaubanell.com\/wp-content\/uploads\/2017\/09\/PIAZZA-1.jpg\",\"datePublished\":\"2017-09-20T13:17:54+00:00\",\"dateModified\":\"2020-03-12T14:50:50+00:00\",\"description\":\"Piazza 1 t\u00e9 un aspecte familiar i els trets d'un vell amic. La tradicional cadira de cafeteria dels anys vint. Ambients contemporanis i antics\",\"breadcrumb\":{\"@id\":\"https:\/\/www.navarroaubanell.com\/ca\/producte\/piazza-1\/#breadcrumb\"},\"inLanguage\":\"ca\",\"potentialAction\":[{\"@type\":\"ReadAction\",\"target\":[\"https:\/\/www.navarroaubanell.com\/ca\/producte\/piazza-1\/\"]}]},{\"@type\":\"ImageObject\",\"inLanguage\":\"ca\",\"@id\":\"https:\/\/www.navarroaubanell.com\/ca\/producte\/piazza-1\/#primaryimage\",\"url\":\"https:\/\/www.navarroaubanell.com\/wp-content\/uploads\/2017\/09\/PIAZZA-1.jpg\",\"contentUrl\":\"https:\/\/www.navarroaubanell.com\/wp-content\/uploads\/2017\/09\/PIAZZA-1.jpg\",\"width\":800,\"height\":650},{\"@type\":\"BreadcrumbList\",\"@id\":\"https:\/\/www.navarroaubanell.com\/ca\/producte\/piazza-1\/#breadcrumb\",\"itemListElement\":[{\"@type\":\"ListItem\",\"position\":1,\"name\":\"Portada\",\"item\":\"https:\/\/www.navarroaubanell.com\/ca\/\"},{\"@type\":\"ListItem\",\"position\":2,\"name\":\"Productes\",\"item\":\"https:\/\/www.navarroaubanell.com\/productos\/\"},{\"@type\":\"ListItem\",\"position\":3,\"name\":\"Cadira Piazza 1\"}]},{\"@type\":\"WebSite\",\"@id\":\"https:\/\/www.navarroaubanell.com\/ca\/#website\",\"url\":\"https:\/\/www.navarroaubanell.com\/ca\/\",\"name\":\"Navarro Aubanell\",\"description\":\"Mobiliario para hoteler\u00eda, colectividades y oficinas\",\"publisher\":{\"@id\":\"https:\/\/www.navarroaubanell.com\/ca\/#organization\"},\"potentialAction\":[{\"@type\":\"SearchAction\",\"target\":{\"@type\":\"EntryPoint\",\"urlTemplate\":\"https:\/\/www.navarroaubanell.com\/ca\/?s={search_term_string}\"},\"query-input\":{\"@type\":\"PropertyValueSpecification\",\"valueRequired\":true,\"valueName\":\"search_term_string\"}}],\"inLanguage\":\"ca\"},{\"@type\":\"Organization\",\"@id\":\"https:\/\/www.navarroaubanell.com\/ca\/#organization\",\"name\":\"COMERCIAL NAVARRO AUBANELL, S.A\",\"url\":\"https:\/\/www.navarroaubanell.com\/ca\/\",\"logo\":{\"@type\":\"ImageObject\",\"inLanguage\":\"ca\",\"@id\":\"https:\/\/www.navarroaubanell.com\/ca\/#\/schema\/logo\/image\/\",\"url\":\"https:\/\/www.navarroaubanell.com\/wp-content\/uploads\/2017\/07\/logo-navarro-aubuanell.png\",\"contentUrl\":\"https:\/\/www.navarroaubanell.com\/wp-content\/uploads\/2017\/07\/logo-navarro-aubuanell.png\",\"width\":6304,\"height\":1154,\"caption\":\"COMERCIAL NAVARRO AUBANELL, S.A\"},\"image\":{\"@id\":\"https:\/\/www.navarroaubanell.com\/ca\/#\/schema\/logo\/image\/\"}}]}<\/script>\n<!-- \/ Yoast SEO plugin. -->","yoast_head_json":{"title":"Cadira Piazza 1, de la firma Colos - Navarro Aubanell","description":"Piazza 1 t\u00e9 un aspecte familiar i els trets d'un vell amic. La tradicional cadira de cafeteria dels anys vint. Ambients contemporanis i antics","robots":{"index":"index","follow":"follow","max-snippet":"max-snippet:-1","max-image-preview":"max-image-preview:large","max-video-preview":"max-video-preview:-1"},"canonical":"https:\/\/www.navarroaubanell.com\/ca\/producte\/piazza-1\/","og_locale":"ca_ES","og_type":"article","og_title":"Cadira Piazza 1, de la firma Colos - Navarro Aubanell","og_description":"Piazza 1 t\u00e9 un aspecte familiar i els trets d'un vell amic. La tradicional cadira de cafeteria dels anys vint. Ambients contemporanis i antics","og_url":"https:\/\/www.navarroaubanell.com\/ca\/producte\/piazza-1\/","og_site_name":"Navarro Aubanell","article_modified_time":"2020-03-12T14:50:50+00:00","og_image":[{"width":800,"height":650,"url":"https:\/\/www.navarroaubanell.com\/wp-content\/uploads\/2017\/09\/PIAZZA-1.jpg","type":"image\/jpeg"}],"schema":{"@context":"https:\/\/schema.org","@graph":[{"@type":"WebPage","@id":"https:\/\/www.navarroaubanell.com\/ca\/producte\/piazza-1\/","url":"https:\/\/www.navarroaubanell.com\/ca\/producte\/piazza-1\/","name":"Cadira Piazza 1, de la firma Colos - Navarro Aubanell","isPartOf":{"@id":"https:\/\/www.navarroaubanell.com\/ca\/#website"},"primaryImageOfPage":{"@id":"https:\/\/www.navarroaubanell.com\/ca\/producte\/piazza-1\/#primaryimage"},"image":{"@id":"https:\/\/www.navarroaubanell.com\/ca\/producte\/piazza-1\/#primaryimage"},"thumbnailUrl":"https:\/\/www.navarroaubanell.com\/wp-content\/uploads\/2017\/09\/PIAZZA-1.jpg","datePublished":"2017-09-20T13:17:54+00:00","dateModified":"2020-03-12T14:50:50+00:00","description":"Piazza 1 t\u00e9 un aspecte familiar i els trets d'un vell amic. La tradicional cadira de cafeteria dels anys vint. Ambients contemporanis i antics","breadcrumb":{"@id":"https:\/\/www.navarroaubanell.com\/ca\/producte\/piazza-1\/#breadcrumb"},"inLanguage":"ca","potentialAction":[{"@type":"ReadAction","target":["https:\/\/www.navarroaubanell.com\/ca\/producte\/piazza-1\/"]}]},{"@type":"ImageObject","inLanguage":"ca","@id":"https:\/\/www.navarroaubanell.com\/ca\/producte\/piazza-1\/#primaryimage","url":"https:\/\/www.navarroaubanell.com\/wp-content\/uploads\/2017\/09\/PIAZZA-1.jpg","contentUrl":"https:\/\/www.navarroaubanell.com\/wp-content\/uploads\/2017\/09\/PIAZZA-1.jpg","width":800,"height":650},{"@type":"BreadcrumbList","@id":"https:\/\/www.navarroaubanell.com\/ca\/producte\/piazza-1\/#breadcrumb","itemListElement":[{"@type":"ListItem","position":1,"name":"Portada","item":"https:\/\/www.navarroaubanell.com\/ca\/"},{"@type":"ListItem","position":2,"name":"Productes","item":"https:\/\/www.navarroaubanell.com\/productos\/"},{"@type":"ListItem","position":3,"name":"Cadira Piazza 1"}]},{"@type":"WebSite","@id":"https:\/\/www.navarroaubanell.com\/ca\/#website","url":"https:\/\/www.navarroaubanell.com\/ca\/","name":"Navarro Aubanell","description":"Mobiliario para hoteler\u00eda, colectividades y oficinas","publisher":{"@id":"https:\/\/www.navarroaubanell.com\/ca\/#organization"},"potentialAction":[{"@type":"SearchAction","target":{"@type":"EntryPoint","urlTemplate":"https:\/\/www.navarroaubanell.com\/ca\/?s={search_term_string}"},"query-input":{"@type":"PropertyValueSpecification","valueRequired":true,"valueName":"search_term_string"}}],"inLanguage":"ca"},{"@type":"Organization","@id":"https:\/\/www.navarroaubanell.com\/ca\/#organization","name":"COMERCIAL NAVARRO AUBANELL, S.A","url":"https:\/\/www.navarroaubanell.com\/ca\/","logo":{"@type":"ImageObject","inLanguage":"ca","@id":"https:\/\/www.navarroaubanell.com\/ca\/#\/schema\/logo\/image\/","url":"https:\/\/www.navarroaubanell.com\/wp-content\/uploads\/2017\/07\/logo-navarro-aubuanell.png","contentUrl":"https:\/\/www.navarroaubanell.com\/wp-content\/uploads\/2017\/07\/logo-navarro-aubuanell.png","width":6304,"height":1154,"caption":"COMERCIAL NAVARRO AUBANELL, S.A"},"image":{"@id":"https:\/\/www.navarroaubanell.com\/ca\/#\/schema\/logo\/image\/"}}]}},"_links":{"self":[{"href":"https:\/\/www.navarroaubanell.com\/ca\/wp-json\/wp\/v2\/product\/20284","targetHints":{"allow":["GET"]}}],"collection":[{"href":"https:\/\/www.navarroaubanell.com\/ca\/wp-json\/wp\/v2\/product"}],"about":[{"href":"https:\/\/www.navarroaubanell.com\/ca\/wp-json\/wp\/v2\/types\/product"}],"wp:featuredmedia":[{"embeddable":true,"href":"https:\/\/www.navarroaubanell.com\/ca\/wp-json\/wp\/v2\/media\/29525"}],"wp:attachment":[{"href":"https:\/\/www.navarroaubanell.com\/ca\/wp-json\/wp\/v2\/media?parent=20284"}],"wp:term":[{"taxonomy":"product_brand","embeddable":true,"href":"https:\/\/www.navarroaubanell.com\/ca\/wp-json\/wp\/v2\/product_brand?post=20284"},{"taxonomy":"product_cat","embeddable":true,"href":"https:\/\/www.navarroaubanell.com\/ca\/wp-json\/wp\/v2\/product_cat?post=20284"},{"taxonomy":"product_tag","embeddable":true,"href":"https:\/\/www.navarroaubanell.com\/ca\/wp-json\/wp\/v2\/product_tag?post=20284"}],"curies":[{"name":"wp","href":"https:\/\/api.w.org\/{rel}","templated":true}]}}

<p>A primera vista, Piazza té un aspecte familiar i els trets d&#8217;un vell amic. La tradicional cadira de cafeteria dels anys vint va servir com a model per a aquest projecte amb formes equilibrades i còmodes, la versatilitat sobrepassa la dels seus predecessors en fusta. La monocarcassa en plàstic és resistent al vent i a qualsevol tipus de clima. La cadira, amb el seu disseny agradable i la seva subtil gamma de colors, combina tan amb ambients contemporanis com antics. A més és apilable en totes les seves versions.</p>

<p>A primera vista, Piazza té un aspecte familiar i els trets d&#8217;un vell amic. La tradicional cadira de cafeteria dels anys vint va servir com a model per a aquest projecte amb formes equilibrades i còmodes, la versatilitat sobrepassa la dels seus predecessors en fusta. La monocarcassa en plàstic és resistent al vent i a&hellip;</p>

<!-- This site is optimized with the Yoast SEO plugin v27.0 - https://yoast.com/product/yoast-seo-wordpress/ -->
<title>Cadira Piazza 1, de la firma Colos - Navarro Aubanell</title>
<meta name="description" content="Piazza 1 té un aspecte familiar i els trets d&#039;un vell amic. La tradicional cadira de cafeteria dels anys vint. Ambients contemporanis i antics" />
<meta name="robots" content="index, follow, max-snippet:-1, max-image-preview:large, max-video-preview:-1" />
<link rel="canonical" href="https://www.navarroaubanell.com/ca/producte/piazza-1/" />
<meta property="og:locale" content="ca_ES" />
<meta property="og:type" content="article" />
<meta property="og:title" content="Cadira Piazza 1, de la firma Colos - Navarro Aubanell" />
<meta property="og:description" content="Piazza 1 té un aspecte familiar i els trets d&#039;un vell amic. La tradicional cadira de cafeteria dels anys vint. Ambients contemporanis i antics" />
<meta property="og:url" content="https://www.navarroaubanell.com/ca/producte/piazza-1/" />
<meta property="og:site_name" content="Navarro Aubanell" />
<meta property="article:modified_time" content="2020-03-12T14:50:50+00:00" />
<meta property="og:image" content="https://www.navarroaubanell.com/wp-content/uploads/2017/09/PIAZZA-1.jpg" />
	<meta property="og:image:width" content="800" />
	<meta property="og:image:height" content="650" />
	<meta property="og:image:type" content="image/jpeg" />
<script type="application/ld+json" class="yoast-schema-graph">{"@context":"https://schema.org","@graph":[{"@type":"WebPage","@id":"https://www.navarroaubanell.com/ca/producte/piazza-1/","url":"https://www.navarroaubanell.com/ca/producte/piazza-1/","name":"Cadira Piazza 1, de la firma Colos - Navarro Aubanell","isPartOf":{"@id":"https://www.navarroaubanell.com/ca/#website"},"primaryImageOfPage":{"@id":"https://www.navarroaubanell.com/ca/producte/piazza-1/#primaryimage"},"image":{"@id":"https://www.navarroaubanell.com/ca/producte/piazza-1/#primaryimage"},"thumbnailUrl":"https://www.navarroaubanell.com/wp-content/uploads/2017/09/PIAZZA-1.jpg","datePublished":"2017-09-20T13:17:54+00:00","dateModified":"2020-03-12T14:50:50+00:00","description":"Piazza 1 té un aspecte familiar i els trets d'un vell amic. La tradicional cadira de cafeteria dels anys vint. Ambients contemporanis i antics","breadcrumb":{"@id":"https://www.navarroaubanell.com/ca/producte/piazza-1/#breadcrumb"},"inLanguage":"ca","potentialAction":[{"@type":"ReadAction","target":["https://www.navarroaubanell.com/ca/producte/piazza-1/"]}]},{"@type":"ImageObject","inLanguage":"ca","@id":"https://www.navarroaubanell.com/ca/producte/piazza-1/#primaryimage","url":"https://www.navarroaubanell.com/wp-content/uploads/2017/09/PIAZZA-1.jpg","contentUrl":"https://www.navarroaubanell.com/wp-content/uploads/2017/09/PIAZZA-1.jpg","width":800,"height":650},{"@type":"BreadcrumbList","@id":"https://www.navarroaubanell.com/ca/producte/piazza-1/#breadcrumb","itemListElement":[{"@type":"ListItem","position":1,"name":"Portada","item":"https://www.navarroaubanell.com/ca/"},{"@type":"ListItem","position":2,"name":"Productes","item":"https://www.navarroaubanell.com/productos/"},{"@type":"ListItem","position":3,"name":"Cadira Piazza 1"}]},{"@type":"WebSite","@id":"https://www.navarroaubanell.com/ca/#website","url":"https://www.navarroaubanell.com/ca/","name":"Navarro Aubanell","description":"Mobiliario para hotelería, colectividades y oficinas","publisher":{"@id":"https://www.navarroaubanell.com/ca/#organization"},"potentialAction":[{"@type":"SearchAction","target":{"@type":"EntryPoint","urlTemplate":"https://www.navarroaubanell.com/ca/?s={search_term_string}"},"query-input":{"@type":"PropertyValueSpecification","valueRequired":true,"valueName":"search_term_string"}}],"inLanguage":"ca"},{"@type":"Organization","@id":"https://www.navarroaubanell.com/ca/#organization","name":"COMERCIAL NAVARRO AUBANELL, S.A","url":"https://www.navarroaubanell.com/ca/","logo":{"@type":"ImageObject","inLanguage":"ca","@id":"https://www.navarroaubanell.com/ca/#/schema/logo/image/","url":"https://www.navarroaubanell.com/wp-content/uploads/2017/07/logo-navarro-aubuanell.png","contentUrl":"https://www.navarroaubanell.com/wp-content/uploads/2017/07/logo-navarro-aubuanell.png","width":6304,"height":1154,"caption":"COMERCIAL NAVARRO AUBANELL, S.A"},"image":{"@id":"https://www.navarroaubanell.com/ca/#/schema/logo/image/"}}]}</script>
<!-- / Yoast SEO plugin. -->

Piazza 1 té un aspecte familiar i els trets d'un vell amic. La tradicional cadira de cafeteria dels anys vint. Ambients contemporanis i antics

Mobiliario para hotelería, colectividades y oficinas
