{"id":20270,"date":"2017-09-26T10:09:45","date_gmt":"2017-09-26T10:09:45","guid":{"rendered":"https:\/\/www.navarroaubanell.com\/producto\/selva\/"},"modified":"2025-07-01T16:17:26","modified_gmt":"2025-07-01T14:17:26","slug":"taula-selva-balliu-narvarro-aubanell","status":"publish","type":"product","link":"https:\/\/www.navarroaubanell.com\/ca\/producte\/taula-selva-balliu-narvarro-aubanell\/","title":{"rendered":"Taula Selva"},"content":{"rendered":"<div class=\"btns-llengues row\">\n<div class=\"col-xs-12\">\n<div class=\"btn-right\">La<strong> taula Selva<\/strong> es fabrica amb resines de <strong>polipropil\u00e8<\/strong> d\u2019alta qualitat. Estan refor\u00e7ades amb c\u00e0rrega mineral i tractades per resistir els <strong>raigs UV<\/strong>. Aix\u00f2 garanteix una taula resistent i duradora. A m\u00e9s, assegura que el color i l\u2019estructura no es vegin afectats pel sol. Es mantindr\u00e0 com nova durant anys.<\/div>\n<div><\/div>\n<\/div>\n<\/div>\n<form class=\"formulari form-horizontal\" data-gtm-form-interact-id=\"0\">\n<div class=\"traductor-textarea form-group\">\n<div class=\"textarea-desti col-xs-12 col-sm-6\">\n<div class=\"form-control second-textarea\">\n<p>Els caragols estan fabricats en <strong>acer inoxidable<\/strong>, reconegut per la seva resist\u00e8ncia a la corrosi\u00f3 fins i tot entorns marins. Aix\u00f2 converteix la taula en una opci\u00f3 ideal per a llocs de costa, on l&#8217;exposici\u00f3 a la sal i la humitat pot ser un repte per a altres materials.A m\u00e9s, els accessoris, com a taps, tacs i reguladors, estan fabricats amb <strong>resina de polipropil\u00e8<\/strong> resistent als raigs UV, garantint una llarga vida \u00fatil. El tauler, fet de <strong>werzalit<\/strong>, ofereix una superf\u00edcie resistent i f\u00e0cil de netejar, ideal per a qualsevol situaci\u00f3.<\/p>\n<p>A m\u00e9s, la taula \u00e9s <strong>apilable<\/strong>, la qual cosa permet estalviar espai d&#8217;emmagatzematge de manera significativa. Perfecta per a hotels, restaurants i altres establiments que necessiten emmagatzemar m\u00faltiples taules de manera eficient. La<strong> taula Selva<\/strong> combina funcionalitat i estil, convertint-se en l&#8217;opci\u00f3 ideal per a qualsevol entorn.<\/p>\n<p>La <strong>taula Selva<\/strong> nom\u00e9s est\u00e0 disponible en blanc i t\u00e9 el tauler <strong>rod\u00f3<\/strong> i el <strong>quadrat<\/strong>, amb diverses mesures cadascun.<\/p>\n<p><a href=\"https:\/\/www.balliuexport.com\/wp-content\/uploads\/2024\/06\/selva-mesa.pdf\">Fitxa t\u00e8cnica<\/a><\/p>\n<\/div>\n<\/div>\n<\/div>\n<\/form>\n","protected":false},"excerpt":{"rendered":"<p>&nbsp;<\/p>\n<p>&nbsp;<\/p>\n","protected":false},"featured_media":18564,"template":"","meta":{"_acf_changed":false},"product_brand":[887],"product_cat":[563,567],"product_tag":[587,593,640,847,720,860,741,842],"class_list":{"0":"post-20270","1":"product","2":"type-product","3":"status-publish","4":"has-post-thumbnail","6":"product_brand-balliu-ca","7":"product_cat-exterior-ca","8":"product_cat-taules-exterior","9":"product_tag-apilable-ca","10":"product_tag-balliu-ca","11":"product_tag-exterior-ca","12":"product_tag-mobiliari-exterior","13":"product_tag-outdoor-ca","14":"product_tag-regulable-ca","15":"product_tag-selva-ca","16":"product_tag-taula-exterior-ca","17":"description-off","19":"first","20":"instock","21":"shipping-taxable","22":"product-type-simple"},"acf":[],"yoast_head":"<!-- This site is optimized with the Yoast SEO plugin v27.0 - https:\/\/yoast.com\/product\/yoast-seo-wordpress\/ -->\n<title>Taula Selva, Balliu - Navarro Aubanell<\/title>\n<meta name=\"description\" content=\"Taula Selva: fabricada amb resina de polipropil\u00e8 i tauler de werzalit, resistent a raigs UV, apilable. Ideal per a hotels i restaurants.\" \/>\n<meta name=\"robots\" content=\"index, follow, max-snippet:-1, max-image-preview:large, max-video-preview:-1\" \/>\n<link rel=\"canonical\" href=\"https:\/\/www.navarroaubanell.com\/ca\/producte\/taula-selva-balliu-narvarro-aubanell\/\" \/>\n<meta property=\"og:locale\" content=\"ca_ES\" \/>\n<meta property=\"og:type\" content=\"article\" \/>\n<meta property=\"og:title\" content=\"Taula Selva, Balliu - Navarro Aubanell\" \/>\n<meta property=\"og:description\" content=\"Taula Selva: fabricada amb resina de polipropil\u00e8 i tauler de werzalit, resistent a raigs UV, apilable. Ideal per a hotels i restaurants.\" \/>\n<meta property=\"og:url\" content=\"https:\/\/www.navarroaubanell.com\/ca\/producte\/taula-selva-balliu-narvarro-aubanell\/\" \/>\n<meta property=\"og:site_name\" content=\"Navarro Aubanell\" \/>\n<meta property=\"article:modified_time\" content=\"2025-07-01T14:17:26+00:00\" \/>\n<meta property=\"og:image\" content=\"https:\/\/www.navarroaubanell.com\/wp-content\/uploads\/2017\/09\/img-destacada-selva.jpg\" \/>\n\t<meta property=\"og:image:width\" content=\"512\" \/>\n\t<meta property=\"og:image:height\" content=\"512\" \/>\n\t<meta property=\"og:image:type\" content=\"image\/jpeg\" \/>\n<meta name=\"twitter:label1\" content=\"Est. reading time\" \/>\n\t<meta name=\"twitter:data1\" content=\"2 minutes\" \/>\n<script type=\"application\/ld+json\" class=\"yoast-schema-graph\">{\"@context\":\"https:\/\/schema.org\",\"@graph\":[{\"@type\":\"WebPage\",\"@id\":\"https:\/\/www.navarroaubanell.com\/ca\/producte\/taula-selva-balliu-narvarro-aubanell\/\",\"url\":\"https:\/\/www.navarroaubanell.com\/ca\/producte\/taula-selva-balliu-narvarro-aubanell\/\",\"name\":\"Taula Selva, Balliu - Navarro Aubanell\",\"isPartOf\":{\"@id\":\"https:\/\/www.navarroaubanell.com\/ca\/#website\"},\"primaryImageOfPage\":{\"@id\":\"https:\/\/www.navarroaubanell.com\/ca\/producte\/taula-selva-balliu-narvarro-aubanell\/#primaryimage\"},\"image\":{\"@id\":\"https:\/\/www.navarroaubanell.com\/ca\/producte\/taula-selva-balliu-narvarro-aubanell\/#primaryimage\"},\"thumbnailUrl\":\"https:\/\/www.navarroaubanell.com\/wp-content\/uploads\/2017\/09\/img-destacada-selva.jpg\",\"datePublished\":\"2017-09-26T10:09:45+00:00\",\"dateModified\":\"2025-07-01T14:17:26+00:00\",\"description\":\"Taula Selva: fabricada amb resina de polipropil\u00e8 i tauler de werzalit, resistent a raigs UV, apilable. Ideal per a hotels i restaurants.\",\"breadcrumb\":{\"@id\":\"https:\/\/www.navarroaubanell.com\/ca\/producte\/taula-selva-balliu-narvarro-aubanell\/#breadcrumb\"},\"inLanguage\":\"ca\",\"potentialAction\":[{\"@type\":\"ReadAction\",\"target\":[\"https:\/\/www.navarroaubanell.com\/ca\/producte\/taula-selva-balliu-narvarro-aubanell\/\"]}]},{\"@type\":\"ImageObject\",\"inLanguage\":\"ca\",\"@id\":\"https:\/\/www.navarroaubanell.com\/ca\/producte\/taula-selva-balliu-narvarro-aubanell\/#primaryimage\",\"url\":\"https:\/\/www.navarroaubanell.com\/wp-content\/uploads\/2017\/09\/img-destacada-selva.jpg\",\"contentUrl\":\"https:\/\/www.navarroaubanell.com\/wp-content\/uploads\/2017\/09\/img-destacada-selva.jpg\",\"width\":512,\"height\":512,\"caption\":\"Taula Selva rodona\"},{\"@type\":\"BreadcrumbList\",\"@id\":\"https:\/\/www.navarroaubanell.com\/ca\/producte\/taula-selva-balliu-narvarro-aubanell\/#breadcrumb\",\"itemListElement\":[{\"@type\":\"ListItem\",\"position\":1,\"name\":\"Portada\",\"item\":\"https:\/\/www.navarroaubanell.com\/ca\/\"},{\"@type\":\"ListItem\",\"position\":2,\"name\":\"Productes\",\"item\":\"https:\/\/www.navarroaubanell.com\/productos\/\"},{\"@type\":\"ListItem\",\"position\":3,\"name\":\"Taula Selva\"}]},{\"@type\":\"WebSite\",\"@id\":\"https:\/\/www.navarroaubanell.com\/ca\/#website\",\"url\":\"https:\/\/www.navarroaubanell.com\/ca\/\",\"name\":\"Navarro Aubanell\",\"description\":\"Mobiliario para hoteler\u00eda, colectividades y oficinas\",\"publisher\":{\"@id\":\"https:\/\/www.navarroaubanell.com\/ca\/#organization\"},\"potentialAction\":[{\"@type\":\"SearchAction\",\"target\":{\"@type\":\"EntryPoint\",\"urlTemplate\":\"https:\/\/www.navarroaubanell.com\/ca\/?s={search_term_string}\"},\"query-input\":{\"@type\":\"PropertyValueSpecification\",\"valueRequired\":true,\"valueName\":\"search_term_string\"}}],\"inLanguage\":\"ca\"},{\"@type\":\"Organization\",\"@id\":\"https:\/\/www.navarroaubanell.com\/ca\/#organization\",\"name\":\"COMERCIAL NAVARRO AUBANELL, S.A\",\"url\":\"https:\/\/www.navarroaubanell.com\/ca\/\",\"logo\":{\"@type\":\"ImageObject\",\"inLanguage\":\"ca\",\"@id\":\"https:\/\/www.navarroaubanell.com\/ca\/#\/schema\/logo\/image\/\",\"url\":\"https:\/\/www.navarroaubanell.com\/wp-content\/uploads\/2017\/07\/logo-navarro-aubuanell.png\",\"contentUrl\":\"https:\/\/www.navarroaubanell.com\/wp-content\/uploads\/2017\/07\/logo-navarro-aubuanell.png\",\"width\":6304,\"height\":1154,\"caption\":\"COMERCIAL NAVARRO AUBANELL, S.A\"},\"image\":{\"@id\":\"https:\/\/www.navarroaubanell.com\/ca\/#\/schema\/logo\/image\/\"}}]}<\/script>\n<!-- \/ Yoast SEO plugin. -->","yoast_head_json":{"title":"Taula Selva, Balliu - Navarro Aubanell","description":"Taula Selva: fabricada amb resina de polipropil\u00e8 i tauler de werzalit, resistent a raigs UV, apilable. Ideal per a hotels i restaurants.","robots":{"index":"index","follow":"follow","max-snippet":"max-snippet:-1","max-image-preview":"max-image-preview:large","max-video-preview":"max-video-preview:-1"},"canonical":"https:\/\/www.navarroaubanell.com\/ca\/producte\/taula-selva-balliu-narvarro-aubanell\/","og_locale":"ca_ES","og_type":"article","og_title":"Taula Selva, Balliu - Navarro Aubanell","og_description":"Taula Selva: fabricada amb resina de polipropil\u00e8 i tauler de werzalit, resistent a raigs UV, apilable. Ideal per a hotels i restaurants.","og_url":"https:\/\/www.navarroaubanell.com\/ca\/producte\/taula-selva-balliu-narvarro-aubanell\/","og_site_name":"Navarro Aubanell","article_modified_time":"2025-07-01T14:17:26+00:00","og_image":[{"width":512,"height":512,"url":"https:\/\/www.navarroaubanell.com\/wp-content\/uploads\/2017\/09\/img-destacada-selva.jpg","type":"image\/jpeg"}],"twitter_misc":{"Est. reading time":"2 minutes"},"schema":{"@context":"https:\/\/schema.org","@graph":[{"@type":"WebPage","@id":"https:\/\/www.navarroaubanell.com\/ca\/producte\/taula-selva-balliu-narvarro-aubanell\/","url":"https:\/\/www.navarroaubanell.com\/ca\/producte\/taula-selva-balliu-narvarro-aubanell\/","name":"Taula Selva, Balliu - Navarro Aubanell","isPartOf":{"@id":"https:\/\/www.navarroaubanell.com\/ca\/#website"},"primaryImageOfPage":{"@id":"https:\/\/www.navarroaubanell.com\/ca\/producte\/taula-selva-balliu-narvarro-aubanell\/#primaryimage"},"image":{"@id":"https:\/\/www.navarroaubanell.com\/ca\/producte\/taula-selva-balliu-narvarro-aubanell\/#primaryimage"},"thumbnailUrl":"https:\/\/www.navarroaubanell.com\/wp-content\/uploads\/2017\/09\/img-destacada-selva.jpg","datePublished":"2017-09-26T10:09:45+00:00","dateModified":"2025-07-01T14:17:26+00:00","description":"Taula Selva: fabricada amb resina de polipropil\u00e8 i tauler de werzalit, resistent a raigs UV, apilable. Ideal per a hotels i restaurants.","breadcrumb":{"@id":"https:\/\/www.navarroaubanell.com\/ca\/producte\/taula-selva-balliu-narvarro-aubanell\/#breadcrumb"},"inLanguage":"ca","potentialAction":[{"@type":"ReadAction","target":["https:\/\/www.navarroaubanell.com\/ca\/producte\/taula-selva-balliu-narvarro-aubanell\/"]}]},{"@type":"ImageObject","inLanguage":"ca","@id":"https:\/\/www.navarroaubanell.com\/ca\/producte\/taula-selva-balliu-narvarro-aubanell\/#primaryimage","url":"https:\/\/www.navarroaubanell.com\/wp-content\/uploads\/2017\/09\/img-destacada-selva.jpg","contentUrl":"https:\/\/www.navarroaubanell.com\/wp-content\/uploads\/2017\/09\/img-destacada-selva.jpg","width":512,"height":512,"caption":"Taula Selva rodona"},{"@type":"BreadcrumbList","@id":"https:\/\/www.navarroaubanell.com\/ca\/producte\/taula-selva-balliu-narvarro-aubanell\/#breadcrumb","itemListElement":[{"@type":"ListItem","position":1,"name":"Portada","item":"https:\/\/www.navarroaubanell.com\/ca\/"},{"@type":"ListItem","position":2,"name":"Productes","item":"https:\/\/www.navarroaubanell.com\/productos\/"},{"@type":"ListItem","position":3,"name":"Taula Selva"}]},{"@type":"WebSite","@id":"https:\/\/www.navarroaubanell.com\/ca\/#website","url":"https:\/\/www.navarroaubanell.com\/ca\/","name":"Navarro Aubanell","description":"Mobiliario para hoteler\u00eda, colectividades y oficinas","publisher":{"@id":"https:\/\/www.navarroaubanell.com\/ca\/#organization"},"potentialAction":[{"@type":"SearchAction","target":{"@type":"EntryPoint","urlTemplate":"https:\/\/www.navarroaubanell.com\/ca\/?s={search_term_string}"},"query-input":{"@type":"PropertyValueSpecification","valueRequired":true,"valueName":"search_term_string"}}],"inLanguage":"ca"},{"@type":"Organization","@id":"https:\/\/www.navarroaubanell.com\/ca\/#organization","name":"COMERCIAL NAVARRO AUBANELL, S.A","url":"https:\/\/www.navarroaubanell.com\/ca\/","logo":{"@type":"ImageObject","inLanguage":"ca","@id":"https:\/\/www.navarroaubanell.com\/ca\/#\/schema\/logo\/image\/","url":"https:\/\/www.navarroaubanell.com\/wp-content\/uploads\/2017\/07\/logo-navarro-aubuanell.png","contentUrl":"https:\/\/www.navarroaubanell.com\/wp-content\/uploads\/2017\/07\/logo-navarro-aubuanell.png","width":6304,"height":1154,"caption":"COMERCIAL NAVARRO AUBANELL, S.A"},"image":{"@id":"https:\/\/www.navarroaubanell.com\/ca\/#\/schema\/logo\/image\/"}}]}},"_links":{"self":[{"href":"https:\/\/www.navarroaubanell.com\/ca\/wp-json\/wp\/v2\/product\/20270","targetHints":{"allow":["GET"]}}],"collection":[{"href":"https:\/\/www.navarroaubanell.com\/ca\/wp-json\/wp\/v2\/product"}],"about":[{"href":"https:\/\/www.navarroaubanell.com\/ca\/wp-json\/wp\/v2\/types\/product"}],"wp:featuredmedia":[{"embeddable":true,"href":"https:\/\/www.navarroaubanell.com\/ca\/wp-json\/wp\/v2\/media\/18564"}],"wp:attachment":[{"href":"https:\/\/www.navarroaubanell.com\/ca\/wp-json\/wp\/v2\/media?parent=20270"}],"wp:term":[{"taxonomy":"product_brand","embeddable":true,"href":"https:\/\/www.navarroaubanell.com\/ca\/wp-json\/wp\/v2\/product_brand?post=20270"},{"taxonomy":"product_cat","embeddable":true,"href":"https:\/\/www.navarroaubanell.com\/ca\/wp-json\/wp\/v2\/product_cat?post=20270"},{"taxonomy":"product_tag","embeddable":true,"href":"https:\/\/www.navarroaubanell.com\/ca\/wp-json\/wp\/v2\/product_tag?post=20270"}],"curies":[{"name":"wp","href":"https:\/\/api.w.org\/{rel}","templated":true}]}}

<div class="btns-llengues row">
<div class="col-xs-12">
<div class="btn-right">La<strong> taula Selva</strong> es fabrica amb resines de <strong>polipropilè</strong> d’alta qualitat. Estan reforçades amb càrrega mineral i tractades per resistir els <strong>raigs UV</strong>. Això garanteix una taula resistent i duradora. A més, assegura que el color i l’estructura no es vegin afectats pel sol. Es mantindrà com nova durant anys.</div>
<div></div>
</div>
</div>
<form class="formulari form-horizontal" data-gtm-form-interact-id="0">
<div class="traductor-textarea form-group">
<div class="textarea-desti col-xs-12 col-sm-6">
<div class="form-control second-textarea">
<p>Els caragols estan fabricats en <strong>acer inoxidable</strong>, reconegut per la seva resistència a la corrosió fins i tot entorns marins. Això converteix la taula en una opció ideal per a llocs de costa, on l&#8217;exposició a la sal i la humitat pot ser un repte per a altres materials.A més, els accessoris, com a taps, tacs i reguladors, estan fabricats amb <strong>resina de polipropilè</strong> resistent als raigs UV, garantint una llarga vida útil. El tauler, fet de <strong>werzalit</strong>, ofereix una superfície resistent i fàcil de netejar, ideal per a qualsevol situació.</p>
<p>A més, la taula és <strong>apilable</strong>, la qual cosa permet estalviar espai d&#8217;emmagatzematge de manera significativa. Perfecta per a hotels, restaurants i altres establiments que necessiten emmagatzemar múltiples taules de manera eficient. La<strong> taula Selva</strong> combina funcionalitat i estil, convertint-se en l&#8217;opció ideal per a qualsevol entorn.</p>
<p>La <strong>taula Selva</strong> només està disponible en blanc i té el tauler <strong>rodó</strong> i el <strong>quadrat</strong>, amb diverses mesures cadascun.</p>
<p><a href="https://www.balliuexport.com/wp-content/uploads/2024/06/selva-mesa.pdf">Fitxa tècnica</a></p>
</div>
</div>
</div>
</form>

<!-- This site is optimized with the Yoast SEO plugin v27.0 - https://yoast.com/product/yoast-seo-wordpress/ -->
<title>Taula Selva, Balliu - Navarro Aubanell</title>
<meta name="description" content="Taula Selva: fabricada amb resina de polipropilè i tauler de werzalit, resistent a raigs UV, apilable. Ideal per a hotels i restaurants." />
<meta name="robots" content="index, follow, max-snippet:-1, max-image-preview:large, max-video-preview:-1" />
<link rel="canonical" href="https://www.navarroaubanell.com/ca/producte/taula-selva-balliu-narvarro-aubanell/" />
<meta property="og:locale" content="ca_ES" />
<meta property="og:type" content="article" />
<meta property="og:title" content="Taula Selva, Balliu - Navarro Aubanell" />
<meta property="og:description" content="Taula Selva: fabricada amb resina de polipropilè i tauler de werzalit, resistent a raigs UV, apilable. Ideal per a hotels i restaurants." />
<meta property="og:url" content="https://www.navarroaubanell.com/ca/producte/taula-selva-balliu-narvarro-aubanell/" />
<meta property="og:site_name" content="Navarro Aubanell" />
<meta property="article:modified_time" content="2025-07-01T14:17:26+00:00" />
<meta property="og:image" content="https://www.navarroaubanell.com/wp-content/uploads/2017/09/img-destacada-selva.jpg" />
	<meta property="og:image:width" content="512" />
	<meta property="og:image:height" content="512" />
	<meta property="og:image:type" content="image/jpeg" />
<meta name="twitter:label1" content="Est. reading time" />
	<meta name="twitter:data1" content="2 minutes" />
<script type="application/ld+json" class="yoast-schema-graph">{"@context":"https://schema.org","@graph":[{"@type":"WebPage","@id":"https://www.navarroaubanell.com/ca/producte/taula-selva-balliu-narvarro-aubanell/","url":"https://www.navarroaubanell.com/ca/producte/taula-selva-balliu-narvarro-aubanell/","name":"Taula Selva, Balliu - Navarro Aubanell","isPartOf":{"@id":"https://www.navarroaubanell.com/ca/#website"},"primaryImageOfPage":{"@id":"https://www.navarroaubanell.com/ca/producte/taula-selva-balliu-narvarro-aubanell/#primaryimage"},"image":{"@id":"https://www.navarroaubanell.com/ca/producte/taula-selva-balliu-narvarro-aubanell/#primaryimage"},"thumbnailUrl":"https://www.navarroaubanell.com/wp-content/uploads/2017/09/img-destacada-selva.jpg","datePublished":"2017-09-26T10:09:45+00:00","dateModified":"2025-07-01T14:17:26+00:00","description":"Taula Selva: fabricada amb resina de polipropilè i tauler de werzalit, resistent a raigs UV, apilable. Ideal per a hotels i restaurants.","breadcrumb":{"@id":"https://www.navarroaubanell.com/ca/producte/taula-selva-balliu-narvarro-aubanell/#breadcrumb"},"inLanguage":"ca","potentialAction":[{"@type":"ReadAction","target":["https://www.navarroaubanell.com/ca/producte/taula-selva-balliu-narvarro-aubanell/"]}]},{"@type":"ImageObject","inLanguage":"ca","@id":"https://www.navarroaubanell.com/ca/producte/taula-selva-balliu-narvarro-aubanell/#primaryimage","url":"https://www.navarroaubanell.com/wp-content/uploads/2017/09/img-destacada-selva.jpg","contentUrl":"https://www.navarroaubanell.com/wp-content/uploads/2017/09/img-destacada-selva.jpg","width":512,"height":512,"caption":"Taula Selva rodona"},{"@type":"BreadcrumbList","@id":"https://www.navarroaubanell.com/ca/producte/taula-selva-balliu-narvarro-aubanell/#breadcrumb","itemListElement":[{"@type":"ListItem","position":1,"name":"Portada","item":"https://www.navarroaubanell.com/ca/"},{"@type":"ListItem","position":2,"name":"Productes","item":"https://www.navarroaubanell.com/productos/"},{"@type":"ListItem","position":3,"name":"Taula Selva"}]},{"@type":"WebSite","@id":"https://www.navarroaubanell.com/ca/#website","url":"https://www.navarroaubanell.com/ca/","name":"Navarro Aubanell","description":"Mobiliario para hotelería, colectividades y oficinas","publisher":{"@id":"https://www.navarroaubanell.com/ca/#organization"},"potentialAction":[{"@type":"SearchAction","target":{"@type":"EntryPoint","urlTemplate":"https://www.navarroaubanell.com/ca/?s={search_term_string}"},"query-input":{"@type":"PropertyValueSpecification","valueRequired":true,"valueName":"search_term_string"}}],"inLanguage":"ca"},{"@type":"Organization","@id":"https://www.navarroaubanell.com/ca/#organization","name":"COMERCIAL NAVARRO AUBANELL, S.A","url":"https://www.navarroaubanell.com/ca/","logo":{"@type":"ImageObject","inLanguage":"ca","@id":"https://www.navarroaubanell.com/ca/#/schema/logo/image/","url":"https://www.navarroaubanell.com/wp-content/uploads/2017/07/logo-navarro-aubuanell.png","contentUrl":"https://www.navarroaubanell.com/wp-content/uploads/2017/07/logo-navarro-aubuanell.png","width":6304,"height":1154,"caption":"COMERCIAL NAVARRO AUBANELL, S.A"},"image":{"@id":"https://www.navarroaubanell.com/ca/#/schema/logo/image/"}}]}</script>
<!-- / Yoast SEO plugin. -->

Taula Selva: fabricada amb resina de polipropilè i tauler de werzalit, resistent a raigs UV, apilable. Ideal per a hotels i restaurants.

Mobiliario para hotelería, colectividades y oficinas
