{"id":20267,"date":"2017-09-26T10:50:05","date_gmt":"2017-09-26T10:50:05","guid":{"rendered":"https:\/\/www.navarroaubanell.com\/producto\/cannes\/"},"modified":"2025-07-01T16:47:36","modified_gmt":"2025-07-01T14:47:36","slug":"mini-gandula-cannes","status":"publish","type":"product","link":"https:\/\/www.navarroaubanell.com\/ca\/producte\/mini-gandula-cannes\/","title":{"rendered":"Mini gandula Cannes"},"content":{"rendered":"<p>La <strong>mini gandula\u00a0<span class=\"hiddenSpellError\">Cannes<\/span><\/strong> combina durabilitat, confort i eleg\u00e0ncia, \u00e9s perfecta per a qualsevol entorn a l&#8217;aire lliure. Dissenyada per a resistir els diferents climes, el seu suport ajustable en 4 posicions ofereix versatilitat per a llegir, prendre el sol o relaxar-se.<\/p>\n<p>L&#8217;estructura \u00e9s de perfil d&#8217;alumini refor\u00e7at, fent-la una mini gandula lleugera per\u00f2 estable. Els caragols s\u00f3n d&#8217;acer inoxidable i ofereixen una gran resist\u00e8ncia a la corrosi\u00f3 en ambients marins. Els accessoris com els taps, tacs i reguladors estan fabricats en resina de polipropil\u00e8 resistent als raigs <span class=\"hiddenSpellError\">UVA<\/span>, garantint una major durabilitat. El xass\u00eds est\u00e0 recobert amb una pintura en pols amb base de resines de poli\u00e8ster, per la qual cosa tamb\u00e9 la pintura ofereix una excel\u00b7lent resist\u00e8ncia a la llum i a les condicions exteriors.<\/p>\n<p>El teixit de la gandula \u00e9s transpirable, resistent als raigs\u00a0<span class=\"hiddenSpellError\">UVA<\/span> i compta amb un sistema antimicrobi\u00e0 que el protegeix contra males olors i la humitat. A m\u00e9s, el teixit de f\u00e0cil substituci\u00f3 simplifica el manteniment, prolongant la durabilitat del producte i contribuint a la sostenibilitat.<\/p>\n<p>Aquesta gandula \u00e9s pr\u00e0ctica per a emmagatzemar i transportar, perqu\u00e8 \u00e9s plegable, convertint-se en \u00f3pitma per a espais limitats. \u00c9s ideal per a hotels, balnearis, platges i ressorts, ja que proporciona als hostes una experi\u00e8ncia de categoria alhora que de comoditat. Amb el seu disseny elegant i construcci\u00f3 robusta, l<strong>a mini gandula\u00a0<span class=\"hiddenSpellError\">Cannes<\/span><\/strong>\u00a0\u00e9s una inversi\u00f3 intel\u00b7ligent per a qualsevol negoci que valori la comoditat i la durabilitat en el seu mobiliari d&#8217;exterior.<\/p>\n<p>*La mini gandula Cannes t\u00e9 la possibilitat d&#8217;un coix\u00ed addicional\u00a0amb interior <em>Dry Feel<\/em> que assegura comoditat i frescor, fins i tot despr\u00e9s de mullar-se. Els taps protectors de les potes prevenen ratllades a qualsevol classe de superf\u00edcie.<\/p>\n<p><a href=\"https:\/\/balliuexport.com\/wp-content\/uploads\/2023\/12\/cannes-mini-tumbona-comprimido.pdf\">Fitxa t\u00e8cnica<\/a><\/p>\n","protected":false},"excerpt":{"rendered":"<p>&nbsp;<\/p>\n<p>&nbsp;<\/p>\n","protected":false},"featured_media":32991,"template":"","meta":{"_acf_changed":false},"product_brand":[887],"product_cat":[563,568],"product_tag":[1428,593,610,640,833,846,720,854,860,1183],"class_list":{"0":"post-20267","1":"product","2":"type-product","3":"status-publish","4":"has-post-thumbnail","6":"product_brand-balliu-ca","7":"product_cat-exterior-ca","8":"product_cat-mini-tumbones-exterior","9":"product_tag-antimicrobiano-ca","10":"product_tag-balliu-ca","11":"product_tag-cannes-ca","12":"product_tag-exterior-ca","13":"product_tag-graduable-ca","14":"product_tag-mini-tumbona-ca","15":"product_tag-outdoor-ca","16":"product_tag-plegable-ca","17":"product_tag-regulable-ca","18":"product_tag-transpirable-ca","19":"description-off","21":"first","22":"instock","23":"shipping-taxable","24":"product-type-simple"},"acf":[],"yoast_head":"<!-- This site is optimized with the Yoast SEO plugin v27.0 - https:\/\/yoast.com\/product\/yoast-seo-wordpress\/ -->\n<title>Mini gandula Cannes, de la firma Balliu - Navarro Aubanell<\/title>\n<meta name=\"description\" content=\"La mini gandula Cannes est\u00e0 composta per un xass\u00eds d&#039;alumini molt lleuger, cargols en acer inoxidable i accessoris en poliamida. De la firma Balliu.\" \/>\n<meta name=\"robots\" content=\"index, follow, max-snippet:-1, max-image-preview:large, max-video-preview:-1\" \/>\n<link rel=\"canonical\" href=\"https:\/\/www.navarroaubanell.com\/ca\/producte\/mini-gandula-cannes\/\" \/>\n<meta property=\"og:locale\" content=\"ca_ES\" \/>\n<meta property=\"og:type\" content=\"article\" \/>\n<meta property=\"og:title\" content=\"Mini gandula Cannes, de la firma Balliu - Navarro Aubanell\" \/>\n<meta property=\"og:description\" content=\"La mini gandula Cannes est\u00e0 composta per un xass\u00eds d&#039;alumini molt lleuger, cargols en acer inoxidable i accessoris en poliamida. De la firma Balliu.\" \/>\n<meta property=\"og:url\" content=\"https:\/\/www.navarroaubanell.com\/ca\/producte\/mini-gandula-cannes\/\" \/>\n<meta property=\"og:site_name\" content=\"Navarro Aubanell\" \/>\n<meta property=\"article:modified_time\" content=\"2025-07-01T14:47:36+00:00\" \/>\n<meta property=\"og:image\" content=\"https:\/\/www.navarroaubanell.com\/wp-content\/uploads\/2017\/09\/cannes-1.jpg\" \/>\n\t<meta property=\"og:image:width\" content=\"800\" \/>\n\t<meta property=\"og:image:height\" content=\"650\" \/>\n\t<meta property=\"og:image:type\" content=\"image\/jpeg\" \/>\n<meta name=\"twitter:label1\" content=\"Est. reading time\" \/>\n\t<meta name=\"twitter:data1\" content=\"2 minutes\" \/>\n<script type=\"application\/ld+json\" class=\"yoast-schema-graph\">{\"@context\":\"https:\/\/schema.org\",\"@graph\":[{\"@type\":\"WebPage\",\"@id\":\"https:\/\/www.navarroaubanell.com\/ca\/producte\/mini-gandula-cannes\/\",\"url\":\"https:\/\/www.navarroaubanell.com\/ca\/producte\/mini-gandula-cannes\/\",\"name\":\"Mini gandula Cannes, de la firma Balliu - Navarro Aubanell\",\"isPartOf\":{\"@id\":\"https:\/\/www.navarroaubanell.com\/ca\/#website\"},\"primaryImageOfPage\":{\"@id\":\"https:\/\/www.navarroaubanell.com\/ca\/producte\/mini-gandula-cannes\/#primaryimage\"},\"image\":{\"@id\":\"https:\/\/www.navarroaubanell.com\/ca\/producte\/mini-gandula-cannes\/#primaryimage\"},\"thumbnailUrl\":\"https:\/\/www.navarroaubanell.com\/wp-content\/uploads\/2017\/09\/cannes-1.jpg\",\"datePublished\":\"2017-09-26T10:50:05+00:00\",\"dateModified\":\"2025-07-01T14:47:36+00:00\",\"description\":\"La mini gandula Cannes est\u00e0 composta per un xass\u00eds d'alumini molt lleuger, cargols en acer inoxidable i accessoris en poliamida. De la firma Balliu.\",\"breadcrumb\":{\"@id\":\"https:\/\/www.navarroaubanell.com\/ca\/producte\/mini-gandula-cannes\/#breadcrumb\"},\"inLanguage\":\"ca\",\"potentialAction\":[{\"@type\":\"ReadAction\",\"target\":[\"https:\/\/www.navarroaubanell.com\/ca\/producte\/mini-gandula-cannes\/\"]}]},{\"@type\":\"ImageObject\",\"inLanguage\":\"ca\",\"@id\":\"https:\/\/www.navarroaubanell.com\/ca\/producte\/mini-gandula-cannes\/#primaryimage\",\"url\":\"https:\/\/www.navarroaubanell.com\/wp-content\/uploads\/2017\/09\/cannes-1.jpg\",\"contentUrl\":\"https:\/\/www.navarroaubanell.com\/wp-content\/uploads\/2017\/09\/cannes-1.jpg\",\"width\":800,\"height\":650,\"caption\":\"Mini gandula Cannes amb l'estructura de color blanc i el teixit color cendre\"},{\"@type\":\"BreadcrumbList\",\"@id\":\"https:\/\/www.navarroaubanell.com\/ca\/producte\/mini-gandula-cannes\/#breadcrumb\",\"itemListElement\":[{\"@type\":\"ListItem\",\"position\":1,\"name\":\"Portada\",\"item\":\"https:\/\/www.navarroaubanell.com\/ca\/\"},{\"@type\":\"ListItem\",\"position\":2,\"name\":\"Productes\",\"item\":\"https:\/\/www.navarroaubanell.com\/productos\/\"},{\"@type\":\"ListItem\",\"position\":3,\"name\":\"Mini gandula Cannes\"}]},{\"@type\":\"WebSite\",\"@id\":\"https:\/\/www.navarroaubanell.com\/ca\/#website\",\"url\":\"https:\/\/www.navarroaubanell.com\/ca\/\",\"name\":\"Navarro Aubanell\",\"description\":\"Mobiliario para hoteler\u00eda, colectividades y oficinas\",\"publisher\":{\"@id\":\"https:\/\/www.navarroaubanell.com\/ca\/#organization\"},\"potentialAction\":[{\"@type\":\"SearchAction\",\"target\":{\"@type\":\"EntryPoint\",\"urlTemplate\":\"https:\/\/www.navarroaubanell.com\/ca\/?s={search_term_string}\"},\"query-input\":{\"@type\":\"PropertyValueSpecification\",\"valueRequired\":true,\"valueName\":\"search_term_string\"}}],\"inLanguage\":\"ca\"},{\"@type\":\"Organization\",\"@id\":\"https:\/\/www.navarroaubanell.com\/ca\/#organization\",\"name\":\"COMERCIAL NAVARRO AUBANELL, S.A\",\"url\":\"https:\/\/www.navarroaubanell.com\/ca\/\",\"logo\":{\"@type\":\"ImageObject\",\"inLanguage\":\"ca\",\"@id\":\"https:\/\/www.navarroaubanell.com\/ca\/#\/schema\/logo\/image\/\",\"url\":\"https:\/\/www.navarroaubanell.com\/wp-content\/uploads\/2017\/07\/logo-navarro-aubuanell.png\",\"contentUrl\":\"https:\/\/www.navarroaubanell.com\/wp-content\/uploads\/2017\/07\/logo-navarro-aubuanell.png\",\"width\":6304,\"height\":1154,\"caption\":\"COMERCIAL NAVARRO AUBANELL, S.A\"},\"image\":{\"@id\":\"https:\/\/www.navarroaubanell.com\/ca\/#\/schema\/logo\/image\/\"}}]}<\/script>\n<!-- \/ Yoast SEO plugin. -->","yoast_head_json":{"title":"Mini gandula Cannes, de la firma Balliu - Navarro Aubanell","description":"La mini gandula Cannes est\u00e0 composta per un xass\u00eds d'alumini molt lleuger, cargols en acer inoxidable i accessoris en poliamida. De la firma Balliu.","robots":{"index":"index","follow":"follow","max-snippet":"max-snippet:-1","max-image-preview":"max-image-preview:large","max-video-preview":"max-video-preview:-1"},"canonical":"https:\/\/www.navarroaubanell.com\/ca\/producte\/mini-gandula-cannes\/","og_locale":"ca_ES","og_type":"article","og_title":"Mini gandula Cannes, de la firma Balliu - Navarro Aubanell","og_description":"La mini gandula Cannes est\u00e0 composta per un xass\u00eds d'alumini molt lleuger, cargols en acer inoxidable i accessoris en poliamida. De la firma Balliu.","og_url":"https:\/\/www.navarroaubanell.com\/ca\/producte\/mini-gandula-cannes\/","og_site_name":"Navarro Aubanell","article_modified_time":"2025-07-01T14:47:36+00:00","og_image":[{"width":800,"height":650,"url":"https:\/\/www.navarroaubanell.com\/wp-content\/uploads\/2017\/09\/cannes-1.jpg","type":"image\/jpeg"}],"twitter_misc":{"Est. reading time":"2 minutes"},"schema":{"@context":"https:\/\/schema.org","@graph":[{"@type":"WebPage","@id":"https:\/\/www.navarroaubanell.com\/ca\/producte\/mini-gandula-cannes\/","url":"https:\/\/www.navarroaubanell.com\/ca\/producte\/mini-gandula-cannes\/","name":"Mini gandula Cannes, de la firma Balliu - Navarro Aubanell","isPartOf":{"@id":"https:\/\/www.navarroaubanell.com\/ca\/#website"},"primaryImageOfPage":{"@id":"https:\/\/www.navarroaubanell.com\/ca\/producte\/mini-gandula-cannes\/#primaryimage"},"image":{"@id":"https:\/\/www.navarroaubanell.com\/ca\/producte\/mini-gandula-cannes\/#primaryimage"},"thumbnailUrl":"https:\/\/www.navarroaubanell.com\/wp-content\/uploads\/2017\/09\/cannes-1.jpg","datePublished":"2017-09-26T10:50:05+00:00","dateModified":"2025-07-01T14:47:36+00:00","description":"La mini gandula Cannes est\u00e0 composta per un xass\u00eds d'alumini molt lleuger, cargols en acer inoxidable i accessoris en poliamida. De la firma Balliu.","breadcrumb":{"@id":"https:\/\/www.navarroaubanell.com\/ca\/producte\/mini-gandula-cannes\/#breadcrumb"},"inLanguage":"ca","potentialAction":[{"@type":"ReadAction","target":["https:\/\/www.navarroaubanell.com\/ca\/producte\/mini-gandula-cannes\/"]}]},{"@type":"ImageObject","inLanguage":"ca","@id":"https:\/\/www.navarroaubanell.com\/ca\/producte\/mini-gandula-cannes\/#primaryimage","url":"https:\/\/www.navarroaubanell.com\/wp-content\/uploads\/2017\/09\/cannes-1.jpg","contentUrl":"https:\/\/www.navarroaubanell.com\/wp-content\/uploads\/2017\/09\/cannes-1.jpg","width":800,"height":650,"caption":"Mini gandula Cannes amb l'estructura de color blanc i el teixit color cendre"},{"@type":"BreadcrumbList","@id":"https:\/\/www.navarroaubanell.com\/ca\/producte\/mini-gandula-cannes\/#breadcrumb","itemListElement":[{"@type":"ListItem","position":1,"name":"Portada","item":"https:\/\/www.navarroaubanell.com\/ca\/"},{"@type":"ListItem","position":2,"name":"Productes","item":"https:\/\/www.navarroaubanell.com\/productos\/"},{"@type":"ListItem","position":3,"name":"Mini gandula Cannes"}]},{"@type":"WebSite","@id":"https:\/\/www.navarroaubanell.com\/ca\/#website","url":"https:\/\/www.navarroaubanell.com\/ca\/","name":"Navarro Aubanell","description":"Mobiliario para hoteler\u00eda, colectividades y oficinas","publisher":{"@id":"https:\/\/www.navarroaubanell.com\/ca\/#organization"},"potentialAction":[{"@type":"SearchAction","target":{"@type":"EntryPoint","urlTemplate":"https:\/\/www.navarroaubanell.com\/ca\/?s={search_term_string}"},"query-input":{"@type":"PropertyValueSpecification","valueRequired":true,"valueName":"search_term_string"}}],"inLanguage":"ca"},{"@type":"Organization","@id":"https:\/\/www.navarroaubanell.com\/ca\/#organization","name":"COMERCIAL NAVARRO AUBANELL, S.A","url":"https:\/\/www.navarroaubanell.com\/ca\/","logo":{"@type":"ImageObject","inLanguage":"ca","@id":"https:\/\/www.navarroaubanell.com\/ca\/#\/schema\/logo\/image\/","url":"https:\/\/www.navarroaubanell.com\/wp-content\/uploads\/2017\/07\/logo-navarro-aubuanell.png","contentUrl":"https:\/\/www.navarroaubanell.com\/wp-content\/uploads\/2017\/07\/logo-navarro-aubuanell.png","width":6304,"height":1154,"caption":"COMERCIAL NAVARRO AUBANELL, S.A"},"image":{"@id":"https:\/\/www.navarroaubanell.com\/ca\/#\/schema\/logo\/image\/"}}]}},"_links":{"self":[{"href":"https:\/\/www.navarroaubanell.com\/ca\/wp-json\/wp\/v2\/product\/20267","targetHints":{"allow":["GET"]}}],"collection":[{"href":"https:\/\/www.navarroaubanell.com\/ca\/wp-json\/wp\/v2\/product"}],"about":[{"href":"https:\/\/www.navarroaubanell.com\/ca\/wp-json\/wp\/v2\/types\/product"}],"wp:featuredmedia":[{"embeddable":true,"href":"https:\/\/www.navarroaubanell.com\/ca\/wp-json\/wp\/v2\/media\/32991"}],"wp:attachment":[{"href":"https:\/\/www.navarroaubanell.com\/ca\/wp-json\/wp\/v2\/media?parent=20267"}],"wp:term":[{"taxonomy":"product_brand","embeddable":true,"href":"https:\/\/www.navarroaubanell.com\/ca\/wp-json\/wp\/v2\/product_brand?post=20267"},{"taxonomy":"product_cat","embeddable":true,"href":"https:\/\/www.navarroaubanell.com\/ca\/wp-json\/wp\/v2\/product_cat?post=20267"},{"taxonomy":"product_tag","embeddable":true,"href":"https:\/\/www.navarroaubanell.com\/ca\/wp-json\/wp\/v2\/product_tag?post=20267"}],"curies":[{"name":"wp","href":"https:\/\/api.w.org\/{rel}","templated":true}]}}

<p>La <strong>mini gandula <span class="hiddenSpellError">Cannes</span></strong> combina durabilitat, confort i elegància, és perfecta per a qualsevol entorn a l&#8217;aire lliure. Dissenyada per a resistir els diferents climes, el seu suport ajustable en 4 posicions ofereix versatilitat per a llegir, prendre el sol o relaxar-se.</p>
<p>L&#8217;estructura és de perfil d&#8217;alumini reforçat, fent-la una mini gandula lleugera però estable. Els caragols són d&#8217;acer inoxidable i ofereixen una gran resistència a la corrosió en ambients marins. Els accessoris com els taps, tacs i reguladors estan fabricats en resina de polipropilè resistent als raigs <span class="hiddenSpellError">UVA</span>, garantint una major durabilitat. El xassís està recobert amb una pintura en pols amb base de resines de polièster, per la qual cosa també la pintura ofereix una excel·lent resistència a la llum i a les condicions exteriors.</p>
<p>El teixit de la gandula és transpirable, resistent als raigs <span class="hiddenSpellError">UVA</span> i compta amb un sistema antimicrobià que el protegeix contra males olors i la humitat. A més, el teixit de fàcil substitució simplifica el manteniment, prolongant la durabilitat del producte i contribuint a la sostenibilitat.</p>
<p>Aquesta gandula és pràctica per a emmagatzemar i transportar, perquè és plegable, convertint-se en ópitma per a espais limitats. És ideal per a hotels, balnearis, platges i ressorts, ja que proporciona als hostes una experiència de categoria alhora que de comoditat. Amb el seu disseny elegant i construcció robusta, l<strong>a mini gandula <span class="hiddenSpellError">Cannes</span></strong> és una inversió intel·ligent per a qualsevol negoci que valori la comoditat i la durabilitat en el seu mobiliari d&#8217;exterior.</p>
<p>*La mini gandula Cannes té la possibilitat d&#8217;un coixí addicional amb interior <em>Dry Feel</em> que assegura comoditat i frescor, fins i tot després de mullar-se. Els taps protectors de les potes prevenen ratllades a qualsevol classe de superfície.</p>
<p><a href="https://balliuexport.com/wp-content/uploads/2023/12/cannes-mini-tumbona-comprimido.pdf">Fitxa tècnica</a></p>

<!-- This site is optimized with the Yoast SEO plugin v27.0 - https://yoast.com/product/yoast-seo-wordpress/ -->
<title>Mini gandula Cannes, de la firma Balliu - Navarro Aubanell</title>
<meta name="description" content="La mini gandula Cannes està composta per un xassís d&#039;alumini molt lleuger, cargols en acer inoxidable i accessoris en poliamida. De la firma Balliu." />
<meta name="robots" content="index, follow, max-snippet:-1, max-image-preview:large, max-video-preview:-1" />
<link rel="canonical" href="https://www.navarroaubanell.com/ca/producte/mini-gandula-cannes/" />
<meta property="og:locale" content="ca_ES" />
<meta property="og:type" content="article" />
<meta property="og:title" content="Mini gandula Cannes, de la firma Balliu - Navarro Aubanell" />
<meta property="og:description" content="La mini gandula Cannes està composta per un xassís d&#039;alumini molt lleuger, cargols en acer inoxidable i accessoris en poliamida. De la firma Balliu." />
<meta property="og:url" content="https://www.navarroaubanell.com/ca/producte/mini-gandula-cannes/" />
<meta property="og:site_name" content="Navarro Aubanell" />
<meta property="article:modified_time" content="2025-07-01T14:47:36+00:00" />
<meta property="og:image" content="https://www.navarroaubanell.com/wp-content/uploads/2017/09/cannes-1.jpg" />
	<meta property="og:image:width" content="800" />
	<meta property="og:image:height" content="650" />
	<meta property="og:image:type" content="image/jpeg" />
<meta name="twitter:label1" content="Est. reading time" />
	<meta name="twitter:data1" content="2 minutes" />
<script type="application/ld+json" class="yoast-schema-graph">{"@context":"https://schema.org","@graph":[{"@type":"WebPage","@id":"https://www.navarroaubanell.com/ca/producte/mini-gandula-cannes/","url":"https://www.navarroaubanell.com/ca/producte/mini-gandula-cannes/","name":"Mini gandula Cannes, de la firma Balliu - Navarro Aubanell","isPartOf":{"@id":"https://www.navarroaubanell.com/ca/#website"},"primaryImageOfPage":{"@id":"https://www.navarroaubanell.com/ca/producte/mini-gandula-cannes/#primaryimage"},"image":{"@id":"https://www.navarroaubanell.com/ca/producte/mini-gandula-cannes/#primaryimage"},"thumbnailUrl":"https://www.navarroaubanell.com/wp-content/uploads/2017/09/cannes-1.jpg","datePublished":"2017-09-26T10:50:05+00:00","dateModified":"2025-07-01T14:47:36+00:00","description":"La mini gandula Cannes està composta per un xassís d'alumini molt lleuger, cargols en acer inoxidable i accessoris en poliamida. De la firma Balliu.","breadcrumb":{"@id":"https://www.navarroaubanell.com/ca/producte/mini-gandula-cannes/#breadcrumb"},"inLanguage":"ca","potentialAction":[{"@type":"ReadAction","target":["https://www.navarroaubanell.com/ca/producte/mini-gandula-cannes/"]}]},{"@type":"ImageObject","inLanguage":"ca","@id":"https://www.navarroaubanell.com/ca/producte/mini-gandula-cannes/#primaryimage","url":"https://www.navarroaubanell.com/wp-content/uploads/2017/09/cannes-1.jpg","contentUrl":"https://www.navarroaubanell.com/wp-content/uploads/2017/09/cannes-1.jpg","width":800,"height":650,"caption":"Mini gandula Cannes amb l'estructura de color blanc i el teixit color cendre"},{"@type":"BreadcrumbList","@id":"https://www.navarroaubanell.com/ca/producte/mini-gandula-cannes/#breadcrumb","itemListElement":[{"@type":"ListItem","position":1,"name":"Portada","item":"https://www.navarroaubanell.com/ca/"},{"@type":"ListItem","position":2,"name":"Productes","item":"https://www.navarroaubanell.com/productos/"},{"@type":"ListItem","position":3,"name":"Mini gandula Cannes"}]},{"@type":"WebSite","@id":"https://www.navarroaubanell.com/ca/#website","url":"https://www.navarroaubanell.com/ca/","name":"Navarro Aubanell","description":"Mobiliario para hotelería, colectividades y oficinas","publisher":{"@id":"https://www.navarroaubanell.com/ca/#organization"},"potentialAction":[{"@type":"SearchAction","target":{"@type":"EntryPoint","urlTemplate":"https://www.navarroaubanell.com/ca/?s={search_term_string}"},"query-input":{"@type":"PropertyValueSpecification","valueRequired":true,"valueName":"search_term_string"}}],"inLanguage":"ca"},{"@type":"Organization","@id":"https://www.navarroaubanell.com/ca/#organization","name":"COMERCIAL NAVARRO AUBANELL, S.A","url":"https://www.navarroaubanell.com/ca/","logo":{"@type":"ImageObject","inLanguage":"ca","@id":"https://www.navarroaubanell.com/ca/#/schema/logo/image/","url":"https://www.navarroaubanell.com/wp-content/uploads/2017/07/logo-navarro-aubuanell.png","contentUrl":"https://www.navarroaubanell.com/wp-content/uploads/2017/07/logo-navarro-aubuanell.png","width":6304,"height":1154,"caption":"COMERCIAL NAVARRO AUBANELL, S.A"},"image":{"@id":"https://www.navarroaubanell.com/ca/#/schema/logo/image/"}}]}</script>
<!-- / Yoast SEO plugin. -->

La mini gandula Cannes està composta per un xassís d'alumini molt lleuger, cargols en acer inoxidable i accessoris en poliamida. De la firma Balliu.

Mobiliario para hotelería, colectividades y oficinas
