{"id":20246,"date":"2017-09-28T08:54:56","date_gmt":"2017-09-28T08:54:56","guid":{"rendered":"https:\/\/www.navarroaubanell.com\/producto\/kappa\/"},"modified":"2020-02-20T15:53:50","modified_gmt":"2020-02-20T14:53:50","slug":"kappa","status":"publish","type":"product","link":"https:\/\/www.navarroaubanell.com\/ca\/producte\/kappa\/","title":{"rendered":"Catifa Kappa"},"content":{"rendered":"<p>Com catifes de sisal o b\u00e9 com moquetes ofereixen m\u00faltiples opcions en decoraci\u00f3. Destaquem la seva disponibilitat en m\u00faltiples tintades que van des tons mel a tons foscos. Podr\u00e0s a m\u00e9s rematar-la amb qualsevol de les nostres BANDES, per\u00f2 tria b\u00e9 perqu\u00e8, gr\u00e0cies a la seva peculiar terminaci\u00f3 en bucle, \u00e9s probable que et duri tota la vida.<\/p>\n","protected":false},"excerpt":{"rendered":"<p>&nbsp;<\/p>\n<p>&nbsp;<\/p>\n","protected":false},"featured_media":18671,"template":"","meta":{"_acf_changed":false},"product_brand":[885],"product_cat":[990],"product_tag":[796,799,670,669],"class_list":{"0":"post-20246","1":"product","2":"type-product","3":"status-publish","4":"has-post-thumbnail","6":"product_brand-kp-ca","7":"product_cat-catifes-ca","8":"product_tag-accessoris","9":"product_tag-catifes-ca","10":"product_tag-kappa-ca","11":"product_tag-kp-ca","12":"description-off","14":"first","15":"instock","16":"shipping-taxable","17":"product-type-simple"},"acf":[],"yoast_head":"<!-- This site is optimized with the Yoast SEO plugin v27.0 - https:\/\/yoast.com\/product\/yoast-seo-wordpress\/ -->\n<title>Catifes de sisal Kappa, de la firma KP - Navarro Aubanell<\/title>\n<meta name=\"description\" content=\"Com catifes de sisal o b\u00e9 com moquetes ofereixen m\u00faltiples opcions en decoraci\u00f3. Destaquem la seva disponibilitat en m\u00faltiples tintades, de mel a foscos.\" \/>\n<meta name=\"robots\" content=\"index, follow, max-snippet:-1, max-image-preview:large, max-video-preview:-1\" \/>\n<link rel=\"canonical\" href=\"https:\/\/www.navarroaubanell.com\/ca\/producte\/kappa\/\" \/>\n<meta property=\"og:locale\" content=\"ca_ES\" \/>\n<meta property=\"og:type\" content=\"article\" \/>\n<meta property=\"og:title\" content=\"Catifes de sisal Kappa, de la firma KP - Navarro Aubanell\" \/>\n<meta property=\"og:description\" content=\"Com catifes de sisal o b\u00e9 com moquetes ofereixen m\u00faltiples opcions en decoraci\u00f3. Destaquem la seva disponibilitat en m\u00faltiples tintades, de mel a foscos.\" \/>\n<meta property=\"og:url\" content=\"https:\/\/www.navarroaubanell.com\/ca\/producte\/kappa\/\" \/>\n<meta property=\"og:site_name\" content=\"Navarro Aubanell\" \/>\n<meta property=\"article:modified_time\" content=\"2020-02-20T14:53:50+00:00\" \/>\n<meta property=\"og:image\" content=\"https:\/\/www.navarroaubanell.com\/wp-content\/uploads\/2017\/09\/img-destacada-Kappa.jpg\" \/>\n\t<meta property=\"og:image:width\" content=\"512\" \/>\n\t<meta property=\"og:image:height\" content=\"512\" \/>\n\t<meta property=\"og:image:type\" content=\"image\/jpeg\" \/>\n<script type=\"application\/ld+json\" class=\"yoast-schema-graph\">{\"@context\":\"https:\/\/schema.org\",\"@graph\":[{\"@type\":\"WebPage\",\"@id\":\"https:\/\/www.navarroaubanell.com\/ca\/producte\/kappa\/\",\"url\":\"https:\/\/www.navarroaubanell.com\/ca\/producte\/kappa\/\",\"name\":\"Catifes de sisal Kappa, de la firma KP - Navarro Aubanell\",\"isPartOf\":{\"@id\":\"https:\/\/www.navarroaubanell.com\/ca\/#website\"},\"primaryImageOfPage\":{\"@id\":\"https:\/\/www.navarroaubanell.com\/ca\/producte\/kappa\/#primaryimage\"},\"image\":{\"@id\":\"https:\/\/www.navarroaubanell.com\/ca\/producte\/kappa\/#primaryimage\"},\"thumbnailUrl\":\"https:\/\/www.navarroaubanell.com\/wp-content\/uploads\/2017\/09\/img-destacada-Kappa.jpg\",\"datePublished\":\"2017-09-28T08:54:56+00:00\",\"dateModified\":\"2020-02-20T14:53:50+00:00\",\"description\":\"Com catifes de sisal o b\u00e9 com moquetes ofereixen m\u00faltiples opcions en decoraci\u00f3. Destaquem la seva disponibilitat en m\u00faltiples tintades, de mel a foscos.\",\"breadcrumb\":{\"@id\":\"https:\/\/www.navarroaubanell.com\/ca\/producte\/kappa\/#breadcrumb\"},\"inLanguage\":\"ca\",\"potentialAction\":[{\"@type\":\"ReadAction\",\"target\":[\"https:\/\/www.navarroaubanell.com\/ca\/producte\/kappa\/\"]}]},{\"@type\":\"ImageObject\",\"inLanguage\":\"ca\",\"@id\":\"https:\/\/www.navarroaubanell.com\/ca\/producte\/kappa\/#primaryimage\",\"url\":\"https:\/\/www.navarroaubanell.com\/wp-content\/uploads\/2017\/09\/img-destacada-Kappa.jpg\",\"contentUrl\":\"https:\/\/www.navarroaubanell.com\/wp-content\/uploads\/2017\/09\/img-destacada-Kappa.jpg\",\"width\":512,\"height\":512},{\"@type\":\"BreadcrumbList\",\"@id\":\"https:\/\/www.navarroaubanell.com\/ca\/producte\/kappa\/#breadcrumb\",\"itemListElement\":[{\"@type\":\"ListItem\",\"position\":1,\"name\":\"Portada\",\"item\":\"https:\/\/www.navarroaubanell.com\/ca\/\"},{\"@type\":\"ListItem\",\"position\":2,\"name\":\"Productes\",\"item\":\"https:\/\/www.navarroaubanell.com\/productos\/\"},{\"@type\":\"ListItem\",\"position\":3,\"name\":\"Catifa Kappa\"}]},{\"@type\":\"WebSite\",\"@id\":\"https:\/\/www.navarroaubanell.com\/ca\/#website\",\"url\":\"https:\/\/www.navarroaubanell.com\/ca\/\",\"name\":\"Navarro Aubanell\",\"description\":\"Mobiliario para hoteler\u00eda, colectividades y oficinas\",\"publisher\":{\"@id\":\"https:\/\/www.navarroaubanell.com\/ca\/#organization\"},\"potentialAction\":[{\"@type\":\"SearchAction\",\"target\":{\"@type\":\"EntryPoint\",\"urlTemplate\":\"https:\/\/www.navarroaubanell.com\/ca\/?s={search_term_string}\"},\"query-input\":{\"@type\":\"PropertyValueSpecification\",\"valueRequired\":true,\"valueName\":\"search_term_string\"}}],\"inLanguage\":\"ca\"},{\"@type\":\"Organization\",\"@id\":\"https:\/\/www.navarroaubanell.com\/ca\/#organization\",\"name\":\"COMERCIAL NAVARRO AUBANELL, S.A\",\"url\":\"https:\/\/www.navarroaubanell.com\/ca\/\",\"logo\":{\"@type\":\"ImageObject\",\"inLanguage\":\"ca\",\"@id\":\"https:\/\/www.navarroaubanell.com\/ca\/#\/schema\/logo\/image\/\",\"url\":\"https:\/\/www.navarroaubanell.com\/wp-content\/uploads\/2017\/07\/logo-navarro-aubuanell.png\",\"contentUrl\":\"https:\/\/www.navarroaubanell.com\/wp-content\/uploads\/2017\/07\/logo-navarro-aubuanell.png\",\"width\":6304,\"height\":1154,\"caption\":\"COMERCIAL NAVARRO AUBANELL, S.A\"},\"image\":{\"@id\":\"https:\/\/www.navarroaubanell.com\/ca\/#\/schema\/logo\/image\/\"}}]}<\/script>\n<!-- \/ Yoast SEO plugin. -->","yoast_head_json":{"title":"Catifes de sisal Kappa, de la firma KP - Navarro Aubanell","description":"Com catifes de sisal o b\u00e9 com moquetes ofereixen m\u00faltiples opcions en decoraci\u00f3. Destaquem la seva disponibilitat en m\u00faltiples tintades, de mel a foscos.","robots":{"index":"index","follow":"follow","max-snippet":"max-snippet:-1","max-image-preview":"max-image-preview:large","max-video-preview":"max-video-preview:-1"},"canonical":"https:\/\/www.navarroaubanell.com\/ca\/producte\/kappa\/","og_locale":"ca_ES","og_type":"article","og_title":"Catifes de sisal Kappa, de la firma KP - Navarro Aubanell","og_description":"Com catifes de sisal o b\u00e9 com moquetes ofereixen m\u00faltiples opcions en decoraci\u00f3. Destaquem la seva disponibilitat en m\u00faltiples tintades, de mel a foscos.","og_url":"https:\/\/www.navarroaubanell.com\/ca\/producte\/kappa\/","og_site_name":"Navarro Aubanell","article_modified_time":"2020-02-20T14:53:50+00:00","og_image":[{"width":512,"height":512,"url":"https:\/\/www.navarroaubanell.com\/wp-content\/uploads\/2017\/09\/img-destacada-Kappa.jpg","type":"image\/jpeg"}],"schema":{"@context":"https:\/\/schema.org","@graph":[{"@type":"WebPage","@id":"https:\/\/www.navarroaubanell.com\/ca\/producte\/kappa\/","url":"https:\/\/www.navarroaubanell.com\/ca\/producte\/kappa\/","name":"Catifes de sisal Kappa, de la firma KP - Navarro Aubanell","isPartOf":{"@id":"https:\/\/www.navarroaubanell.com\/ca\/#website"},"primaryImageOfPage":{"@id":"https:\/\/www.navarroaubanell.com\/ca\/producte\/kappa\/#primaryimage"},"image":{"@id":"https:\/\/www.navarroaubanell.com\/ca\/producte\/kappa\/#primaryimage"},"thumbnailUrl":"https:\/\/www.navarroaubanell.com\/wp-content\/uploads\/2017\/09\/img-destacada-Kappa.jpg","datePublished":"2017-09-28T08:54:56+00:00","dateModified":"2020-02-20T14:53:50+00:00","description":"Com catifes de sisal o b\u00e9 com moquetes ofereixen m\u00faltiples opcions en decoraci\u00f3. Destaquem la seva disponibilitat en m\u00faltiples tintades, de mel a foscos.","breadcrumb":{"@id":"https:\/\/www.navarroaubanell.com\/ca\/producte\/kappa\/#breadcrumb"},"inLanguage":"ca","potentialAction":[{"@type":"ReadAction","target":["https:\/\/www.navarroaubanell.com\/ca\/producte\/kappa\/"]}]},{"@type":"ImageObject","inLanguage":"ca","@id":"https:\/\/www.navarroaubanell.com\/ca\/producte\/kappa\/#primaryimage","url":"https:\/\/www.navarroaubanell.com\/wp-content\/uploads\/2017\/09\/img-destacada-Kappa.jpg","contentUrl":"https:\/\/www.navarroaubanell.com\/wp-content\/uploads\/2017\/09\/img-destacada-Kappa.jpg","width":512,"height":512},{"@type":"BreadcrumbList","@id":"https:\/\/www.navarroaubanell.com\/ca\/producte\/kappa\/#breadcrumb","itemListElement":[{"@type":"ListItem","position":1,"name":"Portada","item":"https:\/\/www.navarroaubanell.com\/ca\/"},{"@type":"ListItem","position":2,"name":"Productes","item":"https:\/\/www.navarroaubanell.com\/productos\/"},{"@type":"ListItem","position":3,"name":"Catifa Kappa"}]},{"@type":"WebSite","@id":"https:\/\/www.navarroaubanell.com\/ca\/#website","url":"https:\/\/www.navarroaubanell.com\/ca\/","name":"Navarro Aubanell","description":"Mobiliario para hoteler\u00eda, colectividades y oficinas","publisher":{"@id":"https:\/\/www.navarroaubanell.com\/ca\/#organization"},"potentialAction":[{"@type":"SearchAction","target":{"@type":"EntryPoint","urlTemplate":"https:\/\/www.navarroaubanell.com\/ca\/?s={search_term_string}"},"query-input":{"@type":"PropertyValueSpecification","valueRequired":true,"valueName":"search_term_string"}}],"inLanguage":"ca"},{"@type":"Organization","@id":"https:\/\/www.navarroaubanell.com\/ca\/#organization","name":"COMERCIAL NAVARRO AUBANELL, S.A","url":"https:\/\/www.navarroaubanell.com\/ca\/","logo":{"@type":"ImageObject","inLanguage":"ca","@id":"https:\/\/www.navarroaubanell.com\/ca\/#\/schema\/logo\/image\/","url":"https:\/\/www.navarroaubanell.com\/wp-content\/uploads\/2017\/07\/logo-navarro-aubuanell.png","contentUrl":"https:\/\/www.navarroaubanell.com\/wp-content\/uploads\/2017\/07\/logo-navarro-aubuanell.png","width":6304,"height":1154,"caption":"COMERCIAL NAVARRO AUBANELL, S.A"},"image":{"@id":"https:\/\/www.navarroaubanell.com\/ca\/#\/schema\/logo\/image\/"}}]}},"_links":{"self":[{"href":"https:\/\/www.navarroaubanell.com\/ca\/wp-json\/wp\/v2\/product\/20246","targetHints":{"allow":["GET"]}}],"collection":[{"href":"https:\/\/www.navarroaubanell.com\/ca\/wp-json\/wp\/v2\/product"}],"about":[{"href":"https:\/\/www.navarroaubanell.com\/ca\/wp-json\/wp\/v2\/types\/product"}],"wp:featuredmedia":[{"embeddable":true,"href":"https:\/\/www.navarroaubanell.com\/ca\/wp-json\/wp\/v2\/media\/18671"}],"wp:attachment":[{"href":"https:\/\/www.navarroaubanell.com\/ca\/wp-json\/wp\/v2\/media?parent=20246"}],"wp:term":[{"taxonomy":"product_brand","embeddable":true,"href":"https:\/\/www.navarroaubanell.com\/ca\/wp-json\/wp\/v2\/product_brand?post=20246"},{"taxonomy":"product_cat","embeddable":true,"href":"https:\/\/www.navarroaubanell.com\/ca\/wp-json\/wp\/v2\/product_cat?post=20246"},{"taxonomy":"product_tag","embeddable":true,"href":"https:\/\/www.navarroaubanell.com\/ca\/wp-json\/wp\/v2\/product_tag?post=20246"}],"curies":[{"name":"wp","href":"https:\/\/api.w.org\/{rel}","templated":true}]}}

<p>Com catifes de sisal o bé com moquetes ofereixen múltiples opcions en decoració. Destaquem la seva disponibilitat en múltiples tintades que van des tons mel a tons foscos. Podràs a més rematar-la amb qualsevol de les nostres BANDES, però tria bé perquè, gràcies a la seva peculiar terminació en bucle, és probable que et duri tota la vida.</p>

<!-- This site is optimized with the Yoast SEO plugin v27.0 - https://yoast.com/product/yoast-seo-wordpress/ -->
<title>Catifes de sisal Kappa, de la firma KP - Navarro Aubanell</title>
<meta name="description" content="Com catifes de sisal o bé com moquetes ofereixen múltiples opcions en decoració. Destaquem la seva disponibilitat en múltiples tintades, de mel a foscos." />
<meta name="robots" content="index, follow, max-snippet:-1, max-image-preview:large, max-video-preview:-1" />
<link rel="canonical" href="https://www.navarroaubanell.com/ca/producte/kappa/" />
<meta property="og:locale" content="ca_ES" />
<meta property="og:type" content="article" />
<meta property="og:title" content="Catifes de sisal Kappa, de la firma KP - Navarro Aubanell" />
<meta property="og:description" content="Com catifes de sisal o bé com moquetes ofereixen múltiples opcions en decoració. Destaquem la seva disponibilitat en múltiples tintades, de mel a foscos." />
<meta property="og:url" content="https://www.navarroaubanell.com/ca/producte/kappa/" />
<meta property="og:site_name" content="Navarro Aubanell" />
<meta property="article:modified_time" content="2020-02-20T14:53:50+00:00" />
<meta property="og:image" content="https://www.navarroaubanell.com/wp-content/uploads/2017/09/img-destacada-Kappa.jpg" />
	<meta property="og:image:width" content="512" />
	<meta property="og:image:height" content="512" />
	<meta property="og:image:type" content="image/jpeg" />
<script type="application/ld+json" class="yoast-schema-graph">{"@context":"https://schema.org","@graph":[{"@type":"WebPage","@id":"https://www.navarroaubanell.com/ca/producte/kappa/","url":"https://www.navarroaubanell.com/ca/producte/kappa/","name":"Catifes de sisal Kappa, de la firma KP - Navarro Aubanell","isPartOf":{"@id":"https://www.navarroaubanell.com/ca/#website"},"primaryImageOfPage":{"@id":"https://www.navarroaubanell.com/ca/producte/kappa/#primaryimage"},"image":{"@id":"https://www.navarroaubanell.com/ca/producte/kappa/#primaryimage"},"thumbnailUrl":"https://www.navarroaubanell.com/wp-content/uploads/2017/09/img-destacada-Kappa.jpg","datePublished":"2017-09-28T08:54:56+00:00","dateModified":"2020-02-20T14:53:50+00:00","description":"Com catifes de sisal o bé com moquetes ofereixen múltiples opcions en decoració. Destaquem la seva disponibilitat en múltiples tintades, de mel a foscos.","breadcrumb":{"@id":"https://www.navarroaubanell.com/ca/producte/kappa/#breadcrumb"},"inLanguage":"ca","potentialAction":[{"@type":"ReadAction","target":["https://www.navarroaubanell.com/ca/producte/kappa/"]}]},{"@type":"ImageObject","inLanguage":"ca","@id":"https://www.navarroaubanell.com/ca/producte/kappa/#primaryimage","url":"https://www.navarroaubanell.com/wp-content/uploads/2017/09/img-destacada-Kappa.jpg","contentUrl":"https://www.navarroaubanell.com/wp-content/uploads/2017/09/img-destacada-Kappa.jpg","width":512,"height":512},{"@type":"BreadcrumbList","@id":"https://www.navarroaubanell.com/ca/producte/kappa/#breadcrumb","itemListElement":[{"@type":"ListItem","position":1,"name":"Portada","item":"https://www.navarroaubanell.com/ca/"},{"@type":"ListItem","position":2,"name":"Productes","item":"https://www.navarroaubanell.com/productos/"},{"@type":"ListItem","position":3,"name":"Catifa Kappa"}]},{"@type":"WebSite","@id":"https://www.navarroaubanell.com/ca/#website","url":"https://www.navarroaubanell.com/ca/","name":"Navarro Aubanell","description":"Mobiliario para hotelería, colectividades y oficinas","publisher":{"@id":"https://www.navarroaubanell.com/ca/#organization"},"potentialAction":[{"@type":"SearchAction","target":{"@type":"EntryPoint","urlTemplate":"https://www.navarroaubanell.com/ca/?s={search_term_string}"},"query-input":{"@type":"PropertyValueSpecification","valueRequired":true,"valueName":"search_term_string"}}],"inLanguage":"ca"},{"@type":"Organization","@id":"https://www.navarroaubanell.com/ca/#organization","name":"COMERCIAL NAVARRO AUBANELL, S.A","url":"https://www.navarroaubanell.com/ca/","logo":{"@type":"ImageObject","inLanguage":"ca","@id":"https://www.navarroaubanell.com/ca/#/schema/logo/image/","url":"https://www.navarroaubanell.com/wp-content/uploads/2017/07/logo-navarro-aubuanell.png","contentUrl":"https://www.navarroaubanell.com/wp-content/uploads/2017/07/logo-navarro-aubuanell.png","width":6304,"height":1154,"caption":"COMERCIAL NAVARRO AUBANELL, S.A"},"image":{"@id":"https://www.navarroaubanell.com/ca/#/schema/logo/image/"}}]}</script>
<!-- / Yoast SEO plugin. -->

Com catifes de sisal o bé com moquetes ofereixen múltiples opcions en decoració. Destaquem la seva disponibilitat en múltiples tintades, de mel a foscos.

Mobiliario para hotelería, colectividades y oficinas
