{"id":20242,"date":"2017-09-28T09:21:48","date_gmt":"2017-09-28T09:21:48","guid":{"rendered":"https:\/\/www.navarroaubanell.com\/producto\/ivy\/"},"modified":"2020-10-14T14:55:47","modified_gmt":"2020-10-14T12:55:47","slug":"ivy","status":"publish","type":"product","link":"https:\/\/www.navarroaubanell.com\/ca\/producte\/ivy\/","title":{"rendered":"Butaca Ivy"},"content":{"rendered":"<p>Amb la butaca d&#8217;exterior Ivy tindr\u00e0 tot el que necessita per gaudir de l&#8217;estiu a l&#8217;aire lliure. Es tracta d&#8217;un sof\u00e0 ampli i molt c\u00f2mode, de formes suaus i arrodonides combinades amb la fredor de l&#8217;acer inoxidable. L&#8217;estructura d&#8217;aquest sof\u00e0 d&#8217;exterior \u00e9s de metall rod\u00f3, la qual cosa el fa molt resistent.<\/p>\n","protected":false},"excerpt":{"rendered":"<p>&nbsp;<\/p>\n<p>&nbsp;<\/p>\n","protected":false},"featured_media":18680,"template":"","meta":{"_acf_changed":false},"product_brand":[890],"product_cat":[937,563],"product_tag":[605,810,618,636,667,847,720],"class_list":{"0":"post-20242","1":"product","2":"type-product","3":"status-publish","4":"has-post-thumbnail","6":"product_brand-emu-ca","7":"product_cat-butaques-ca-2","8":"product_cat-exterior-ca","9":"product_tag-butaca-ca","10":"product_tag-butaca-exterior-ca","11":"product_tag-contract-ca","12":"product_tag-emu-ca","13":"product_tag-ivy-ca","14":"product_tag-mobiliari-exterior","15":"product_tag-outdoor-ca","16":"description-off","18":"first","19":"instock","20":"shipping-taxable","21":"product-type-simple"},"acf":[],"yoast_head":"<!-- This site is optimized with the Yoast SEO plugin v27.0 - https:\/\/yoast.com\/product\/yoast-seo-wordpress\/ -->\n<title>Sof\u00e0 exterior, disseny de Paola Navone, de Emu - Navarro Aubanell<\/title>\n<meta name=\"description\" content=\"Amb la butaca d&#039;exterior Ivy tindr\u00e0 tot el que necessita per gaudir de l&#039;estiu a l&#039;aire lliure. Es tracta d&#039;un sof\u00e0 ampli i molt c\u00f2mode, de formes suaus.\" \/>\n<meta name=\"robots\" content=\"index, follow, max-snippet:-1, max-image-preview:large, max-video-preview:-1\" \/>\n<link rel=\"canonical\" href=\"https:\/\/www.navarroaubanell.com\/ca\/producte\/ivy\/\" \/>\n<meta property=\"og:locale\" content=\"ca_ES\" \/>\n<meta property=\"og:type\" content=\"article\" \/>\n<meta property=\"og:title\" content=\"Sof\u00e0 exterior, disseny de Paola Navone, de Emu - Navarro Aubanell\" \/>\n<meta property=\"og:description\" content=\"Amb la butaca d&#039;exterior Ivy tindr\u00e0 tot el que necessita per gaudir de l&#039;estiu a l&#039;aire lliure. Es tracta d&#039;un sof\u00e0 ampli i molt c\u00f2mode, de formes suaus.\" \/>\n<meta property=\"og:url\" content=\"https:\/\/www.navarroaubanell.com\/ca\/producte\/ivy\/\" \/>\n<meta property=\"og:site_name\" content=\"Navarro Aubanell\" \/>\n<meta property=\"article:modified_time\" content=\"2020-10-14T12:55:47+00:00\" \/>\n<meta property=\"og:image\" content=\"https:\/\/www.navarroaubanell.com\/wp-content\/uploads\/2017\/09\/img-destacada-ivy.jpg\" \/>\n\t<meta property=\"og:image:width\" content=\"512\" \/>\n\t<meta property=\"og:image:height\" content=\"512\" \/>\n\t<meta property=\"og:image:type\" content=\"image\/jpeg\" \/>\n<script type=\"application\/ld+json\" class=\"yoast-schema-graph\">{\"@context\":\"https:\/\/schema.org\",\"@graph\":[{\"@type\":\"WebPage\",\"@id\":\"https:\/\/www.navarroaubanell.com\/ca\/producte\/ivy\/\",\"url\":\"https:\/\/www.navarroaubanell.com\/ca\/producte\/ivy\/\",\"name\":\"Sof\u00e0 exterior, disseny de Paola Navone, de Emu - Navarro Aubanell\",\"isPartOf\":{\"@id\":\"https:\/\/www.navarroaubanell.com\/ca\/#website\"},\"primaryImageOfPage\":{\"@id\":\"https:\/\/www.navarroaubanell.com\/ca\/producte\/ivy\/#primaryimage\"},\"image\":{\"@id\":\"https:\/\/www.navarroaubanell.com\/ca\/producte\/ivy\/#primaryimage\"},\"thumbnailUrl\":\"https:\/\/www.navarroaubanell.com\/wp-content\/uploads\/2017\/09\/img-destacada-ivy.jpg\",\"datePublished\":\"2017-09-28T09:21:48+00:00\",\"dateModified\":\"2020-10-14T12:55:47+00:00\",\"description\":\"Amb la butaca d'exterior Ivy tindr\u00e0 tot el que necessita per gaudir de l'estiu a l'aire lliure. Es tracta d'un sof\u00e0 ampli i molt c\u00f2mode, de formes suaus.\",\"breadcrumb\":{\"@id\":\"https:\/\/www.navarroaubanell.com\/ca\/producte\/ivy\/#breadcrumb\"},\"inLanguage\":\"ca\",\"potentialAction\":[{\"@type\":\"ReadAction\",\"target\":[\"https:\/\/www.navarroaubanell.com\/ca\/producte\/ivy\/\"]}]},{\"@type\":\"ImageObject\",\"inLanguage\":\"ca\",\"@id\":\"https:\/\/www.navarroaubanell.com\/ca\/producte\/ivy\/#primaryimage\",\"url\":\"https:\/\/www.navarroaubanell.com\/wp-content\/uploads\/2017\/09\/img-destacada-ivy.jpg\",\"contentUrl\":\"https:\/\/www.navarroaubanell.com\/wp-content\/uploads\/2017\/09\/img-destacada-ivy.jpg\",\"width\":512,\"height\":512},{\"@type\":\"BreadcrumbList\",\"@id\":\"https:\/\/www.navarroaubanell.com\/ca\/producte\/ivy\/#breadcrumb\",\"itemListElement\":[{\"@type\":\"ListItem\",\"position\":1,\"name\":\"Portada\",\"item\":\"https:\/\/www.navarroaubanell.com\/ca\/\"},{\"@type\":\"ListItem\",\"position\":2,\"name\":\"Productes\",\"item\":\"https:\/\/www.navarroaubanell.com\/productos\/\"},{\"@type\":\"ListItem\",\"position\":3,\"name\":\"Butaca Ivy\"}]},{\"@type\":\"WebSite\",\"@id\":\"https:\/\/www.navarroaubanell.com\/ca\/#website\",\"url\":\"https:\/\/www.navarroaubanell.com\/ca\/\",\"name\":\"Navarro Aubanell\",\"description\":\"Mobiliario para hoteler\u00eda, colectividades y oficinas\",\"publisher\":{\"@id\":\"https:\/\/www.navarroaubanell.com\/ca\/#organization\"},\"potentialAction\":[{\"@type\":\"SearchAction\",\"target\":{\"@type\":\"EntryPoint\",\"urlTemplate\":\"https:\/\/www.navarroaubanell.com\/ca\/?s={search_term_string}\"},\"query-input\":{\"@type\":\"PropertyValueSpecification\",\"valueRequired\":true,\"valueName\":\"search_term_string\"}}],\"inLanguage\":\"ca\"},{\"@type\":\"Organization\",\"@id\":\"https:\/\/www.navarroaubanell.com\/ca\/#organization\",\"name\":\"COMERCIAL NAVARRO AUBANELL, S.A\",\"url\":\"https:\/\/www.navarroaubanell.com\/ca\/\",\"logo\":{\"@type\":\"ImageObject\",\"inLanguage\":\"ca\",\"@id\":\"https:\/\/www.navarroaubanell.com\/ca\/#\/schema\/logo\/image\/\",\"url\":\"https:\/\/www.navarroaubanell.com\/wp-content\/uploads\/2017\/07\/logo-navarro-aubuanell.png\",\"contentUrl\":\"https:\/\/www.navarroaubanell.com\/wp-content\/uploads\/2017\/07\/logo-navarro-aubuanell.png\",\"width\":6304,\"height\":1154,\"caption\":\"COMERCIAL NAVARRO AUBANELL, S.A\"},\"image\":{\"@id\":\"https:\/\/www.navarroaubanell.com\/ca\/#\/schema\/logo\/image\/\"}}]}<\/script>\n<!-- \/ Yoast SEO plugin. -->","yoast_head_json":{"title":"Sof\u00e0 exterior, disseny de Paola Navone, de Emu - Navarro Aubanell","description":"Amb la butaca d'exterior Ivy tindr\u00e0 tot el que necessita per gaudir de l'estiu a l'aire lliure. Es tracta d'un sof\u00e0 ampli i molt c\u00f2mode, de formes suaus.","robots":{"index":"index","follow":"follow","max-snippet":"max-snippet:-1","max-image-preview":"max-image-preview:large","max-video-preview":"max-video-preview:-1"},"canonical":"https:\/\/www.navarroaubanell.com\/ca\/producte\/ivy\/","og_locale":"ca_ES","og_type":"article","og_title":"Sof\u00e0 exterior, disseny de Paola Navone, de Emu - Navarro Aubanell","og_description":"Amb la butaca d'exterior Ivy tindr\u00e0 tot el que necessita per gaudir de l'estiu a l'aire lliure. Es tracta d'un sof\u00e0 ampli i molt c\u00f2mode, de formes suaus.","og_url":"https:\/\/www.navarroaubanell.com\/ca\/producte\/ivy\/","og_site_name":"Navarro Aubanell","article_modified_time":"2020-10-14T12:55:47+00:00","og_image":[{"width":512,"height":512,"url":"https:\/\/www.navarroaubanell.com\/wp-content\/uploads\/2017\/09\/img-destacada-ivy.jpg","type":"image\/jpeg"}],"schema":{"@context":"https:\/\/schema.org","@graph":[{"@type":"WebPage","@id":"https:\/\/www.navarroaubanell.com\/ca\/producte\/ivy\/","url":"https:\/\/www.navarroaubanell.com\/ca\/producte\/ivy\/","name":"Sof\u00e0 exterior, disseny de Paola Navone, de Emu - Navarro Aubanell","isPartOf":{"@id":"https:\/\/www.navarroaubanell.com\/ca\/#website"},"primaryImageOfPage":{"@id":"https:\/\/www.navarroaubanell.com\/ca\/producte\/ivy\/#primaryimage"},"image":{"@id":"https:\/\/www.navarroaubanell.com\/ca\/producte\/ivy\/#primaryimage"},"thumbnailUrl":"https:\/\/www.navarroaubanell.com\/wp-content\/uploads\/2017\/09\/img-destacada-ivy.jpg","datePublished":"2017-09-28T09:21:48+00:00","dateModified":"2020-10-14T12:55:47+00:00","description":"Amb la butaca d'exterior Ivy tindr\u00e0 tot el que necessita per gaudir de l'estiu a l'aire lliure. Es tracta d'un sof\u00e0 ampli i molt c\u00f2mode, de formes suaus.","breadcrumb":{"@id":"https:\/\/www.navarroaubanell.com\/ca\/producte\/ivy\/#breadcrumb"},"inLanguage":"ca","potentialAction":[{"@type":"ReadAction","target":["https:\/\/www.navarroaubanell.com\/ca\/producte\/ivy\/"]}]},{"@type":"ImageObject","inLanguage":"ca","@id":"https:\/\/www.navarroaubanell.com\/ca\/producte\/ivy\/#primaryimage","url":"https:\/\/www.navarroaubanell.com\/wp-content\/uploads\/2017\/09\/img-destacada-ivy.jpg","contentUrl":"https:\/\/www.navarroaubanell.com\/wp-content\/uploads\/2017\/09\/img-destacada-ivy.jpg","width":512,"height":512},{"@type":"BreadcrumbList","@id":"https:\/\/www.navarroaubanell.com\/ca\/producte\/ivy\/#breadcrumb","itemListElement":[{"@type":"ListItem","position":1,"name":"Portada","item":"https:\/\/www.navarroaubanell.com\/ca\/"},{"@type":"ListItem","position":2,"name":"Productes","item":"https:\/\/www.navarroaubanell.com\/productos\/"},{"@type":"ListItem","position":3,"name":"Butaca Ivy"}]},{"@type":"WebSite","@id":"https:\/\/www.navarroaubanell.com\/ca\/#website","url":"https:\/\/www.navarroaubanell.com\/ca\/","name":"Navarro Aubanell","description":"Mobiliario para hoteler\u00eda, colectividades y oficinas","publisher":{"@id":"https:\/\/www.navarroaubanell.com\/ca\/#organization"},"potentialAction":[{"@type":"SearchAction","target":{"@type":"EntryPoint","urlTemplate":"https:\/\/www.navarroaubanell.com\/ca\/?s={search_term_string}"},"query-input":{"@type":"PropertyValueSpecification","valueRequired":true,"valueName":"search_term_string"}}],"inLanguage":"ca"},{"@type":"Organization","@id":"https:\/\/www.navarroaubanell.com\/ca\/#organization","name":"COMERCIAL NAVARRO AUBANELL, S.A","url":"https:\/\/www.navarroaubanell.com\/ca\/","logo":{"@type":"ImageObject","inLanguage":"ca","@id":"https:\/\/www.navarroaubanell.com\/ca\/#\/schema\/logo\/image\/","url":"https:\/\/www.navarroaubanell.com\/wp-content\/uploads\/2017\/07\/logo-navarro-aubuanell.png","contentUrl":"https:\/\/www.navarroaubanell.com\/wp-content\/uploads\/2017\/07\/logo-navarro-aubuanell.png","width":6304,"height":1154,"caption":"COMERCIAL NAVARRO AUBANELL, S.A"},"image":{"@id":"https:\/\/www.navarroaubanell.com\/ca\/#\/schema\/logo\/image\/"}}]}},"_links":{"self":[{"href":"https:\/\/www.navarroaubanell.com\/ca\/wp-json\/wp\/v2\/product\/20242","targetHints":{"allow":["GET"]}}],"collection":[{"href":"https:\/\/www.navarroaubanell.com\/ca\/wp-json\/wp\/v2\/product"}],"about":[{"href":"https:\/\/www.navarroaubanell.com\/ca\/wp-json\/wp\/v2\/types\/product"}],"wp:featuredmedia":[{"embeddable":true,"href":"https:\/\/www.navarroaubanell.com\/ca\/wp-json\/wp\/v2\/media\/18680"}],"wp:attachment":[{"href":"https:\/\/www.navarroaubanell.com\/ca\/wp-json\/wp\/v2\/media?parent=20242"}],"wp:term":[{"taxonomy":"product_brand","embeddable":true,"href":"https:\/\/www.navarroaubanell.com\/ca\/wp-json\/wp\/v2\/product_brand?post=20242"},{"taxonomy":"product_cat","embeddable":true,"href":"https:\/\/www.navarroaubanell.com\/ca\/wp-json\/wp\/v2\/product_cat?post=20242"},{"taxonomy":"product_tag","embeddable":true,"href":"https:\/\/www.navarroaubanell.com\/ca\/wp-json\/wp\/v2\/product_tag?post=20242"}],"curies":[{"name":"wp","href":"https:\/\/api.w.org\/{rel}","templated":true}]}}

<p>Amb la butaca d&#8217;exterior Ivy tindrà tot el que necessita per gaudir de l&#8217;estiu a l&#8217;aire lliure. Es tracta d&#8217;un sofà ampli i molt còmode, de formes suaus i arrodonides combinades amb la fredor de l&#8217;acer inoxidable. L&#8217;estructura d&#8217;aquest sofà d&#8217;exterior és de metall rodó, la qual cosa el fa molt resistent.</p>

<!-- This site is optimized with the Yoast SEO plugin v27.0 - https://yoast.com/product/yoast-seo-wordpress/ -->
<title>Sofà exterior, disseny de Paola Navone, de Emu - Navarro Aubanell</title>
<meta name="description" content="Amb la butaca d&#039;exterior Ivy tindrà tot el que necessita per gaudir de l&#039;estiu a l&#039;aire lliure. Es tracta d&#039;un sofà ampli i molt còmode, de formes suaus." />
<meta name="robots" content="index, follow, max-snippet:-1, max-image-preview:large, max-video-preview:-1" />
<link rel="canonical" href="https://www.navarroaubanell.com/ca/producte/ivy/" />
<meta property="og:locale" content="ca_ES" />
<meta property="og:type" content="article" />
<meta property="og:title" content="Sofà exterior, disseny de Paola Navone, de Emu - Navarro Aubanell" />
<meta property="og:description" content="Amb la butaca d&#039;exterior Ivy tindrà tot el que necessita per gaudir de l&#039;estiu a l&#039;aire lliure. Es tracta d&#039;un sofà ampli i molt còmode, de formes suaus." />
<meta property="og:url" content="https://www.navarroaubanell.com/ca/producte/ivy/" />
<meta property="og:site_name" content="Navarro Aubanell" />
<meta property="article:modified_time" content="2020-10-14T12:55:47+00:00" />
<meta property="og:image" content="https://www.navarroaubanell.com/wp-content/uploads/2017/09/img-destacada-ivy.jpg" />
	<meta property="og:image:width" content="512" />
	<meta property="og:image:height" content="512" />
	<meta property="og:image:type" content="image/jpeg" />
<script type="application/ld+json" class="yoast-schema-graph">{"@context":"https://schema.org","@graph":[{"@type":"WebPage","@id":"https://www.navarroaubanell.com/ca/producte/ivy/","url":"https://www.navarroaubanell.com/ca/producte/ivy/","name":"Sofà exterior, disseny de Paola Navone, de Emu - Navarro Aubanell","isPartOf":{"@id":"https://www.navarroaubanell.com/ca/#website"},"primaryImageOfPage":{"@id":"https://www.navarroaubanell.com/ca/producte/ivy/#primaryimage"},"image":{"@id":"https://www.navarroaubanell.com/ca/producte/ivy/#primaryimage"},"thumbnailUrl":"https://www.navarroaubanell.com/wp-content/uploads/2017/09/img-destacada-ivy.jpg","datePublished":"2017-09-28T09:21:48+00:00","dateModified":"2020-10-14T12:55:47+00:00","description":"Amb la butaca d'exterior Ivy tindrà tot el que necessita per gaudir de l'estiu a l'aire lliure. Es tracta d'un sofà ampli i molt còmode, de formes suaus.","breadcrumb":{"@id":"https://www.navarroaubanell.com/ca/producte/ivy/#breadcrumb"},"inLanguage":"ca","potentialAction":[{"@type":"ReadAction","target":["https://www.navarroaubanell.com/ca/producte/ivy/"]}]},{"@type":"ImageObject","inLanguage":"ca","@id":"https://www.navarroaubanell.com/ca/producte/ivy/#primaryimage","url":"https://www.navarroaubanell.com/wp-content/uploads/2017/09/img-destacada-ivy.jpg","contentUrl":"https://www.navarroaubanell.com/wp-content/uploads/2017/09/img-destacada-ivy.jpg","width":512,"height":512},{"@type":"BreadcrumbList","@id":"https://www.navarroaubanell.com/ca/producte/ivy/#breadcrumb","itemListElement":[{"@type":"ListItem","position":1,"name":"Portada","item":"https://www.navarroaubanell.com/ca/"},{"@type":"ListItem","position":2,"name":"Productes","item":"https://www.navarroaubanell.com/productos/"},{"@type":"ListItem","position":3,"name":"Butaca Ivy"}]},{"@type":"WebSite","@id":"https://www.navarroaubanell.com/ca/#website","url":"https://www.navarroaubanell.com/ca/","name":"Navarro Aubanell","description":"Mobiliario para hotelería, colectividades y oficinas","publisher":{"@id":"https://www.navarroaubanell.com/ca/#organization"},"potentialAction":[{"@type":"SearchAction","target":{"@type":"EntryPoint","urlTemplate":"https://www.navarroaubanell.com/ca/?s={search_term_string}"},"query-input":{"@type":"PropertyValueSpecification","valueRequired":true,"valueName":"search_term_string"}}],"inLanguage":"ca"},{"@type":"Organization","@id":"https://www.navarroaubanell.com/ca/#organization","name":"COMERCIAL NAVARRO AUBANELL, S.A","url":"https://www.navarroaubanell.com/ca/","logo":{"@type":"ImageObject","inLanguage":"ca","@id":"https://www.navarroaubanell.com/ca/#/schema/logo/image/","url":"https://www.navarroaubanell.com/wp-content/uploads/2017/07/logo-navarro-aubuanell.png","contentUrl":"https://www.navarroaubanell.com/wp-content/uploads/2017/07/logo-navarro-aubuanell.png","width":6304,"height":1154,"caption":"COMERCIAL NAVARRO AUBANELL, S.A"},"image":{"@id":"https://www.navarroaubanell.com/ca/#/schema/logo/image/"}}]}</script>
<!-- / Yoast SEO plugin. -->

Sofà exterior, disseny de Paola Navone, de Emu - Navarro Aubanell

Amb la butaca d'exterior Ivy tindrà tot el que necessita per gaudir de l'estiu a l'aire lliure. Es tracta d'un sofà ampli i molt còmode, de formes suaus.

Mobiliario para hotelería, colectividades y oficinas
