{"id":20235,"date":"2017-09-29T09:36:01","date_gmt":"2017-09-29T09:36:01","guid":{"rendered":"https:\/\/www.navarroaubanell.com\/producto\/ivy-rectangular\/"},"modified":"2022-11-03T17:24:24","modified_gmt":"2022-11-03T16:24:24","slug":"ivy-rectangular-2","status":"publish","type":"product","link":"https:\/\/www.navarroaubanell.com\/ca\/producte\/ivy-rectangular-2\/","title":{"rendered":"Taula auxiliar Ivy rectangular"},"content":{"rendered":"<p>Dissenyada per Paola Navone aquesta col\u00b7lecci\u00f3 de Ivy \u00e9s el nou concepte de vida a l&#8217;aire lliure: aire lliure totalment d&#8217;acer. La taula rectangular amb potes de metall de fulla planxada amb el marc de la barra, d\u00f3na al client l&#8217;oportunitat de personalitzar amb 32 rajoles fets a m\u00e0 i Deruta pintats a m\u00e0 en terracota esmaltada, disponible en dos temes: els peixos d&#8217;or sobre fons blau turquesa i detalls negre sobre blanc de fons. Disponible en diversos colors diferents.<\/p>\n","protected":false},"excerpt":{"rendered":"<p>&nbsp;<\/p>\n<p>&nbsp;<\/p>\n","protected":false},"featured_media":29295,"template":"","meta":{"_acf_changed":false},"product_brand":[890],"product_cat":[563,566],"product_tag":[618,636,667,847,720,840],"class_list":{"0":"post-20235","1":"product","2":"type-product","3":"status-publish","4":"has-post-thumbnail","6":"product_brand-emu-ca","7":"product_cat-exterior-ca","8":"product_cat-taules-auxiliars-exterior","9":"product_tag-contract-ca","10":"product_tag-emu-ca","11":"product_tag-ivy-ca","12":"product_tag-mobiliari-exterior","13":"product_tag-outdoor-ca","14":"product_tag-taula-auxiliar-exterio","15":"description-off","17":"first","18":"instock","19":"shipping-taxable","20":"product-type-simple"},"acf":[],"yoast_head":"<!-- This site is optimized with the Yoast SEO plugin v27.0 - https:\/\/yoast.com\/product\/yoast-seo-wordpress\/ -->\n<title>Ivy rectangular, taula auxiliar exterior, firma Emu - Navarro Aubanell<\/title>\n<meta name=\"description\" content=\"Dissenyada per Paola Navone aquesta col\u00b7lecci\u00f3 de Ivy \u00e9s el nou concepte de vida a l&#039;aire lliure: aire lliure totalment d&#039;acer. Taula auxiliar Ivy, d&#039;Emu.\" \/>\n<meta name=\"robots\" content=\"index, follow, max-snippet:-1, max-image-preview:large, max-video-preview:-1\" \/>\n<link rel=\"canonical\" href=\"https:\/\/www.navarroaubanell.com\/ca\/producte\/ivy-rectangular-2\/\" \/>\n<meta property=\"og:locale\" content=\"ca_ES\" \/>\n<meta property=\"og:type\" content=\"article\" \/>\n<meta property=\"og:title\" content=\"Ivy rectangular, taula auxiliar exterior, firma Emu - Navarro Aubanell\" \/>\n<meta property=\"og:description\" content=\"Dissenyada per Paola Navone aquesta col\u00b7lecci\u00f3 de Ivy \u00e9s el nou concepte de vida a l&#039;aire lliure: aire lliure totalment d&#039;acer. Taula auxiliar Ivy, d&#039;Emu.\" \/>\n<meta property=\"og:url\" content=\"https:\/\/www.navarroaubanell.com\/ca\/producte\/ivy-rectangular-2\/\" \/>\n<meta property=\"og:site_name\" content=\"Navarro Aubanell\" \/>\n<meta property=\"article:modified_time\" content=\"2022-11-03T16:24:24+00:00\" \/>\n<meta property=\"og:image\" content=\"https:\/\/www.navarroaubanell.com\/wp-content\/uploads\/2017\/09\/im-destacada-ivy-rectangular.jpg\" \/>\n\t<meta property=\"og:image:width\" content=\"512\" \/>\n\t<meta property=\"og:image:height\" content=\"512\" \/>\n\t<meta property=\"og:image:type\" content=\"image\/jpeg\" \/>\n<meta name=\"twitter:label1\" content=\"Est. reading time\" \/>\n\t<meta name=\"twitter:data1\" content=\"1 minute\" \/>\n<script type=\"application\/ld+json\" class=\"yoast-schema-graph\">{\"@context\":\"https:\/\/schema.org\",\"@graph\":[{\"@type\":\"WebPage\",\"@id\":\"https:\/\/www.navarroaubanell.com\/ca\/producte\/ivy-rectangular-2\/\",\"url\":\"https:\/\/www.navarroaubanell.com\/ca\/producte\/ivy-rectangular-2\/\",\"name\":\"Ivy rectangular, taula auxiliar exterior, firma Emu - Navarro Aubanell\",\"isPartOf\":{\"@id\":\"https:\/\/www.navarroaubanell.com\/ca\/#website\"},\"primaryImageOfPage\":{\"@id\":\"https:\/\/www.navarroaubanell.com\/ca\/producte\/ivy-rectangular-2\/#primaryimage\"},\"image\":{\"@id\":\"https:\/\/www.navarroaubanell.com\/ca\/producte\/ivy-rectangular-2\/#primaryimage\"},\"thumbnailUrl\":\"https:\/\/www.navarroaubanell.com\/wp-content\/uploads\/2017\/09\/im-destacada-ivy-rectangular.jpg\",\"datePublished\":\"2017-09-29T09:36:01+00:00\",\"dateModified\":\"2022-11-03T16:24:24+00:00\",\"description\":\"Dissenyada per Paola Navone aquesta col\u00b7lecci\u00f3 de Ivy \u00e9s el nou concepte de vida a l'aire lliure: aire lliure totalment d'acer. Taula auxiliar Ivy, d'Emu.\",\"breadcrumb\":{\"@id\":\"https:\/\/www.navarroaubanell.com\/ca\/producte\/ivy-rectangular-2\/#breadcrumb\"},\"inLanguage\":\"ca\",\"potentialAction\":[{\"@type\":\"ReadAction\",\"target\":[\"https:\/\/www.navarroaubanell.com\/ca\/producte\/ivy-rectangular-2\/\"]}]},{\"@type\":\"ImageObject\",\"inLanguage\":\"ca\",\"@id\":\"https:\/\/www.navarroaubanell.com\/ca\/producte\/ivy-rectangular-2\/#primaryimage\",\"url\":\"https:\/\/www.navarroaubanell.com\/wp-content\/uploads\/2017\/09\/im-destacada-ivy-rectangular.jpg\",\"contentUrl\":\"https:\/\/www.navarroaubanell.com\/wp-content\/uploads\/2017\/09\/im-destacada-ivy-rectangular.jpg\",\"width\":512,\"height\":512},{\"@type\":\"BreadcrumbList\",\"@id\":\"https:\/\/www.navarroaubanell.com\/ca\/producte\/ivy-rectangular-2\/#breadcrumb\",\"itemListElement\":[{\"@type\":\"ListItem\",\"position\":1,\"name\":\"Portada\",\"item\":\"https:\/\/www.navarroaubanell.com\/ca\/\"},{\"@type\":\"ListItem\",\"position\":2,\"name\":\"Productes\",\"item\":\"https:\/\/www.navarroaubanell.com\/productos\/\"},{\"@type\":\"ListItem\",\"position\":3,\"name\":\"Taula auxiliar Ivy rectangular\"}]},{\"@type\":\"WebSite\",\"@id\":\"https:\/\/www.navarroaubanell.com\/ca\/#website\",\"url\":\"https:\/\/www.navarroaubanell.com\/ca\/\",\"name\":\"Navarro Aubanell\",\"description\":\"Mobiliario para hoteler\u00eda, colectividades y oficinas\",\"publisher\":{\"@id\":\"https:\/\/www.navarroaubanell.com\/ca\/#organization\"},\"potentialAction\":[{\"@type\":\"SearchAction\",\"target\":{\"@type\":\"EntryPoint\",\"urlTemplate\":\"https:\/\/www.navarroaubanell.com\/ca\/?s={search_term_string}\"},\"query-input\":{\"@type\":\"PropertyValueSpecification\",\"valueRequired\":true,\"valueName\":\"search_term_string\"}}],\"inLanguage\":\"ca\"},{\"@type\":\"Organization\",\"@id\":\"https:\/\/www.navarroaubanell.com\/ca\/#organization\",\"name\":\"COMERCIAL NAVARRO AUBANELL, S.A\",\"url\":\"https:\/\/www.navarroaubanell.com\/ca\/\",\"logo\":{\"@type\":\"ImageObject\",\"inLanguage\":\"ca\",\"@id\":\"https:\/\/www.navarroaubanell.com\/ca\/#\/schema\/logo\/image\/\",\"url\":\"https:\/\/www.navarroaubanell.com\/wp-content\/uploads\/2017\/07\/logo-navarro-aubuanell.png\",\"contentUrl\":\"https:\/\/www.navarroaubanell.com\/wp-content\/uploads\/2017\/07\/logo-navarro-aubuanell.png\",\"width\":6304,\"height\":1154,\"caption\":\"COMERCIAL NAVARRO AUBANELL, S.A\"},\"image\":{\"@id\":\"https:\/\/www.navarroaubanell.com\/ca\/#\/schema\/logo\/image\/\"}}]}<\/script>\n<!-- \/ Yoast SEO plugin. -->","yoast_head_json":{"title":"Ivy rectangular, taula auxiliar exterior, firma Emu - Navarro Aubanell","description":"Dissenyada per Paola Navone aquesta col\u00b7lecci\u00f3 de Ivy \u00e9s el nou concepte de vida a l'aire lliure: aire lliure totalment d'acer. Taula auxiliar Ivy, d'Emu.","robots":{"index":"index","follow":"follow","max-snippet":"max-snippet:-1","max-image-preview":"max-image-preview:large","max-video-preview":"max-video-preview:-1"},"canonical":"https:\/\/www.navarroaubanell.com\/ca\/producte\/ivy-rectangular-2\/","og_locale":"ca_ES","og_type":"article","og_title":"Ivy rectangular, taula auxiliar exterior, firma Emu - Navarro Aubanell","og_description":"Dissenyada per Paola Navone aquesta col\u00b7lecci\u00f3 de Ivy \u00e9s el nou concepte de vida a l'aire lliure: aire lliure totalment d'acer. Taula auxiliar Ivy, d'Emu.","og_url":"https:\/\/www.navarroaubanell.com\/ca\/producte\/ivy-rectangular-2\/","og_site_name":"Navarro Aubanell","article_modified_time":"2022-11-03T16:24:24+00:00","og_image":[{"width":512,"height":512,"url":"https:\/\/www.navarroaubanell.com\/wp-content\/uploads\/2017\/09\/im-destacada-ivy-rectangular.jpg","type":"image\/jpeg"}],"twitter_misc":{"Est. reading time":"1 minute"},"schema":{"@context":"https:\/\/schema.org","@graph":[{"@type":"WebPage","@id":"https:\/\/www.navarroaubanell.com\/ca\/producte\/ivy-rectangular-2\/","url":"https:\/\/www.navarroaubanell.com\/ca\/producte\/ivy-rectangular-2\/","name":"Ivy rectangular, taula auxiliar exterior, firma Emu - Navarro Aubanell","isPartOf":{"@id":"https:\/\/www.navarroaubanell.com\/ca\/#website"},"primaryImageOfPage":{"@id":"https:\/\/www.navarroaubanell.com\/ca\/producte\/ivy-rectangular-2\/#primaryimage"},"image":{"@id":"https:\/\/www.navarroaubanell.com\/ca\/producte\/ivy-rectangular-2\/#primaryimage"},"thumbnailUrl":"https:\/\/www.navarroaubanell.com\/wp-content\/uploads\/2017\/09\/im-destacada-ivy-rectangular.jpg","datePublished":"2017-09-29T09:36:01+00:00","dateModified":"2022-11-03T16:24:24+00:00","description":"Dissenyada per Paola Navone aquesta col\u00b7lecci\u00f3 de Ivy \u00e9s el nou concepte de vida a l'aire lliure: aire lliure totalment d'acer. Taula auxiliar Ivy, d'Emu.","breadcrumb":{"@id":"https:\/\/www.navarroaubanell.com\/ca\/producte\/ivy-rectangular-2\/#breadcrumb"},"inLanguage":"ca","potentialAction":[{"@type":"ReadAction","target":["https:\/\/www.navarroaubanell.com\/ca\/producte\/ivy-rectangular-2\/"]}]},{"@type":"ImageObject","inLanguage":"ca","@id":"https:\/\/www.navarroaubanell.com\/ca\/producte\/ivy-rectangular-2\/#primaryimage","url":"https:\/\/www.navarroaubanell.com\/wp-content\/uploads\/2017\/09\/im-destacada-ivy-rectangular.jpg","contentUrl":"https:\/\/www.navarroaubanell.com\/wp-content\/uploads\/2017\/09\/im-destacada-ivy-rectangular.jpg","width":512,"height":512},{"@type":"BreadcrumbList","@id":"https:\/\/www.navarroaubanell.com\/ca\/producte\/ivy-rectangular-2\/#breadcrumb","itemListElement":[{"@type":"ListItem","position":1,"name":"Portada","item":"https:\/\/www.navarroaubanell.com\/ca\/"},{"@type":"ListItem","position":2,"name":"Productes","item":"https:\/\/www.navarroaubanell.com\/productos\/"},{"@type":"ListItem","position":3,"name":"Taula auxiliar Ivy rectangular"}]},{"@type":"WebSite","@id":"https:\/\/www.navarroaubanell.com\/ca\/#website","url":"https:\/\/www.navarroaubanell.com\/ca\/","name":"Navarro Aubanell","description":"Mobiliario para hoteler\u00eda, colectividades y oficinas","publisher":{"@id":"https:\/\/www.navarroaubanell.com\/ca\/#organization"},"potentialAction":[{"@type":"SearchAction","target":{"@type":"EntryPoint","urlTemplate":"https:\/\/www.navarroaubanell.com\/ca\/?s={search_term_string}"},"query-input":{"@type":"PropertyValueSpecification","valueRequired":true,"valueName":"search_term_string"}}],"inLanguage":"ca"},{"@type":"Organization","@id":"https:\/\/www.navarroaubanell.com\/ca\/#organization","name":"COMERCIAL NAVARRO AUBANELL, S.A","url":"https:\/\/www.navarroaubanell.com\/ca\/","logo":{"@type":"ImageObject","inLanguage":"ca","@id":"https:\/\/www.navarroaubanell.com\/ca\/#\/schema\/logo\/image\/","url":"https:\/\/www.navarroaubanell.com\/wp-content\/uploads\/2017\/07\/logo-navarro-aubuanell.png","contentUrl":"https:\/\/www.navarroaubanell.com\/wp-content\/uploads\/2017\/07\/logo-navarro-aubuanell.png","width":6304,"height":1154,"caption":"COMERCIAL NAVARRO AUBANELL, S.A"},"image":{"@id":"https:\/\/www.navarroaubanell.com\/ca\/#\/schema\/logo\/image\/"}}]}},"_links":{"self":[{"href":"https:\/\/www.navarroaubanell.com\/ca\/wp-json\/wp\/v2\/product\/20235","targetHints":{"allow":["GET"]}}],"collection":[{"href":"https:\/\/www.navarroaubanell.com\/ca\/wp-json\/wp\/v2\/product"}],"about":[{"href":"https:\/\/www.navarroaubanell.com\/ca\/wp-json\/wp\/v2\/types\/product"}],"wp:featuredmedia":[{"embeddable":true,"href":"https:\/\/www.navarroaubanell.com\/ca\/wp-json\/wp\/v2\/media\/29295"}],"wp:attachment":[{"href":"https:\/\/www.navarroaubanell.com\/ca\/wp-json\/wp\/v2\/media?parent=20235"}],"wp:term":[{"taxonomy":"product_brand","embeddable":true,"href":"https:\/\/www.navarroaubanell.com\/ca\/wp-json\/wp\/v2\/product_brand?post=20235"},{"taxonomy":"product_cat","embeddable":true,"href":"https:\/\/www.navarroaubanell.com\/ca\/wp-json\/wp\/v2\/product_cat?post=20235"},{"taxonomy":"product_tag","embeddable":true,"href":"https:\/\/www.navarroaubanell.com\/ca\/wp-json\/wp\/v2\/product_tag?post=20235"}],"curies":[{"name":"wp","href":"https:\/\/api.w.org\/{rel}","templated":true}]}}

<p>Dissenyada per Paola Navone aquesta col·lecció de Ivy és el nou concepte de vida a l&#8217;aire lliure: aire lliure totalment d&#8217;acer. La taula rectangular amb potes de metall de fulla planxada amb el marc de la barra, dóna al client l&#8217;oportunitat de personalitzar amb 32 rajoles fets a mà i Deruta pintats a mà en terracota esmaltada, disponible en dos temes: els peixos d&#8217;or sobre fons blau turquesa i detalls negre sobre blanc de fons. Disponible en diversos colors diferents.</p>

<!-- This site is optimized with the Yoast SEO plugin v27.0 - https://yoast.com/product/yoast-seo-wordpress/ -->
<title>Ivy rectangular, taula auxiliar exterior, firma Emu - Navarro Aubanell</title>
<meta name="description" content="Dissenyada per Paola Navone aquesta col·lecció de Ivy és el nou concepte de vida a l&#039;aire lliure: aire lliure totalment d&#039;acer. Taula auxiliar Ivy, d&#039;Emu." />
<meta name="robots" content="index, follow, max-snippet:-1, max-image-preview:large, max-video-preview:-1" />
<link rel="canonical" href="https://www.navarroaubanell.com/ca/producte/ivy-rectangular-2/" />
<meta property="og:locale" content="ca_ES" />
<meta property="og:type" content="article" />
<meta property="og:title" content="Ivy rectangular, taula auxiliar exterior, firma Emu - Navarro Aubanell" />
<meta property="og:description" content="Dissenyada per Paola Navone aquesta col·lecció de Ivy és el nou concepte de vida a l&#039;aire lliure: aire lliure totalment d&#039;acer. Taula auxiliar Ivy, d&#039;Emu." />
<meta property="og:url" content="https://www.navarroaubanell.com/ca/producte/ivy-rectangular-2/" />
<meta property="og:site_name" content="Navarro Aubanell" />
<meta property="article:modified_time" content="2022-11-03T16:24:24+00:00" />
<meta property="og:image" content="https://www.navarroaubanell.com/wp-content/uploads/2017/09/im-destacada-ivy-rectangular.jpg" />
	<meta property="og:image:width" content="512" />
	<meta property="og:image:height" content="512" />
	<meta property="og:image:type" content="image/jpeg" />
<meta name="twitter:label1" content="Est. reading time" />
	<meta name="twitter:data1" content="1 minute" />
<script type="application/ld+json" class="yoast-schema-graph">{"@context":"https://schema.org","@graph":[{"@type":"WebPage","@id":"https://www.navarroaubanell.com/ca/producte/ivy-rectangular-2/","url":"https://www.navarroaubanell.com/ca/producte/ivy-rectangular-2/","name":"Ivy rectangular, taula auxiliar exterior, firma Emu - Navarro Aubanell","isPartOf":{"@id":"https://www.navarroaubanell.com/ca/#website"},"primaryImageOfPage":{"@id":"https://www.navarroaubanell.com/ca/producte/ivy-rectangular-2/#primaryimage"},"image":{"@id":"https://www.navarroaubanell.com/ca/producte/ivy-rectangular-2/#primaryimage"},"thumbnailUrl":"https://www.navarroaubanell.com/wp-content/uploads/2017/09/im-destacada-ivy-rectangular.jpg","datePublished":"2017-09-29T09:36:01+00:00","dateModified":"2022-11-03T16:24:24+00:00","description":"Dissenyada per Paola Navone aquesta col·lecció de Ivy és el nou concepte de vida a l'aire lliure: aire lliure totalment d'acer. Taula auxiliar Ivy, d'Emu.","breadcrumb":{"@id":"https://www.navarroaubanell.com/ca/producte/ivy-rectangular-2/#breadcrumb"},"inLanguage":"ca","potentialAction":[{"@type":"ReadAction","target":["https://www.navarroaubanell.com/ca/producte/ivy-rectangular-2/"]}]},{"@type":"ImageObject","inLanguage":"ca","@id":"https://www.navarroaubanell.com/ca/producte/ivy-rectangular-2/#primaryimage","url":"https://www.navarroaubanell.com/wp-content/uploads/2017/09/im-destacada-ivy-rectangular.jpg","contentUrl":"https://www.navarroaubanell.com/wp-content/uploads/2017/09/im-destacada-ivy-rectangular.jpg","width":512,"height":512},{"@type":"BreadcrumbList","@id":"https://www.navarroaubanell.com/ca/producte/ivy-rectangular-2/#breadcrumb","itemListElement":[{"@type":"ListItem","position":1,"name":"Portada","item":"https://www.navarroaubanell.com/ca/"},{"@type":"ListItem","position":2,"name":"Productes","item":"https://www.navarroaubanell.com/productos/"},{"@type":"ListItem","position":3,"name":"Taula auxiliar Ivy rectangular"}]},{"@type":"WebSite","@id":"https://www.navarroaubanell.com/ca/#website","url":"https://www.navarroaubanell.com/ca/","name":"Navarro Aubanell","description":"Mobiliario para hotelería, colectividades y oficinas","publisher":{"@id":"https://www.navarroaubanell.com/ca/#organization"},"potentialAction":[{"@type":"SearchAction","target":{"@type":"EntryPoint","urlTemplate":"https://www.navarroaubanell.com/ca/?s={search_term_string}"},"query-input":{"@type":"PropertyValueSpecification","valueRequired":true,"valueName":"search_term_string"}}],"inLanguage":"ca"},{"@type":"Organization","@id":"https://www.navarroaubanell.com/ca/#organization","name":"COMERCIAL NAVARRO AUBANELL, S.A","url":"https://www.navarroaubanell.com/ca/","logo":{"@type":"ImageObject","inLanguage":"ca","@id":"https://www.navarroaubanell.com/ca/#/schema/logo/image/","url":"https://www.navarroaubanell.com/wp-content/uploads/2017/07/logo-navarro-aubuanell.png","contentUrl":"https://www.navarroaubanell.com/wp-content/uploads/2017/07/logo-navarro-aubuanell.png","width":6304,"height":1154,"caption":"COMERCIAL NAVARRO AUBANELL, S.A"},"image":{"@id":"https://www.navarroaubanell.com/ca/#/schema/logo/image/"}}]}</script>
<!-- / Yoast SEO plugin. -->

Dissenyada per Paola Navone aquesta col·lecció de Ivy és el nou concepte de vida a l'aire lliure: aire lliure totalment d'acer. Taula auxiliar Ivy, d'Emu.

Mobiliario para hotelería, colectividades y oficinas
