{"id":20191,"date":"2017-10-03T17:55:39","date_gmt":"2017-10-03T17:55:39","guid":{"rendered":"https:\/\/www.navarroaubanell.com\/producto\/ester-2\/"},"modified":"2024-10-01T17:31:21","modified_gmt":"2024-10-01T15:31:21","slug":"cadira-ester-pedrali-navarroaubanell","status":"publish","type":"product","link":"https:\/\/www.navarroaubanell.com\/ca\/producte\/cadira-ester-pedrali-navarroaubanell\/","title":{"rendered":"Cadira Ester"},"content":{"rendered":"<h4>Descobreix l&#8217;Eleg\u00e0ncia i Funcionalitat de la Silla Ester<\/h4>\n<p>La <strong>cadira Ester<\/strong> \u00e9s la s\u00edntesi perfecta d&#8217;eleg\u00e0ncia, ergonomia i funcionalitat, igual que tota la <a href=\"https:\/\/www.navarroaubanell.com\/ca\/producte\/familia-ester-pedrali-navarro-aubanell\/\">fam\u00edlia Ester<\/a>. Les seves formes sinuoses i suaus, juntament amb el confort absolut del seu seient, transformen els interiors de restaurants i hotels en espais emblem\u00e0tics del panorama internacional.<\/p>\n<h5>Disseny i Confort Inigualables<\/h5>\n<p><strong>Ester<\/strong> compta amb una carcassa entapissada amb<strong> escuma de poliuret\u00e0<\/strong> i <strong>cingles el\u00e0stiques,<\/strong> garantint una experi\u00e8ncia de seient c\u00f2moda i duradora. La seva estructura interna d<strong>&#8216;acer inoxidable<\/strong>, combinada amb un<strong> cintur\u00f3 el\u00e0stic<\/strong> i <strong>poliuret\u00e0 flexible<\/strong> ign\u00edfug, assegura no sols confort sin\u00f3 tamb\u00e9 seguretat i durabilitat.<\/p>\n<h5>Materials d&#8217;Alta Qualitat<\/h5>\n<p>Les potes de la cadira estan fabricades mitjan\u00e7ant <strong>alumini fos a pressi\u00f3<\/strong>, la qual cosa confereix una resist\u00e8ncia i fortalesa excepcionals. A m\u00e9s, la<strong> cadira Ester<\/strong> est\u00e0 equipada amb <strong>tacs de polipropil\u00e8<\/strong> platejat. Per a protegir les superf\u00edcies delicades com la fusta, cer\u00e0mica o marbre, es poden sol\u00b7licitar peus amb feltre i per a superf\u00edcies com a catifes i moquetes, hi ha disponibles peus espec\u00edfics.<\/p>\n<h5>Ideal per a Espais Sofisticats<\/h5>\n<p>Transforma els teus espais amb la<strong> cadira Ester,<\/strong> on cada detall est\u00e0 dissenyat per a impressionar i proporcionar una experi\u00e8ncia de seient superior. Ideal per a qualsevol entorn que busqui combinar sofisticaci\u00f3, durabilitat i confort, des d&#8217;hotels i restaurants fins a oficines i llars elegants.<\/p>\n<p><strong>Opta per la cadira Ester i porta l&#8217;eleg\u00e0ncia i funcionalitat a cada rac\u00f3 dels teus espais interiors.<\/strong><\/p>\n<p>Fitxa t\u00e8cnica:<a href=\"https:\/\/cdn-assets.pedrali.com\/media\/pedrali\/media\/assets\/originals\/documenti\/st\/st-ester-691.pdf\"> https:\/\/cdn-assets.pedrali.com\/media\/pedrali\/media\/assets\/originals\/documenti\/st\/st-ester-691.pdf<\/a><\/p>\n","protected":false},"excerpt":{"rendered":"<p>&nbsp;<\/p>\n<p>&nbsp;<\/p>\n","protected":false},"featured_media":34626,"template":"","meta":{"_acf_changed":false},"product_brand":[882],"product_cat":[533,525],"product_tag":[866,618,637,664,729],"class_list":{"0":"post-20191","1":"product","2":"type-product","3":"status-publish","4":"has-post-thumbnail","6":"product_brand-pedrali-ca","7":"product_cat-cadires","8":"product_cat-interior","9":"product_tag-cadires","10":"product_tag-contract-ca","11":"product_tag-ester-ca","12":"product_tag-interior-ca","13":"product_tag-pedrali-ca","14":"description-off","16":"first","17":"instock","18":"shipping-taxable","19":"product-type-simple"},"acf":[],"yoast_head":"<!-- This site is optimized with the Yoast SEO plugin v27.0 - https:\/\/yoast.com\/product\/yoast-seo-wordpress\/ -->\n<title>Cadira Ester, Pedrali - Navarro Aubanell<\/title>\n<meta name=\"description\" content=\"La cadira Ester combina eleg\u00e0ncia, ergonomia i durabilitat, ideal per a interiors sofisticats en hotels i restaurants. Confort i estil en cada detall.\" \/>\n<meta name=\"robots\" content=\"index, follow, max-snippet:-1, max-image-preview:large, max-video-preview:-1\" \/>\n<link rel=\"canonical\" href=\"https:\/\/www.navarroaubanell.com\/ca\/producte\/cadira-ester-pedrali-navarroaubanell\/\" \/>\n<meta property=\"og:locale\" content=\"ca_ES\" \/>\n<meta property=\"og:type\" content=\"article\" \/>\n<meta property=\"og:title\" content=\"Cadira Ester, Pedrali - Navarro Aubanell\" \/>\n<meta property=\"og:description\" content=\"La cadira Ester combina eleg\u00e0ncia, ergonomia i durabilitat, ideal per a interiors sofisticats en hotels i restaurants. Confort i estil en cada detall.\" \/>\n<meta property=\"og:url\" content=\"https:\/\/www.navarroaubanell.com\/ca\/producte\/cadira-ester-pedrali-navarroaubanell\/\" \/>\n<meta property=\"og:site_name\" content=\"Navarro Aubanell\" \/>\n<meta property=\"article:modified_time\" content=\"2024-10-01T15:31:21+00:00\" \/>\n<meta property=\"og:image\" content=\"https:\/\/www.navarroaubanell.com\/wp-content\/uploads\/2017\/10\/Ester-691.png\" \/>\n\t<meta property=\"og:image:width\" content=\"881\" \/>\n\t<meta property=\"og:image:height\" content=\"1181\" \/>\n\t<meta property=\"og:image:type\" content=\"image\/png\" \/>\n<meta name=\"twitter:label1\" content=\"Est. reading time\" \/>\n\t<meta name=\"twitter:data1\" content=\"2 minutes\" \/>\n<script type=\"application\/ld+json\" class=\"yoast-schema-graph\">{\"@context\":\"https:\/\/schema.org\",\"@graph\":[{\"@type\":\"WebPage\",\"@id\":\"https:\/\/www.navarroaubanell.com\/ca\/producte\/cadira-ester-pedrali-navarroaubanell\/\",\"url\":\"https:\/\/www.navarroaubanell.com\/ca\/producte\/cadira-ester-pedrali-navarroaubanell\/\",\"name\":\"Cadira Ester, Pedrali - Navarro Aubanell\",\"isPartOf\":{\"@id\":\"https:\/\/www.navarroaubanell.com\/ca\/#website\"},\"primaryImageOfPage\":{\"@id\":\"https:\/\/www.navarroaubanell.com\/ca\/producte\/cadira-ester-pedrali-navarroaubanell\/#primaryimage\"},\"image\":{\"@id\":\"https:\/\/www.navarroaubanell.com\/ca\/producte\/cadira-ester-pedrali-navarroaubanell\/#primaryimage\"},\"thumbnailUrl\":\"https:\/\/www.navarroaubanell.com\/wp-content\/uploads\/2017\/10\/Ester-691.png\",\"datePublished\":\"2017-10-03T17:55:39+00:00\",\"dateModified\":\"2024-10-01T15:31:21+00:00\",\"description\":\"La cadira Ester combina eleg\u00e0ncia, ergonomia i durabilitat, ideal per a interiors sofisticats en hotels i restaurants. Confort i estil en cada detall.\",\"breadcrumb\":{\"@id\":\"https:\/\/www.navarroaubanell.com\/ca\/producte\/cadira-ester-pedrali-navarroaubanell\/#breadcrumb\"},\"inLanguage\":\"ca\",\"potentialAction\":[{\"@type\":\"ReadAction\",\"target\":[\"https:\/\/www.navarroaubanell.com\/ca\/producte\/cadira-ester-pedrali-navarroaubanell\/\"]}]},{\"@type\":\"ImageObject\",\"inLanguage\":\"ca\",\"@id\":\"https:\/\/www.navarroaubanell.com\/ca\/producte\/cadira-ester-pedrali-navarroaubanell\/#primaryimage\",\"url\":\"https:\/\/www.navarroaubanell.com\/wp-content\/uploads\/2017\/10\/Ester-691.png\",\"contentUrl\":\"https:\/\/www.navarroaubanell.com\/wp-content\/uploads\/2017\/10\/Ester-691.png\",\"width\":881,\"height\":1181,\"caption\":\"Silla Ester 691\"},{\"@type\":\"BreadcrumbList\",\"@id\":\"https:\/\/www.navarroaubanell.com\/ca\/producte\/cadira-ester-pedrali-navarroaubanell\/#breadcrumb\",\"itemListElement\":[{\"@type\":\"ListItem\",\"position\":1,\"name\":\"Portada\",\"item\":\"https:\/\/www.navarroaubanell.com\/ca\/\"},{\"@type\":\"ListItem\",\"position\":2,\"name\":\"Productes\",\"item\":\"https:\/\/www.navarroaubanell.com\/productos\/\"},{\"@type\":\"ListItem\",\"position\":3,\"name\":\"Cadira Ester\"}]},{\"@type\":\"WebSite\",\"@id\":\"https:\/\/www.navarroaubanell.com\/ca\/#website\",\"url\":\"https:\/\/www.navarroaubanell.com\/ca\/\",\"name\":\"Navarro Aubanell\",\"description\":\"Mobiliario para hoteler\u00eda, colectividades y oficinas\",\"publisher\":{\"@id\":\"https:\/\/www.navarroaubanell.com\/ca\/#organization\"},\"potentialAction\":[{\"@type\":\"SearchAction\",\"target\":{\"@type\":\"EntryPoint\",\"urlTemplate\":\"https:\/\/www.navarroaubanell.com\/ca\/?s={search_term_string}\"},\"query-input\":{\"@type\":\"PropertyValueSpecification\",\"valueRequired\":true,\"valueName\":\"search_term_string\"}}],\"inLanguage\":\"ca\"},{\"@type\":\"Organization\",\"@id\":\"https:\/\/www.navarroaubanell.com\/ca\/#organization\",\"name\":\"COMERCIAL NAVARRO AUBANELL, S.A\",\"url\":\"https:\/\/www.navarroaubanell.com\/ca\/\",\"logo\":{\"@type\":\"ImageObject\",\"inLanguage\":\"ca\",\"@id\":\"https:\/\/www.navarroaubanell.com\/ca\/#\/schema\/logo\/image\/\",\"url\":\"https:\/\/www.navarroaubanell.com\/wp-content\/uploads\/2017\/07\/logo-navarro-aubuanell.png\",\"contentUrl\":\"https:\/\/www.navarroaubanell.com\/wp-content\/uploads\/2017\/07\/logo-navarro-aubuanell.png\",\"width\":6304,\"height\":1154,\"caption\":\"COMERCIAL NAVARRO AUBANELL, S.A\"},\"image\":{\"@id\":\"https:\/\/www.navarroaubanell.com\/ca\/#\/schema\/logo\/image\/\"}}]}<\/script>\n<!-- \/ Yoast SEO plugin. -->","yoast_head_json":{"title":"Cadira Ester, Pedrali - Navarro Aubanell","description":"La cadira Ester combina eleg\u00e0ncia, ergonomia i durabilitat, ideal per a interiors sofisticats en hotels i restaurants. Confort i estil en cada detall.","robots":{"index":"index","follow":"follow","max-snippet":"max-snippet:-1","max-image-preview":"max-image-preview:large","max-video-preview":"max-video-preview:-1"},"canonical":"https:\/\/www.navarroaubanell.com\/ca\/producte\/cadira-ester-pedrali-navarroaubanell\/","og_locale":"ca_ES","og_type":"article","og_title":"Cadira Ester, Pedrali - Navarro Aubanell","og_description":"La cadira Ester combina eleg\u00e0ncia, ergonomia i durabilitat, ideal per a interiors sofisticats en hotels i restaurants. Confort i estil en cada detall.","og_url":"https:\/\/www.navarroaubanell.com\/ca\/producte\/cadira-ester-pedrali-navarroaubanell\/","og_site_name":"Navarro Aubanell","article_modified_time":"2024-10-01T15:31:21+00:00","og_image":[{"width":881,"height":1181,"url":"https:\/\/www.navarroaubanell.com\/wp-content\/uploads\/2017\/10\/Ester-691.png","type":"image\/png"}],"twitter_misc":{"Est. reading time":"2 minutes"},"schema":{"@context":"https:\/\/schema.org","@graph":[{"@type":"WebPage","@id":"https:\/\/www.navarroaubanell.com\/ca\/producte\/cadira-ester-pedrali-navarroaubanell\/","url":"https:\/\/www.navarroaubanell.com\/ca\/producte\/cadira-ester-pedrali-navarroaubanell\/","name":"Cadira Ester, Pedrali - Navarro Aubanell","isPartOf":{"@id":"https:\/\/www.navarroaubanell.com\/ca\/#website"},"primaryImageOfPage":{"@id":"https:\/\/www.navarroaubanell.com\/ca\/producte\/cadira-ester-pedrali-navarroaubanell\/#primaryimage"},"image":{"@id":"https:\/\/www.navarroaubanell.com\/ca\/producte\/cadira-ester-pedrali-navarroaubanell\/#primaryimage"},"thumbnailUrl":"https:\/\/www.navarroaubanell.com\/wp-content\/uploads\/2017\/10\/Ester-691.png","datePublished":"2017-10-03T17:55:39+00:00","dateModified":"2024-10-01T15:31:21+00:00","description":"La cadira Ester combina eleg\u00e0ncia, ergonomia i durabilitat, ideal per a interiors sofisticats en hotels i restaurants. Confort i estil en cada detall.","breadcrumb":{"@id":"https:\/\/www.navarroaubanell.com\/ca\/producte\/cadira-ester-pedrali-navarroaubanell\/#breadcrumb"},"inLanguage":"ca","potentialAction":[{"@type":"ReadAction","target":["https:\/\/www.navarroaubanell.com\/ca\/producte\/cadira-ester-pedrali-navarroaubanell\/"]}]},{"@type":"ImageObject","inLanguage":"ca","@id":"https:\/\/www.navarroaubanell.com\/ca\/producte\/cadira-ester-pedrali-navarroaubanell\/#primaryimage","url":"https:\/\/www.navarroaubanell.com\/wp-content\/uploads\/2017\/10\/Ester-691.png","contentUrl":"https:\/\/www.navarroaubanell.com\/wp-content\/uploads\/2017\/10\/Ester-691.png","width":881,"height":1181,"caption":"Silla Ester 691"},{"@type":"BreadcrumbList","@id":"https:\/\/www.navarroaubanell.com\/ca\/producte\/cadira-ester-pedrali-navarroaubanell\/#breadcrumb","itemListElement":[{"@type":"ListItem","position":1,"name":"Portada","item":"https:\/\/www.navarroaubanell.com\/ca\/"},{"@type":"ListItem","position":2,"name":"Productes","item":"https:\/\/www.navarroaubanell.com\/productos\/"},{"@type":"ListItem","position":3,"name":"Cadira Ester"}]},{"@type":"WebSite","@id":"https:\/\/www.navarroaubanell.com\/ca\/#website","url":"https:\/\/www.navarroaubanell.com\/ca\/","name":"Navarro Aubanell","description":"Mobiliario para hoteler\u00eda, colectividades y oficinas","publisher":{"@id":"https:\/\/www.navarroaubanell.com\/ca\/#organization"},"potentialAction":[{"@type":"SearchAction","target":{"@type":"EntryPoint","urlTemplate":"https:\/\/www.navarroaubanell.com\/ca\/?s={search_term_string}"},"query-input":{"@type":"PropertyValueSpecification","valueRequired":true,"valueName":"search_term_string"}}],"inLanguage":"ca"},{"@type":"Organization","@id":"https:\/\/www.navarroaubanell.com\/ca\/#organization","name":"COMERCIAL NAVARRO AUBANELL, S.A","url":"https:\/\/www.navarroaubanell.com\/ca\/","logo":{"@type":"ImageObject","inLanguage":"ca","@id":"https:\/\/www.navarroaubanell.com\/ca\/#\/schema\/logo\/image\/","url":"https:\/\/www.navarroaubanell.com\/wp-content\/uploads\/2017\/07\/logo-navarro-aubuanell.png","contentUrl":"https:\/\/www.navarroaubanell.com\/wp-content\/uploads\/2017\/07\/logo-navarro-aubuanell.png","width":6304,"height":1154,"caption":"COMERCIAL NAVARRO AUBANELL, S.A"},"image":{"@id":"https:\/\/www.navarroaubanell.com\/ca\/#\/schema\/logo\/image\/"}}]}},"_links":{"self":[{"href":"https:\/\/www.navarroaubanell.com\/ca\/wp-json\/wp\/v2\/product\/20191","targetHints":{"allow":["GET"]}}],"collection":[{"href":"https:\/\/www.navarroaubanell.com\/ca\/wp-json\/wp\/v2\/product"}],"about":[{"href":"https:\/\/www.navarroaubanell.com\/ca\/wp-json\/wp\/v2\/types\/product"}],"wp:featuredmedia":[{"embeddable":true,"href":"https:\/\/www.navarroaubanell.com\/ca\/wp-json\/wp\/v2\/media\/34626"}],"wp:attachment":[{"href":"https:\/\/www.navarroaubanell.com\/ca\/wp-json\/wp\/v2\/media?parent=20191"}],"wp:term":[{"taxonomy":"product_brand","embeddable":true,"href":"https:\/\/www.navarroaubanell.com\/ca\/wp-json\/wp\/v2\/product_brand?post=20191"},{"taxonomy":"product_cat","embeddable":true,"href":"https:\/\/www.navarroaubanell.com\/ca\/wp-json\/wp\/v2\/product_cat?post=20191"},{"taxonomy":"product_tag","embeddable":true,"href":"https:\/\/www.navarroaubanell.com\/ca\/wp-json\/wp\/v2\/product_tag?post=20191"}],"curies":[{"name":"wp","href":"https:\/\/api.w.org\/{rel}","templated":true}]}}

<h4>Descobreix l&#8217;Elegància i Funcionalitat de la Silla Ester</h4>
<p>La <strong>cadira Ester</strong> és la síntesi perfecta d&#8217;elegància, ergonomia i funcionalitat, igual que tota la <a href="https://www.navarroaubanell.com/ca/producte/familia-ester-pedrali-navarro-aubanell/">família Ester</a>. Les seves formes sinuoses i suaus, juntament amb el confort absolut del seu seient, transformen els interiors de restaurants i hotels en espais emblemàtics del panorama internacional.</p>
<h5>Disseny i Confort Inigualables</h5>
<p><strong>Ester</strong> compta amb una carcassa entapissada amb<strong> escuma de poliuretà</strong> i <strong>cingles elàstiques,</strong> garantint una experiència de seient còmoda i duradora. La seva estructura interna d<strong>&#8216;acer inoxidable</strong>, combinada amb un<strong> cinturó elàstic</strong> i <strong>poliuretà flexible</strong> ignífug, assegura no sols confort sinó també seguretat i durabilitat.</p>
<h5>Materials d&#8217;Alta Qualitat</h5>
<p>Les potes de la cadira estan fabricades mitjançant <strong>alumini fos a pressió</strong>, la qual cosa confereix una resistència i fortalesa excepcionals. A més, la<strong> cadira Ester</strong> està equipada amb <strong>tacs de polipropilè</strong> platejat. Per a protegir les superfícies delicades com la fusta, ceràmica o marbre, es poden sol·licitar peus amb feltre i per a superfícies com a catifes i moquetes, hi ha disponibles peus específics.</p>
<h5>Ideal per a Espais Sofisticats</h5>
<p>Transforma els teus espais amb la<strong> cadira Ester,</strong> on cada detall està dissenyat per a impressionar i proporcionar una experiència de seient superior. Ideal per a qualsevol entorn que busqui combinar sofisticació, durabilitat i confort, des d&#8217;hotels i restaurants fins a oficines i llars elegants.</p>
<p><strong>Opta per la cadira Ester i porta l&#8217;elegància i funcionalitat a cada racó dels teus espais interiors.</strong></p>
<p>Fitxa tècnica:<a href="https://cdn-assets.pedrali.com/media/pedrali/media/assets/originals/documenti/st/st-ester-691.pdf"> https://cdn-assets.pedrali.com/media/pedrali/media/assets/originals/documenti/st/st-ester-691.pdf</a></p>

<!-- This site is optimized with the Yoast SEO plugin v27.0 - https://yoast.com/product/yoast-seo-wordpress/ -->
<title>Cadira Ester, Pedrali - Navarro Aubanell</title>
<meta name="description" content="La cadira Ester combina elegància, ergonomia i durabilitat, ideal per a interiors sofisticats en hotels i restaurants. Confort i estil en cada detall." />
<meta name="robots" content="index, follow, max-snippet:-1, max-image-preview:large, max-video-preview:-1" />
<link rel="canonical" href="https://www.navarroaubanell.com/ca/producte/cadira-ester-pedrali-navarroaubanell/" />
<meta property="og:locale" content="ca_ES" />
<meta property="og:type" content="article" />
<meta property="og:title" content="Cadira Ester, Pedrali - Navarro Aubanell" />
<meta property="og:description" content="La cadira Ester combina elegància, ergonomia i durabilitat, ideal per a interiors sofisticats en hotels i restaurants. Confort i estil en cada detall." />
<meta property="og:url" content="https://www.navarroaubanell.com/ca/producte/cadira-ester-pedrali-navarroaubanell/" />
<meta property="og:site_name" content="Navarro Aubanell" />
<meta property="article:modified_time" content="2024-10-01T15:31:21+00:00" />
<meta property="og:image" content="https://www.navarroaubanell.com/wp-content/uploads/2017/10/Ester-691.png" />
	<meta property="og:image:width" content="881" />
	<meta property="og:image:height" content="1181" />
	<meta property="og:image:type" content="image/png" />
<meta name="twitter:label1" content="Est. reading time" />
	<meta name="twitter:data1" content="2 minutes" />
<script type="application/ld+json" class="yoast-schema-graph">{"@context":"https://schema.org","@graph":[{"@type":"WebPage","@id":"https://www.navarroaubanell.com/ca/producte/cadira-ester-pedrali-navarroaubanell/","url":"https://www.navarroaubanell.com/ca/producte/cadira-ester-pedrali-navarroaubanell/","name":"Cadira Ester, Pedrali - Navarro Aubanell","isPartOf":{"@id":"https://www.navarroaubanell.com/ca/#website"},"primaryImageOfPage":{"@id":"https://www.navarroaubanell.com/ca/producte/cadira-ester-pedrali-navarroaubanell/#primaryimage"},"image":{"@id":"https://www.navarroaubanell.com/ca/producte/cadira-ester-pedrali-navarroaubanell/#primaryimage"},"thumbnailUrl":"https://www.navarroaubanell.com/wp-content/uploads/2017/10/Ester-691.png","datePublished":"2017-10-03T17:55:39+00:00","dateModified":"2024-10-01T15:31:21+00:00","description":"La cadira Ester combina elegància, ergonomia i durabilitat, ideal per a interiors sofisticats en hotels i restaurants. Confort i estil en cada detall.","breadcrumb":{"@id":"https://www.navarroaubanell.com/ca/producte/cadira-ester-pedrali-navarroaubanell/#breadcrumb"},"inLanguage":"ca","potentialAction":[{"@type":"ReadAction","target":["https://www.navarroaubanell.com/ca/producte/cadira-ester-pedrali-navarroaubanell/"]}]},{"@type":"ImageObject","inLanguage":"ca","@id":"https://www.navarroaubanell.com/ca/producte/cadira-ester-pedrali-navarroaubanell/#primaryimage","url":"https://www.navarroaubanell.com/wp-content/uploads/2017/10/Ester-691.png","contentUrl":"https://www.navarroaubanell.com/wp-content/uploads/2017/10/Ester-691.png","width":881,"height":1181,"caption":"Silla Ester 691"},{"@type":"BreadcrumbList","@id":"https://www.navarroaubanell.com/ca/producte/cadira-ester-pedrali-navarroaubanell/#breadcrumb","itemListElement":[{"@type":"ListItem","position":1,"name":"Portada","item":"https://www.navarroaubanell.com/ca/"},{"@type":"ListItem","position":2,"name":"Productes","item":"https://www.navarroaubanell.com/productos/"},{"@type":"ListItem","position":3,"name":"Cadira Ester"}]},{"@type":"WebSite","@id":"https://www.navarroaubanell.com/ca/#website","url":"https://www.navarroaubanell.com/ca/","name":"Navarro Aubanell","description":"Mobiliario para hotelería, colectividades y oficinas","publisher":{"@id":"https://www.navarroaubanell.com/ca/#organization"},"potentialAction":[{"@type":"SearchAction","target":{"@type":"EntryPoint","urlTemplate":"https://www.navarroaubanell.com/ca/?s={search_term_string}"},"query-input":{"@type":"PropertyValueSpecification","valueRequired":true,"valueName":"search_term_string"}}],"inLanguage":"ca"},{"@type":"Organization","@id":"https://www.navarroaubanell.com/ca/#organization","name":"COMERCIAL NAVARRO AUBANELL, S.A","url":"https://www.navarroaubanell.com/ca/","logo":{"@type":"ImageObject","inLanguage":"ca","@id":"https://www.navarroaubanell.com/ca/#/schema/logo/image/","url":"https://www.navarroaubanell.com/wp-content/uploads/2017/07/logo-navarro-aubuanell.png","contentUrl":"https://www.navarroaubanell.com/wp-content/uploads/2017/07/logo-navarro-aubuanell.png","width":6304,"height":1154,"caption":"COMERCIAL NAVARRO AUBANELL, S.A"},"image":{"@id":"https://www.navarroaubanell.com/ca/#/schema/logo/image/"}}]}</script>
<!-- / Yoast SEO plugin. -->

La cadira Ester combina elegància, ergonomia i durabilitat, ideal per a interiors sofisticats en hotels i restaurants. Confort i estil en cada detall.

Mobiliario para hotelería, colectividades y oficinas
