{"id":20181,"date":"2017-10-04T16:35:33","date_gmt":"2017-10-04T16:35:33","guid":{"rendered":"https:\/\/www.navarroaubanell.com\/producto\/malmo-sillon\/"},"modified":"2020-03-13T10:01:42","modified_gmt":"2020-03-13T09:01:42","slug":"malmo-sillon","status":"publish","type":"product","link":"https:\/\/www.navarroaubanell.com\/ca\/producte\/malmo-sillon\/","title":{"rendered":"Cadira de bra\u00e7os Malm\u00f6"},"content":{"rendered":"<p>La cadira de bra\u00e7os Malm\u00f6 va sorgir d&#8217;un viatge imaginari a la vora d&#8217;un llac a Escandin\u00e0via. D&#8217;aquesta experi\u00e8ncia es conserva la calidesa d&#8217;un retorn al refugi, el gust dom\u00e8stic de la fusta que fa cada lloc m\u00e9s acollidor.<br \/>\nCarcassa de freixe aclarit, tenyit en negre o tenyit en gris clar i carcassa en multiestrat, multiestrat entapissat en tela o multiestrat entapissat en cuir.<\/p>\n","protected":false},"excerpt":{"rendered":"<p>&nbsp;<\/p>\n<p>&nbsp;<\/p>\n","protected":false},"featured_media":19008,"template":"","meta":{"_acf_changed":false},"product_brand":[882],"product_cat":[534,525],"product_tag":[587,749,867,618,686,729],"class_list":{"0":"post-20181","1":"product","2":"type-product","3":"status-publish","4":"has-post-thumbnail","6":"product_brand-pedrali-ca","7":"product_cat-cadires-de-bracos","8":"product_cat-interior","9":"product_tag-apilable-ca","10":"product_tag-cadira-de-barcos","11":"product_tag-cadires-de-bracos","12":"product_tag-contract-ca","13":"product_tag-malmo-ca","14":"product_tag-pedrali-ca","15":"description-off","17":"first","18":"instock","19":"shipping-taxable","20":"product-type-simple"},"acf":[],"yoast_head":"<!-- This site is optimized with the Yoast SEO plugin v27.0 - https:\/\/yoast.com\/product\/yoast-seo-wordpress\/ -->\n<title>Cadires de bra\u00e7os M\u00e4lmo, amb el prestigi de Pedrali - Navarro Aubanell<\/title>\n<meta name=\"description\" content=\"La cadira de bra\u00e7os Malm\u00f6 va sorgir d&#039;un viatge imaginari a la vora d&#039;un llac a Escandin\u00e0via. D&#039;aquesta experi\u00e8ncia tenim la calidesa d&#039;un retorn al refugi.\" \/>\n<meta name=\"robots\" content=\"index, follow, max-snippet:-1, max-image-preview:large, max-video-preview:-1\" \/>\n<link rel=\"canonical\" href=\"https:\/\/www.navarroaubanell.com\/ca\/producte\/malmo-sillon\/\" \/>\n<meta property=\"og:locale\" content=\"ca_ES\" \/>\n<meta property=\"og:type\" content=\"article\" \/>\n<meta property=\"og:title\" content=\"Cadires de bra\u00e7os M\u00e4lmo, amb el prestigi de Pedrali - Navarro Aubanell\" \/>\n<meta property=\"og:description\" content=\"La cadira de bra\u00e7os Malm\u00f6 va sorgir d&#039;un viatge imaginari a la vora d&#039;un llac a Escandin\u00e0via. D&#039;aquesta experi\u00e8ncia tenim la calidesa d&#039;un retorn al refugi.\" \/>\n<meta property=\"og:url\" content=\"https:\/\/www.navarroaubanell.com\/ca\/producte\/malmo-sillon\/\" \/>\n<meta property=\"og:site_name\" content=\"Navarro Aubanell\" \/>\n<meta property=\"article:modified_time\" content=\"2020-03-13T09:01:42+00:00\" \/>\n<meta property=\"og:image\" content=\"https:\/\/www.navarroaubanell.com\/wp-content\/uploads\/2017\/10\/img-destacada-malmo-2.jpg\" \/>\n\t<meta property=\"og:image:width\" content=\"512\" \/>\n\t<meta property=\"og:image:height\" content=\"512\" \/>\n\t<meta property=\"og:image:type\" content=\"image\/jpeg\" \/>\n<script type=\"application\/ld+json\" class=\"yoast-schema-graph\">{\"@context\":\"https:\/\/schema.org\",\"@graph\":[{\"@type\":\"WebPage\",\"@id\":\"https:\/\/www.navarroaubanell.com\/ca\/producte\/malmo-sillon\/\",\"url\":\"https:\/\/www.navarroaubanell.com\/ca\/producte\/malmo-sillon\/\",\"name\":\"Cadires de bra\u00e7os M\u00e4lmo, amb el prestigi de Pedrali - Navarro Aubanell\",\"isPartOf\":{\"@id\":\"https:\/\/www.navarroaubanell.com\/ca\/#website\"},\"primaryImageOfPage\":{\"@id\":\"https:\/\/www.navarroaubanell.com\/ca\/producte\/malmo-sillon\/#primaryimage\"},\"image\":{\"@id\":\"https:\/\/www.navarroaubanell.com\/ca\/producte\/malmo-sillon\/#primaryimage\"},\"thumbnailUrl\":\"https:\/\/www.navarroaubanell.com\/wp-content\/uploads\/2017\/10\/img-destacada-malmo-2.jpg\",\"datePublished\":\"2017-10-04T16:35:33+00:00\",\"dateModified\":\"2020-03-13T09:01:42+00:00\",\"description\":\"La cadira de bra\u00e7os Malm\u00f6 va sorgir d'un viatge imaginari a la vora d'un llac a Escandin\u00e0via. D'aquesta experi\u00e8ncia tenim la calidesa d'un retorn al refugi.\",\"breadcrumb\":{\"@id\":\"https:\/\/www.navarroaubanell.com\/ca\/producte\/malmo-sillon\/#breadcrumb\"},\"inLanguage\":\"ca\",\"potentialAction\":[{\"@type\":\"ReadAction\",\"target\":[\"https:\/\/www.navarroaubanell.com\/ca\/producte\/malmo-sillon\/\"]}]},{\"@type\":\"ImageObject\",\"inLanguage\":\"ca\",\"@id\":\"https:\/\/www.navarroaubanell.com\/ca\/producte\/malmo-sillon\/#primaryimage\",\"url\":\"https:\/\/www.navarroaubanell.com\/wp-content\/uploads\/2017\/10\/img-destacada-malmo-2.jpg\",\"contentUrl\":\"https:\/\/www.navarroaubanell.com\/wp-content\/uploads\/2017\/10\/img-destacada-malmo-2.jpg\",\"width\":512,\"height\":512},{\"@type\":\"BreadcrumbList\",\"@id\":\"https:\/\/www.navarroaubanell.com\/ca\/producte\/malmo-sillon\/#breadcrumb\",\"itemListElement\":[{\"@type\":\"ListItem\",\"position\":1,\"name\":\"Portada\",\"item\":\"https:\/\/www.navarroaubanell.com\/ca\/\"},{\"@type\":\"ListItem\",\"position\":2,\"name\":\"Productes\",\"item\":\"https:\/\/www.navarroaubanell.com\/productos\/\"},{\"@type\":\"ListItem\",\"position\":3,\"name\":\"Cadira de bra\u00e7os Malm\u00f6\"}]},{\"@type\":\"WebSite\",\"@id\":\"https:\/\/www.navarroaubanell.com\/ca\/#website\",\"url\":\"https:\/\/www.navarroaubanell.com\/ca\/\",\"name\":\"Navarro Aubanell\",\"description\":\"Mobiliario para hoteler\u00eda, colectividades y oficinas\",\"publisher\":{\"@id\":\"https:\/\/www.navarroaubanell.com\/ca\/#organization\"},\"potentialAction\":[{\"@type\":\"SearchAction\",\"target\":{\"@type\":\"EntryPoint\",\"urlTemplate\":\"https:\/\/www.navarroaubanell.com\/ca\/?s={search_term_string}\"},\"query-input\":{\"@type\":\"PropertyValueSpecification\",\"valueRequired\":true,\"valueName\":\"search_term_string\"}}],\"inLanguage\":\"ca\"},{\"@type\":\"Organization\",\"@id\":\"https:\/\/www.navarroaubanell.com\/ca\/#organization\",\"name\":\"COMERCIAL NAVARRO AUBANELL, S.A\",\"url\":\"https:\/\/www.navarroaubanell.com\/ca\/\",\"logo\":{\"@type\":\"ImageObject\",\"inLanguage\":\"ca\",\"@id\":\"https:\/\/www.navarroaubanell.com\/ca\/#\/schema\/logo\/image\/\",\"url\":\"https:\/\/www.navarroaubanell.com\/wp-content\/uploads\/2017\/07\/logo-navarro-aubuanell.png\",\"contentUrl\":\"https:\/\/www.navarroaubanell.com\/wp-content\/uploads\/2017\/07\/logo-navarro-aubuanell.png\",\"width\":6304,\"height\":1154,\"caption\":\"COMERCIAL NAVARRO AUBANELL, S.A\"},\"image\":{\"@id\":\"https:\/\/www.navarroaubanell.com\/ca\/#\/schema\/logo\/image\/\"}}]}<\/script>\n<!-- \/ Yoast SEO plugin. -->","yoast_head_json":{"title":"Cadires de bra\u00e7os M\u00e4lmo, amb el prestigi de Pedrali - Navarro Aubanell","description":"La cadira de bra\u00e7os Malm\u00f6 va sorgir d'un viatge imaginari a la vora d'un llac a Escandin\u00e0via. D'aquesta experi\u00e8ncia tenim la calidesa d'un retorn al refugi.","robots":{"index":"index","follow":"follow","max-snippet":"max-snippet:-1","max-image-preview":"max-image-preview:large","max-video-preview":"max-video-preview:-1"},"canonical":"https:\/\/www.navarroaubanell.com\/ca\/producte\/malmo-sillon\/","og_locale":"ca_ES","og_type":"article","og_title":"Cadires de bra\u00e7os M\u00e4lmo, amb el prestigi de Pedrali - Navarro Aubanell","og_description":"La cadira de bra\u00e7os Malm\u00f6 va sorgir d'un viatge imaginari a la vora d'un llac a Escandin\u00e0via. D'aquesta experi\u00e8ncia tenim la calidesa d'un retorn al refugi.","og_url":"https:\/\/www.navarroaubanell.com\/ca\/producte\/malmo-sillon\/","og_site_name":"Navarro Aubanell","article_modified_time":"2020-03-13T09:01:42+00:00","og_image":[{"width":512,"height":512,"url":"https:\/\/www.navarroaubanell.com\/wp-content\/uploads\/2017\/10\/img-destacada-malmo-2.jpg","type":"image\/jpeg"}],"schema":{"@context":"https:\/\/schema.org","@graph":[{"@type":"WebPage","@id":"https:\/\/www.navarroaubanell.com\/ca\/producte\/malmo-sillon\/","url":"https:\/\/www.navarroaubanell.com\/ca\/producte\/malmo-sillon\/","name":"Cadires de bra\u00e7os M\u00e4lmo, amb el prestigi de Pedrali - Navarro Aubanell","isPartOf":{"@id":"https:\/\/www.navarroaubanell.com\/ca\/#website"},"primaryImageOfPage":{"@id":"https:\/\/www.navarroaubanell.com\/ca\/producte\/malmo-sillon\/#primaryimage"},"image":{"@id":"https:\/\/www.navarroaubanell.com\/ca\/producte\/malmo-sillon\/#primaryimage"},"thumbnailUrl":"https:\/\/www.navarroaubanell.com\/wp-content\/uploads\/2017\/10\/img-destacada-malmo-2.jpg","datePublished":"2017-10-04T16:35:33+00:00","dateModified":"2020-03-13T09:01:42+00:00","description":"La cadira de bra\u00e7os Malm\u00f6 va sorgir d'un viatge imaginari a la vora d'un llac a Escandin\u00e0via. D'aquesta experi\u00e8ncia tenim la calidesa d'un retorn al refugi.","breadcrumb":{"@id":"https:\/\/www.navarroaubanell.com\/ca\/producte\/malmo-sillon\/#breadcrumb"},"inLanguage":"ca","potentialAction":[{"@type":"ReadAction","target":["https:\/\/www.navarroaubanell.com\/ca\/producte\/malmo-sillon\/"]}]},{"@type":"ImageObject","inLanguage":"ca","@id":"https:\/\/www.navarroaubanell.com\/ca\/producte\/malmo-sillon\/#primaryimage","url":"https:\/\/www.navarroaubanell.com\/wp-content\/uploads\/2017\/10\/img-destacada-malmo-2.jpg","contentUrl":"https:\/\/www.navarroaubanell.com\/wp-content\/uploads\/2017\/10\/img-destacada-malmo-2.jpg","width":512,"height":512},{"@type":"BreadcrumbList","@id":"https:\/\/www.navarroaubanell.com\/ca\/producte\/malmo-sillon\/#breadcrumb","itemListElement":[{"@type":"ListItem","position":1,"name":"Portada","item":"https:\/\/www.navarroaubanell.com\/ca\/"},{"@type":"ListItem","position":2,"name":"Productes","item":"https:\/\/www.navarroaubanell.com\/productos\/"},{"@type":"ListItem","position":3,"name":"Cadira de bra\u00e7os Malm\u00f6"}]},{"@type":"WebSite","@id":"https:\/\/www.navarroaubanell.com\/ca\/#website","url":"https:\/\/www.navarroaubanell.com\/ca\/","name":"Navarro Aubanell","description":"Mobiliario para hoteler\u00eda, colectividades y oficinas","publisher":{"@id":"https:\/\/www.navarroaubanell.com\/ca\/#organization"},"potentialAction":[{"@type":"SearchAction","target":{"@type":"EntryPoint","urlTemplate":"https:\/\/www.navarroaubanell.com\/ca\/?s={search_term_string}"},"query-input":{"@type":"PropertyValueSpecification","valueRequired":true,"valueName":"search_term_string"}}],"inLanguage":"ca"},{"@type":"Organization","@id":"https:\/\/www.navarroaubanell.com\/ca\/#organization","name":"COMERCIAL NAVARRO AUBANELL, S.A","url":"https:\/\/www.navarroaubanell.com\/ca\/","logo":{"@type":"ImageObject","inLanguage":"ca","@id":"https:\/\/www.navarroaubanell.com\/ca\/#\/schema\/logo\/image\/","url":"https:\/\/www.navarroaubanell.com\/wp-content\/uploads\/2017\/07\/logo-navarro-aubuanell.png","contentUrl":"https:\/\/www.navarroaubanell.com\/wp-content\/uploads\/2017\/07\/logo-navarro-aubuanell.png","width":6304,"height":1154,"caption":"COMERCIAL NAVARRO AUBANELL, S.A"},"image":{"@id":"https:\/\/www.navarroaubanell.com\/ca\/#\/schema\/logo\/image\/"}}]}},"_links":{"self":[{"href":"https:\/\/www.navarroaubanell.com\/ca\/wp-json\/wp\/v2\/product\/20181","targetHints":{"allow":["GET"]}}],"collection":[{"href":"https:\/\/www.navarroaubanell.com\/ca\/wp-json\/wp\/v2\/product"}],"about":[{"href":"https:\/\/www.navarroaubanell.com\/ca\/wp-json\/wp\/v2\/types\/product"}],"wp:featuredmedia":[{"embeddable":true,"href":"https:\/\/www.navarroaubanell.com\/ca\/wp-json\/wp\/v2\/media\/19008"}],"wp:attachment":[{"href":"https:\/\/www.navarroaubanell.com\/ca\/wp-json\/wp\/v2\/media?parent=20181"}],"wp:term":[{"taxonomy":"product_brand","embeddable":true,"href":"https:\/\/www.navarroaubanell.com\/ca\/wp-json\/wp\/v2\/product_brand?post=20181"},{"taxonomy":"product_cat","embeddable":true,"href":"https:\/\/www.navarroaubanell.com\/ca\/wp-json\/wp\/v2\/product_cat?post=20181"},{"taxonomy":"product_tag","embeddable":true,"href":"https:\/\/www.navarroaubanell.com\/ca\/wp-json\/wp\/v2\/product_tag?post=20181"}],"curies":[{"name":"wp","href":"https:\/\/api.w.org\/{rel}","templated":true}]}}

Cadira de braços Malmö

<p>La cadira de braços Malmö va sorgir d&#8217;un viatge imaginari a la vora d&#8217;un llac a Escandinàvia. D&#8217;aquesta experiència es conserva la calidesa d&#8217;un retorn al refugi, el gust domèstic de la fusta que fa cada lloc més acollidor.<br />
Carcassa de freixe aclarit, tenyit en negre o tenyit en gris clar i carcassa en multiestrat, multiestrat entapissat en tela o multiestrat entapissat en cuir.</p>

<!-- This site is optimized with the Yoast SEO plugin v27.0 - https://yoast.com/product/yoast-seo-wordpress/ -->
<title>Cadires de braços Mälmo, amb el prestigi de Pedrali - Navarro Aubanell</title>
<meta name="description" content="La cadira de braços Malmö va sorgir d&#039;un viatge imaginari a la vora d&#039;un llac a Escandinàvia. D&#039;aquesta experiència tenim la calidesa d&#039;un retorn al refugi." />
<meta name="robots" content="index, follow, max-snippet:-1, max-image-preview:large, max-video-preview:-1" />
<link rel="canonical" href="https://www.navarroaubanell.com/ca/producte/malmo-sillon/" />
<meta property="og:locale" content="ca_ES" />
<meta property="og:type" content="article" />
<meta property="og:title" content="Cadires de braços Mälmo, amb el prestigi de Pedrali - Navarro Aubanell" />
<meta property="og:description" content="La cadira de braços Malmö va sorgir d&#039;un viatge imaginari a la vora d&#039;un llac a Escandinàvia. D&#039;aquesta experiència tenim la calidesa d&#039;un retorn al refugi." />
<meta property="og:url" content="https://www.navarroaubanell.com/ca/producte/malmo-sillon/" />
<meta property="og:site_name" content="Navarro Aubanell" />
<meta property="article:modified_time" content="2020-03-13T09:01:42+00:00" />
<meta property="og:image" content="https://www.navarroaubanell.com/wp-content/uploads/2017/10/img-destacada-malmo-2.jpg" />
	<meta property="og:image:width" content="512" />
	<meta property="og:image:height" content="512" />
	<meta property="og:image:type" content="image/jpeg" />
<script type="application/ld+json" class="yoast-schema-graph">{"@context":"https://schema.org","@graph":[{"@type":"WebPage","@id":"https://www.navarroaubanell.com/ca/producte/malmo-sillon/","url":"https://www.navarroaubanell.com/ca/producte/malmo-sillon/","name":"Cadires de braços Mälmo, amb el prestigi de Pedrali - Navarro Aubanell","isPartOf":{"@id":"https://www.navarroaubanell.com/ca/#website"},"primaryImageOfPage":{"@id":"https://www.navarroaubanell.com/ca/producte/malmo-sillon/#primaryimage"},"image":{"@id":"https://www.navarroaubanell.com/ca/producte/malmo-sillon/#primaryimage"},"thumbnailUrl":"https://www.navarroaubanell.com/wp-content/uploads/2017/10/img-destacada-malmo-2.jpg","datePublished":"2017-10-04T16:35:33+00:00","dateModified":"2020-03-13T09:01:42+00:00","description":"La cadira de braços Malmö va sorgir d'un viatge imaginari a la vora d'un llac a Escandinàvia. D'aquesta experiència tenim la calidesa d'un retorn al refugi.","breadcrumb":{"@id":"https://www.navarroaubanell.com/ca/producte/malmo-sillon/#breadcrumb"},"inLanguage":"ca","potentialAction":[{"@type":"ReadAction","target":["https://www.navarroaubanell.com/ca/producte/malmo-sillon/"]}]},{"@type":"ImageObject","inLanguage":"ca","@id":"https://www.navarroaubanell.com/ca/producte/malmo-sillon/#primaryimage","url":"https://www.navarroaubanell.com/wp-content/uploads/2017/10/img-destacada-malmo-2.jpg","contentUrl":"https://www.navarroaubanell.com/wp-content/uploads/2017/10/img-destacada-malmo-2.jpg","width":512,"height":512},{"@type":"BreadcrumbList","@id":"https://www.navarroaubanell.com/ca/producte/malmo-sillon/#breadcrumb","itemListElement":[{"@type":"ListItem","position":1,"name":"Portada","item":"https://www.navarroaubanell.com/ca/"},{"@type":"ListItem","position":2,"name":"Productes","item":"https://www.navarroaubanell.com/productos/"},{"@type":"ListItem","position":3,"name":"Cadira de braços Malmö"}]},{"@type":"WebSite","@id":"https://www.navarroaubanell.com/ca/#website","url":"https://www.navarroaubanell.com/ca/","name":"Navarro Aubanell","description":"Mobiliario para hotelería, colectividades y oficinas","publisher":{"@id":"https://www.navarroaubanell.com/ca/#organization"},"potentialAction":[{"@type":"SearchAction","target":{"@type":"EntryPoint","urlTemplate":"https://www.navarroaubanell.com/ca/?s={search_term_string}"},"query-input":{"@type":"PropertyValueSpecification","valueRequired":true,"valueName":"search_term_string"}}],"inLanguage":"ca"},{"@type":"Organization","@id":"https://www.navarroaubanell.com/ca/#organization","name":"COMERCIAL NAVARRO AUBANELL, S.A","url":"https://www.navarroaubanell.com/ca/","logo":{"@type":"ImageObject","inLanguage":"ca","@id":"https://www.navarroaubanell.com/ca/#/schema/logo/image/","url":"https://www.navarroaubanell.com/wp-content/uploads/2017/07/logo-navarro-aubuanell.png","contentUrl":"https://www.navarroaubanell.com/wp-content/uploads/2017/07/logo-navarro-aubuanell.png","width":6304,"height":1154,"caption":"COMERCIAL NAVARRO AUBANELL, S.A"},"image":{"@id":"https://www.navarroaubanell.com/ca/#/schema/logo/image/"}}]}</script>
<!-- / Yoast SEO plugin. -->

Cadires de braços Mälmo, amb el prestigi de Pedrali - Navarro Aubanell

La cadira de braços Malmö va sorgir d'un viatge imaginari a la vora d'un llac a Escandinàvia. D'aquesta experiència tenim la calidesa d'un retorn al refugi.

Mobiliario para hotelería, colectividades y oficinas
