{"id":20050,"date":"2017-10-30T10:57:46","date_gmt":"2017-10-30T10:57:46","guid":{"rendered":"https:\/\/www.navarroaubanell.com\/producto\/tahiti\/"},"modified":"2020-03-16T09:56:24","modified_gmt":"2020-03-16T08:56:24","slug":"tahiti","status":"publish","type":"product","link":"https:\/\/www.navarroaubanell.com\/ca\/producte\/tahiti\/","title":{"rendered":"Para-sol Tahit\u00ed"},"content":{"rendered":"<p>El para-sol Tahit\u00ed de molts colors \u00e9s una interpretaci\u00f3 contempor\u00e0nia del tradicional para-sol de palla que fa somiar amb platges llunyanes i ex\u00f2tiques. La bellesa d&#8217;aquest para-sol de disseny professional rau en la seva simplicitat. Al para-sol de platja tradicional de palla ja una mica avorrit i monocrom se li ha donat un lleuger toc de segle XXI. Se sent la sensaci\u00f3 de vacances i sota aquest para-sol estar\u00e0 molt feli\u00e7! El meravell\u00f3s para-sol Tahit\u00ed \u00e9s ideal com a protector solar a la terrassa de la seva hostaleria. Com a para-sol de platja, es troba completament en el seu medi natural.<\/p>\n","protected":false},"excerpt":{"rendered":"<p>&nbsp;<\/p>\n<p>&nbsp;<\/p>\n","protected":false},"featured_media":19529,"template":"","meta":{"_acf_changed":false},"product_brand":[895],"product_cat":[563,569],"product_tag":[720,851,765,770],"class_list":{"0":"post-20050","1":"product","2":"type-product","3":"status-publish","4":"has-post-thumbnail","6":"product_brand-sywawa-ca","7":"product_cat-exterior-ca","8":"product_cat-parasols","9":"product_tag-outdoor-ca","10":"product_tag-parasols","11":"product_tag-sywawa-ca","12":"product_tag-tahiti-ca","13":"description-off","15":"first","16":"instock","17":"shipping-taxable","18":"product-type-simple"},"acf":[],"yoast_head":"<!-- This site is optimized with the Yoast SEO plugin v27.0 - https:\/\/yoast.com\/product\/yoast-seo-wordpress\/ -->\n<title>Parasol Tahit\u00ed, de la marca Sywawa - Navarro Aubanell<\/title>\n<meta name=\"description\" content=\"El para-sol Tahit\u00ed de molts colors \u00e9s una interpretaci\u00f3 contempor\u00e0nia del tradicional para-sol de palla que fa somiar amb platges llunyanes i ex\u00f2tiques.\" \/>\n<meta name=\"robots\" content=\"index, follow, max-snippet:-1, max-image-preview:large, max-video-preview:-1\" \/>\n<link rel=\"canonical\" href=\"https:\/\/www.navarroaubanell.com\/ca\/producte\/tahiti\/\" \/>\n<meta property=\"og:locale\" content=\"ca_ES\" \/>\n<meta property=\"og:type\" content=\"article\" \/>\n<meta property=\"og:title\" content=\"Parasol Tahit\u00ed, de la marca Sywawa - Navarro Aubanell\" \/>\n<meta property=\"og:description\" content=\"El para-sol Tahit\u00ed de molts colors \u00e9s una interpretaci\u00f3 contempor\u00e0nia del tradicional para-sol de palla que fa somiar amb platges llunyanes i ex\u00f2tiques.\" \/>\n<meta property=\"og:url\" content=\"https:\/\/www.navarroaubanell.com\/ca\/producte\/tahiti\/\" \/>\n<meta property=\"og:site_name\" content=\"Navarro Aubanell\" \/>\n<meta property=\"article:modified_time\" content=\"2020-03-16T08:56:24+00:00\" \/>\n<meta property=\"og:image\" content=\"https:\/\/www.navarroaubanell.com\/wp-content\/uploads\/2017\/10\/img-destacada-tahiti.jpg\" \/>\n\t<meta property=\"og:image:width\" content=\"512\" \/>\n\t<meta property=\"og:image:height\" content=\"512\" \/>\n\t<meta property=\"og:image:type\" content=\"image\/jpeg\" \/>\n<meta name=\"twitter:label1\" content=\"Est. reading time\" \/>\n\t<meta name=\"twitter:data1\" content=\"1 minute\" \/>\n<script type=\"application\/ld+json\" class=\"yoast-schema-graph\">{\"@context\":\"https:\/\/schema.org\",\"@graph\":[{\"@type\":\"WebPage\",\"@id\":\"https:\/\/www.navarroaubanell.com\/ca\/producte\/tahiti\/\",\"url\":\"https:\/\/www.navarroaubanell.com\/ca\/producte\/tahiti\/\",\"name\":\"Parasol Tahit\u00ed, de la marca Sywawa - Navarro Aubanell\",\"isPartOf\":{\"@id\":\"https:\/\/www.navarroaubanell.com\/ca\/#website\"},\"primaryImageOfPage\":{\"@id\":\"https:\/\/www.navarroaubanell.com\/ca\/producte\/tahiti\/#primaryimage\"},\"image\":{\"@id\":\"https:\/\/www.navarroaubanell.com\/ca\/producte\/tahiti\/#primaryimage\"},\"thumbnailUrl\":\"https:\/\/www.navarroaubanell.com\/wp-content\/uploads\/2017\/10\/img-destacada-tahiti.jpg\",\"datePublished\":\"2017-10-30T10:57:46+00:00\",\"dateModified\":\"2020-03-16T08:56:24+00:00\",\"description\":\"El para-sol Tahit\u00ed de molts colors \u00e9s una interpretaci\u00f3 contempor\u00e0nia del tradicional para-sol de palla que fa somiar amb platges llunyanes i ex\u00f2tiques.\",\"breadcrumb\":{\"@id\":\"https:\/\/www.navarroaubanell.com\/ca\/producte\/tahiti\/#breadcrumb\"},\"inLanguage\":\"ca\",\"potentialAction\":[{\"@type\":\"ReadAction\",\"target\":[\"https:\/\/www.navarroaubanell.com\/ca\/producte\/tahiti\/\"]}]},{\"@type\":\"ImageObject\",\"inLanguage\":\"ca\",\"@id\":\"https:\/\/www.navarroaubanell.com\/ca\/producte\/tahiti\/#primaryimage\",\"url\":\"https:\/\/www.navarroaubanell.com\/wp-content\/uploads\/2017\/10\/img-destacada-tahiti.jpg\",\"contentUrl\":\"https:\/\/www.navarroaubanell.com\/wp-content\/uploads\/2017\/10\/img-destacada-tahiti.jpg\",\"width\":512,\"height\":512},{\"@type\":\"BreadcrumbList\",\"@id\":\"https:\/\/www.navarroaubanell.com\/ca\/producte\/tahiti\/#breadcrumb\",\"itemListElement\":[{\"@type\":\"ListItem\",\"position\":1,\"name\":\"Portada\",\"item\":\"https:\/\/www.navarroaubanell.com\/ca\/\"},{\"@type\":\"ListItem\",\"position\":2,\"name\":\"Productes\",\"item\":\"https:\/\/www.navarroaubanell.com\/productos\/\"},{\"@type\":\"ListItem\",\"position\":3,\"name\":\"Para-sol Tahit\u00ed\"}]},{\"@type\":\"WebSite\",\"@id\":\"https:\/\/www.navarroaubanell.com\/ca\/#website\",\"url\":\"https:\/\/www.navarroaubanell.com\/ca\/\",\"name\":\"Navarro Aubanell\",\"description\":\"Mobiliario para hoteler\u00eda, colectividades y oficinas\",\"publisher\":{\"@id\":\"https:\/\/www.navarroaubanell.com\/ca\/#organization\"},\"potentialAction\":[{\"@type\":\"SearchAction\",\"target\":{\"@type\":\"EntryPoint\",\"urlTemplate\":\"https:\/\/www.navarroaubanell.com\/ca\/?s={search_term_string}\"},\"query-input\":{\"@type\":\"PropertyValueSpecification\",\"valueRequired\":true,\"valueName\":\"search_term_string\"}}],\"inLanguage\":\"ca\"},{\"@type\":\"Organization\",\"@id\":\"https:\/\/www.navarroaubanell.com\/ca\/#organization\",\"name\":\"COMERCIAL NAVARRO AUBANELL, S.A\",\"url\":\"https:\/\/www.navarroaubanell.com\/ca\/\",\"logo\":{\"@type\":\"ImageObject\",\"inLanguage\":\"ca\",\"@id\":\"https:\/\/www.navarroaubanell.com\/ca\/#\/schema\/logo\/image\/\",\"url\":\"https:\/\/www.navarroaubanell.com\/wp-content\/uploads\/2017\/07\/logo-navarro-aubuanell.png\",\"contentUrl\":\"https:\/\/www.navarroaubanell.com\/wp-content\/uploads\/2017\/07\/logo-navarro-aubuanell.png\",\"width\":6304,\"height\":1154,\"caption\":\"COMERCIAL NAVARRO AUBANELL, S.A\"},\"image\":{\"@id\":\"https:\/\/www.navarroaubanell.com\/ca\/#\/schema\/logo\/image\/\"}}]}<\/script>\n<!-- \/ Yoast SEO plugin. -->","yoast_head_json":{"title":"Parasol Tahit\u00ed, de la marca Sywawa - Navarro Aubanell","description":"El para-sol Tahit\u00ed de molts colors \u00e9s una interpretaci\u00f3 contempor\u00e0nia del tradicional para-sol de palla que fa somiar amb platges llunyanes i ex\u00f2tiques.","robots":{"index":"index","follow":"follow","max-snippet":"max-snippet:-1","max-image-preview":"max-image-preview:large","max-video-preview":"max-video-preview:-1"},"canonical":"https:\/\/www.navarroaubanell.com\/ca\/producte\/tahiti\/","og_locale":"ca_ES","og_type":"article","og_title":"Parasol Tahit\u00ed, de la marca Sywawa - Navarro Aubanell","og_description":"El para-sol Tahit\u00ed de molts colors \u00e9s una interpretaci\u00f3 contempor\u00e0nia del tradicional para-sol de palla que fa somiar amb platges llunyanes i ex\u00f2tiques.","og_url":"https:\/\/www.navarroaubanell.com\/ca\/producte\/tahiti\/","og_site_name":"Navarro Aubanell","article_modified_time":"2020-03-16T08:56:24+00:00","og_image":[{"width":512,"height":512,"url":"https:\/\/www.navarroaubanell.com\/wp-content\/uploads\/2017\/10\/img-destacada-tahiti.jpg","type":"image\/jpeg"}],"twitter_misc":{"Est. reading time":"1 minute"},"schema":{"@context":"https:\/\/schema.org","@graph":[{"@type":"WebPage","@id":"https:\/\/www.navarroaubanell.com\/ca\/producte\/tahiti\/","url":"https:\/\/www.navarroaubanell.com\/ca\/producte\/tahiti\/","name":"Parasol Tahit\u00ed, de la marca Sywawa - Navarro Aubanell","isPartOf":{"@id":"https:\/\/www.navarroaubanell.com\/ca\/#website"},"primaryImageOfPage":{"@id":"https:\/\/www.navarroaubanell.com\/ca\/producte\/tahiti\/#primaryimage"},"image":{"@id":"https:\/\/www.navarroaubanell.com\/ca\/producte\/tahiti\/#primaryimage"},"thumbnailUrl":"https:\/\/www.navarroaubanell.com\/wp-content\/uploads\/2017\/10\/img-destacada-tahiti.jpg","datePublished":"2017-10-30T10:57:46+00:00","dateModified":"2020-03-16T08:56:24+00:00","description":"El para-sol Tahit\u00ed de molts colors \u00e9s una interpretaci\u00f3 contempor\u00e0nia del tradicional para-sol de palla que fa somiar amb platges llunyanes i ex\u00f2tiques.","breadcrumb":{"@id":"https:\/\/www.navarroaubanell.com\/ca\/producte\/tahiti\/#breadcrumb"},"inLanguage":"ca","potentialAction":[{"@type":"ReadAction","target":["https:\/\/www.navarroaubanell.com\/ca\/producte\/tahiti\/"]}]},{"@type":"ImageObject","inLanguage":"ca","@id":"https:\/\/www.navarroaubanell.com\/ca\/producte\/tahiti\/#primaryimage","url":"https:\/\/www.navarroaubanell.com\/wp-content\/uploads\/2017\/10\/img-destacada-tahiti.jpg","contentUrl":"https:\/\/www.navarroaubanell.com\/wp-content\/uploads\/2017\/10\/img-destacada-tahiti.jpg","width":512,"height":512},{"@type":"BreadcrumbList","@id":"https:\/\/www.navarroaubanell.com\/ca\/producte\/tahiti\/#breadcrumb","itemListElement":[{"@type":"ListItem","position":1,"name":"Portada","item":"https:\/\/www.navarroaubanell.com\/ca\/"},{"@type":"ListItem","position":2,"name":"Productes","item":"https:\/\/www.navarroaubanell.com\/productos\/"},{"@type":"ListItem","position":3,"name":"Para-sol Tahit\u00ed"}]},{"@type":"WebSite","@id":"https:\/\/www.navarroaubanell.com\/ca\/#website","url":"https:\/\/www.navarroaubanell.com\/ca\/","name":"Navarro Aubanell","description":"Mobiliario para hoteler\u00eda, colectividades y oficinas","publisher":{"@id":"https:\/\/www.navarroaubanell.com\/ca\/#organization"},"potentialAction":[{"@type":"SearchAction","target":{"@type":"EntryPoint","urlTemplate":"https:\/\/www.navarroaubanell.com\/ca\/?s={search_term_string}"},"query-input":{"@type":"PropertyValueSpecification","valueRequired":true,"valueName":"search_term_string"}}],"inLanguage":"ca"},{"@type":"Organization","@id":"https:\/\/www.navarroaubanell.com\/ca\/#organization","name":"COMERCIAL NAVARRO AUBANELL, S.A","url":"https:\/\/www.navarroaubanell.com\/ca\/","logo":{"@type":"ImageObject","inLanguage":"ca","@id":"https:\/\/www.navarroaubanell.com\/ca\/#\/schema\/logo\/image\/","url":"https:\/\/www.navarroaubanell.com\/wp-content\/uploads\/2017\/07\/logo-navarro-aubuanell.png","contentUrl":"https:\/\/www.navarroaubanell.com\/wp-content\/uploads\/2017\/07\/logo-navarro-aubuanell.png","width":6304,"height":1154,"caption":"COMERCIAL NAVARRO AUBANELL, S.A"},"image":{"@id":"https:\/\/www.navarroaubanell.com\/ca\/#\/schema\/logo\/image\/"}}]}},"_links":{"self":[{"href":"https:\/\/www.navarroaubanell.com\/ca\/wp-json\/wp\/v2\/product\/20050","targetHints":{"allow":["GET"]}}],"collection":[{"href":"https:\/\/www.navarroaubanell.com\/ca\/wp-json\/wp\/v2\/product"}],"about":[{"href":"https:\/\/www.navarroaubanell.com\/ca\/wp-json\/wp\/v2\/types\/product"}],"wp:featuredmedia":[{"embeddable":true,"href":"https:\/\/www.navarroaubanell.com\/ca\/wp-json\/wp\/v2\/media\/19529"}],"wp:attachment":[{"href":"https:\/\/www.navarroaubanell.com\/ca\/wp-json\/wp\/v2\/media?parent=20050"}],"wp:term":[{"taxonomy":"product_brand","embeddable":true,"href":"https:\/\/www.navarroaubanell.com\/ca\/wp-json\/wp\/v2\/product_brand?post=20050"},{"taxonomy":"product_cat","embeddable":true,"href":"https:\/\/www.navarroaubanell.com\/ca\/wp-json\/wp\/v2\/product_cat?post=20050"},{"taxonomy":"product_tag","embeddable":true,"href":"https:\/\/www.navarroaubanell.com\/ca\/wp-json\/wp\/v2\/product_tag?post=20050"}],"curies":[{"name":"wp","href":"https:\/\/api.w.org\/{rel}","templated":true}]}}

Para-sol Tahití

<p>El para-sol Tahití de molts colors és una interpretació contemporània del tradicional para-sol de palla que fa somiar amb platges llunyanes i exòtiques. La bellesa d&#8217;aquest para-sol de disseny professional rau en la seva simplicitat. Al para-sol de platja tradicional de palla ja una mica avorrit i monocrom se li ha donat un lleuger toc de segle XXI. Se sent la sensació de vacances i sota aquest para-sol estarà molt feliç! El meravellós para-sol Tahití és ideal com a protector solar a la terrassa de la seva hostaleria. Com a para-sol de platja, es troba completament en el seu medi natural.</p>

<!-- This site is optimized with the Yoast SEO plugin v27.0 - https://yoast.com/product/yoast-seo-wordpress/ -->
<title>Parasol Tahití, de la marca Sywawa - Navarro Aubanell</title>
<meta name="description" content="El para-sol Tahití de molts colors és una interpretació contemporània del tradicional para-sol de palla que fa somiar amb platges llunyanes i exòtiques." />
<meta name="robots" content="index, follow, max-snippet:-1, max-image-preview:large, max-video-preview:-1" />
<link rel="canonical" href="https://www.navarroaubanell.com/ca/producte/tahiti/" />
<meta property="og:locale" content="ca_ES" />
<meta property="og:type" content="article" />
<meta property="og:title" content="Parasol Tahití, de la marca Sywawa - Navarro Aubanell" />
<meta property="og:description" content="El para-sol Tahití de molts colors és una interpretació contemporània del tradicional para-sol de palla que fa somiar amb platges llunyanes i exòtiques." />
<meta property="og:url" content="https://www.navarroaubanell.com/ca/producte/tahiti/" />
<meta property="og:site_name" content="Navarro Aubanell" />
<meta property="article:modified_time" content="2020-03-16T08:56:24+00:00" />
<meta property="og:image" content="https://www.navarroaubanell.com/wp-content/uploads/2017/10/img-destacada-tahiti.jpg" />
	<meta property="og:image:width" content="512" />
	<meta property="og:image:height" content="512" />
	<meta property="og:image:type" content="image/jpeg" />
<meta name="twitter:label1" content="Est. reading time" />
	<meta name="twitter:data1" content="1 minute" />
<script type="application/ld+json" class="yoast-schema-graph">{"@context":"https://schema.org","@graph":[{"@type":"WebPage","@id":"https://www.navarroaubanell.com/ca/producte/tahiti/","url":"https://www.navarroaubanell.com/ca/producte/tahiti/","name":"Parasol Tahití, de la marca Sywawa - Navarro Aubanell","isPartOf":{"@id":"https://www.navarroaubanell.com/ca/#website"},"primaryImageOfPage":{"@id":"https://www.navarroaubanell.com/ca/producte/tahiti/#primaryimage"},"image":{"@id":"https://www.navarroaubanell.com/ca/producte/tahiti/#primaryimage"},"thumbnailUrl":"https://www.navarroaubanell.com/wp-content/uploads/2017/10/img-destacada-tahiti.jpg","datePublished":"2017-10-30T10:57:46+00:00","dateModified":"2020-03-16T08:56:24+00:00","description":"El para-sol Tahití de molts colors és una interpretació contemporània del tradicional para-sol de palla que fa somiar amb platges llunyanes i exòtiques.","breadcrumb":{"@id":"https://www.navarroaubanell.com/ca/producte/tahiti/#breadcrumb"},"inLanguage":"ca","potentialAction":[{"@type":"ReadAction","target":["https://www.navarroaubanell.com/ca/producte/tahiti/"]}]},{"@type":"ImageObject","inLanguage":"ca","@id":"https://www.navarroaubanell.com/ca/producte/tahiti/#primaryimage","url":"https://www.navarroaubanell.com/wp-content/uploads/2017/10/img-destacada-tahiti.jpg","contentUrl":"https://www.navarroaubanell.com/wp-content/uploads/2017/10/img-destacada-tahiti.jpg","width":512,"height":512},{"@type":"BreadcrumbList","@id":"https://www.navarroaubanell.com/ca/producte/tahiti/#breadcrumb","itemListElement":[{"@type":"ListItem","position":1,"name":"Portada","item":"https://www.navarroaubanell.com/ca/"},{"@type":"ListItem","position":2,"name":"Productes","item":"https://www.navarroaubanell.com/productos/"},{"@type":"ListItem","position":3,"name":"Para-sol Tahití"}]},{"@type":"WebSite","@id":"https://www.navarroaubanell.com/ca/#website","url":"https://www.navarroaubanell.com/ca/","name":"Navarro Aubanell","description":"Mobiliario para hotelería, colectividades y oficinas","publisher":{"@id":"https://www.navarroaubanell.com/ca/#organization"},"potentialAction":[{"@type":"SearchAction","target":{"@type":"EntryPoint","urlTemplate":"https://www.navarroaubanell.com/ca/?s={search_term_string}"},"query-input":{"@type":"PropertyValueSpecification","valueRequired":true,"valueName":"search_term_string"}}],"inLanguage":"ca"},{"@type":"Organization","@id":"https://www.navarroaubanell.com/ca/#organization","name":"COMERCIAL NAVARRO AUBANELL, S.A","url":"https://www.navarroaubanell.com/ca/","logo":{"@type":"ImageObject","inLanguage":"ca","@id":"https://www.navarroaubanell.com/ca/#/schema/logo/image/","url":"https://www.navarroaubanell.com/wp-content/uploads/2017/07/logo-navarro-aubuanell.png","contentUrl":"https://www.navarroaubanell.com/wp-content/uploads/2017/07/logo-navarro-aubuanell.png","width":6304,"height":1154,"caption":"COMERCIAL NAVARRO AUBANELL, S.A"},"image":{"@id":"https://www.navarroaubanell.com/ca/#/schema/logo/image/"}}]}</script>
<!-- / Yoast SEO plugin. -->

Parasol Tahití, de la marca Sywawa - Navarro Aubanell

El para-sol Tahití de molts colors és una interpretació contemporània del tradicional para-sol de palla que fa somiar amb platges llunyanes i exòtiques.

Mobiliario para hotelería, colectividades y oficinas
