{"id":20966,"date":"2018-07-09T17:49:58","date_gmt":"2018-07-09T15:49:58","guid":{"rendered":"https:\/\/www.navarroaubanell.com\/?page_id=20966"},"modified":"2018-07-09T17:52:34","modified_gmt":"2018-07-09T15:52:34","slug":"politica-de-privacitat","status":"publish","type":"page","link":"https:\/\/www.navarroaubanell.com\/ca\/politica-de-privacitat\/","title":{"rendered":"Pol\u00edtica de privacitat"},"content":{"rendered":"<p>De conformitat amb el <strong>Reglament (UE) 2016\/679, de 27 d&#8217;abril de 2016, relatiu a la protecci\u00f3 de les persones f\u00edsiques pel que fa al tractament de dades personals i a la lliure circulaci\u00f3 d&#8217;aquestes dades<\/strong> i la normativa en Protecci\u00f3 de Dades que correspongui, COMERCIAL NAVARRO AUBANELL, S.A. informa als Usuaris:<\/p>\n<table style=\"height: 395px;\" width=\"1295\">\n<tbody>\n<tr>\n<td colspan=\"2\" width=\"390\"><strong>Informaci\u00f3 b\u00e0sica sobre Protecci\u00f3 de Dades<\/strong><\/td>\n<\/tr>\n<tr>\n<td width=\"78\"><strong>Responsable<\/strong><\/td>\n<td width=\"312\">COMERCIAL NAVARRO AUBANELL, S.A.<\/p>\n<p>Carrer Colom, 63 \u2013 08370 de Calella (Barcelona)<\/p>\n<p>A08730855<\/td>\n<\/tr>\n<tr>\n<td width=\"78\"><strong>Finalitat<\/strong><\/td>\n<td width=\"312\">\u00a7\u00a0 Gestionar les dades a les quals l\u2019empresa accedeix com a conseq\u00fc\u00e8ncia de la navegaci\u00f3 i\/o consulta.<\/p>\n<p>\u00a7\u00a0 Gestionar la seva consulta o sol\u00b7licitud.<\/p>\n<p>\u00a7\u00a0 Enviar-li comunicacions comercials i publicit\u00e0ries referents a activitats i projectes relacionats amb l\u2019entitat, nom\u00e9s en cas d\u2019acceptaci\u00f3.<\/td>\n<\/tr>\n<tr>\n<td width=\"78\"><strong>Legitimaci\u00f3<\/strong><\/td>\n<td width=\"312\">Consentiment de l&#8217;interessat<\/td>\n<\/tr>\n<tr>\n<td width=\"78\"><strong>Destinataris<\/strong><\/td>\n<td width=\"312\">No se cediran les dades a tercers, tret d\u2019obligaci\u00f3 legal<\/td>\n<\/tr>\n<tr>\n<td width=\"78\"><strong>Drets<\/strong><\/td>\n<td width=\"312\">Accedir, rectificar i suprimir les dades, aix\u00ed com els altres drets, com s\u00f3n la limitaci\u00f3 del tractament i el dret a la portabilitat de les dades, tal com determina la normativa vigent en protecci\u00f3 de dades, adre\u00e7ant-se per escrit, acompanyant fotoc\u00f2pia de DNI, al domicili: Carrer Colom, 63 \u2013 08370 de Calella (Barcelona).<\/p>\n<p>Tanmateix, l\u2019interessat tamb\u00e9 tindr\u00e0 dret a presentar una reclamaci\u00f3 davant l\u2019Agencia Espanyola de Protecci\u00f3 de Dades en cas d\u2019incompliment per part de l\u2019empresa.<\/td>\n<\/tr>\n<\/tbody>\n<\/table>\n<p>&nbsp;<\/p>\n<p>Abans de l&#8217;enviament de qualsevol sol\u00b7licitud d&#8217;informaci\u00f3 a trav\u00e9s del formulari de \u00a0contacte d&#8217;aquesta p\u00e0gina web, l&#8217;usuari ha d&#8217;acceptar la pol\u00edtica de privacitat de la mateixa, <u>amb la finalitat de prestar el consentiment expr\u00e9s i informat pel tractament de les dades amb les finalitats indicades<\/u>.<\/p>\n<p><strong>\u00c9s obligatori proporcionar tota la informaci\u00f3 sol\u00b7licitada en els formularis de la p\u00e0gina web?<\/strong><\/p>\n<p>En relaci\u00f3 al formulari de la p\u00e0gina web, l&#8217;Usuari ha d\u2019omplir els marcats com a &#8220;obligatoris&#8221;. No completar les dades personals requerides o fer-ho parcialment pot suposar que COMERCIAL NAVARRO AUBANELL, S.A. no pugui atendre les seves sol\u00b7licituds i, en conseq\u00fc\u00e8ncia, COMERCIAL NAVARRO AUBANELL, S.A. quedar\u00e0 exonerada de tota responsabilitat per la no prestaci\u00f3 o la prestaci\u00f3 incompleta dels serveis sol\u00b7licitats.<\/p>\n<p>Les dades personals que l&#8217;Usuari facilita a COMERCIAL NAVARRO AUBANELL, S.A. han de ser actuals perqu\u00e8 la informaci\u00f3 dels registres estigui actualitzada i sense errors. L&#8217;Usuari respondr\u00e0 de la veracitat de les dades facilitades.<\/p>\n<p>&nbsp;<\/p>\n<p><strong>Quines mesures de seguretat t\u00e9 implantada l&#8217;entitat?<\/strong><\/p>\n<p>COMERCIAL NAVARRO AUBANELL, S.A. informa que t\u00e9 implantades les mesures de seguretat d&#8217;\u00edndole t\u00e8cnica i organitzatives necess\u00e0ries que garanteixin la seguretat de les dades de car\u00e0cter personal de l&#8217;Usuari i evitin la seva alteraci\u00f3, p\u00e8rdua, tractament i\/o acc\u00e9s no autoritzat d&#8217;acord amb l&#8217;estat de la tecnologia, la naturalesa de les dades emmagatzemades i els riscos a qu\u00e8 estan exposats, tant si provenen de l&#8217;acci\u00f3 humana o del medi f\u00edsic o natural, de conformitat amb el que preveu la normativa vigent.<\/p>\n","protected":false},"excerpt":{"rendered":"<p>De conformitat amb el Reglament (UE) 2016\/679, de 27 d&#8217;abril de 2016, relatiu a la protecci\u00f3 de les persones f\u00edsiques pel que fa al tractament de dades personals i a la lliure circulaci\u00f3 d&#8217;aquestes dades i la normativa en Protecci\u00f3 de Dades que correspongui, COMERCIAL NAVARRO AUBANELL, S.A. informa als Usuaris: Informaci\u00f3 b\u00e0sica sobre Protecci\u00f3&hellip;<\/p>\n","protected":false},"author":1,"featured_media":0,"parent":0,"menu_order":0,"comment_status":"closed","ping_status":"closed","template":"","meta":{"_acf_changed":false,"footnotes":""},"class_list":["post-20966","page","type-page","status-publish","hentry","description-off"],"acf":[],"yoast_head":"<!-- This site is optimized with the Yoast SEO plugin v27.0 - https:\/\/yoast.com\/product\/yoast-seo-wordpress\/ -->\n<title>Pol\u00edtica de privacitat - Navarro Aubanell<\/title>\n<meta name=\"description\" content=\"El titular de la web \u00e9s NAVARRO AUBANELL, en compliment de la Llei 34\/2002, de serveis de la societat de la informaci\u00f3 i de comer\u00e7 electr\u00f2nic.\" \/>\n<meta name=\"robots\" content=\"index, follow, max-snippet:-1, max-image-preview:large, max-video-preview:-1\" \/>\n<link rel=\"canonical\" href=\"https:\/\/www.navarroaubanell.com\/ca\/politica-de-privacitat\/\" \/>\n<meta property=\"og:locale\" content=\"ca_ES\" \/>\n<meta property=\"og:type\" content=\"article\" \/>\n<meta property=\"og:title\" content=\"Pol\u00edtica de privacitat - Navarro Aubanell\" \/>\n<meta property=\"og:description\" content=\"El titular de la web \u00e9s NAVARRO AUBANELL, en compliment de la Llei 34\/2002, de serveis de la societat de la informaci\u00f3 i de comer\u00e7 electr\u00f2nic.\" \/>\n<meta property=\"og:url\" content=\"https:\/\/www.navarroaubanell.com\/ca\/politica-de-privacitat\/\" \/>\n<meta property=\"og:site_name\" content=\"Navarro Aubanell\" \/>\n<meta property=\"article:modified_time\" content=\"2018-07-09T15:52:34+00:00\" \/>\n<meta name=\"twitter:label1\" content=\"Est. reading time\" \/>\n\t<meta name=\"twitter:data1\" content=\"2 minutes\" \/>\n<script type=\"application\/ld+json\" class=\"yoast-schema-graph\">{\"@context\":\"https:\/\/schema.org\",\"@graph\":[{\"@type\":\"WebPage\",\"@id\":\"https:\/\/www.navarroaubanell.com\/ca\/politica-de-privacitat\/\",\"url\":\"https:\/\/www.navarroaubanell.com\/ca\/politica-de-privacitat\/\",\"name\":\"Pol\u00edtica de privacitat - Navarro Aubanell\",\"isPartOf\":{\"@id\":\"https:\/\/www.navarroaubanell.com\/ca\/#website\"},\"datePublished\":\"2018-07-09T15:49:58+00:00\",\"dateModified\":\"2018-07-09T15:52:34+00:00\",\"description\":\"El titular de la web \u00e9s NAVARRO AUBANELL, en compliment de la Llei 34\/2002, de serveis de la societat de la informaci\u00f3 i de comer\u00e7 electr\u00f2nic.\",\"breadcrumb\":{\"@id\":\"https:\/\/www.navarroaubanell.com\/ca\/politica-de-privacitat\/#breadcrumb\"},\"inLanguage\":\"ca\",\"potentialAction\":[{\"@type\":\"ReadAction\",\"target\":[\"https:\/\/www.navarroaubanell.com\/ca\/politica-de-privacitat\/\"]}]},{\"@type\":\"BreadcrumbList\",\"@id\":\"https:\/\/www.navarroaubanell.com\/ca\/politica-de-privacitat\/#breadcrumb\",\"itemListElement\":[{\"@type\":\"ListItem\",\"position\":1,\"name\":\"Portada\",\"item\":\"https:\/\/www.navarroaubanell.com\/ca\/\"},{\"@type\":\"ListItem\",\"position\":2,\"name\":\"Pol\u00edtica de privacitat\"}]},{\"@type\":\"WebSite\",\"@id\":\"https:\/\/www.navarroaubanell.com\/ca\/#website\",\"url\":\"https:\/\/www.navarroaubanell.com\/ca\/\",\"name\":\"Navarro Aubanell\",\"description\":\"Mobiliario para hoteler\u00eda, colectividades y oficinas\",\"publisher\":{\"@id\":\"https:\/\/www.navarroaubanell.com\/ca\/#organization\"},\"potentialAction\":[{\"@type\":\"SearchAction\",\"target\":{\"@type\":\"EntryPoint\",\"urlTemplate\":\"https:\/\/www.navarroaubanell.com\/ca\/?s={search_term_string}\"},\"query-input\":{\"@type\":\"PropertyValueSpecification\",\"valueRequired\":true,\"valueName\":\"search_term_string\"}}],\"inLanguage\":\"ca\"},{\"@type\":\"Organization\",\"@id\":\"https:\/\/www.navarroaubanell.com\/ca\/#organization\",\"name\":\"COMERCIAL NAVARRO AUBANELL, S.A\",\"url\":\"https:\/\/www.navarroaubanell.com\/ca\/\",\"logo\":{\"@type\":\"ImageObject\",\"inLanguage\":\"ca\",\"@id\":\"https:\/\/www.navarroaubanell.com\/ca\/#\/schema\/logo\/image\/\",\"url\":\"https:\/\/www.navarroaubanell.com\/wp-content\/uploads\/2017\/07\/logo-navarro-aubuanell.png\",\"contentUrl\":\"https:\/\/www.navarroaubanell.com\/wp-content\/uploads\/2017\/07\/logo-navarro-aubuanell.png\",\"width\":6304,\"height\":1154,\"caption\":\"COMERCIAL NAVARRO AUBANELL, S.A\"},\"image\":{\"@id\":\"https:\/\/www.navarroaubanell.com\/ca\/#\/schema\/logo\/image\/\"}}]}<\/script>\n<!-- \/ Yoast SEO plugin. -->","yoast_head_json":{"title":"Pol\u00edtica de privacitat - Navarro Aubanell","description":"El titular de la web \u00e9s NAVARRO AUBANELL, en compliment de la Llei 34\/2002, de serveis de la societat de la informaci\u00f3 i de comer\u00e7 electr\u00f2nic.","robots":{"index":"index","follow":"follow","max-snippet":"max-snippet:-1","max-image-preview":"max-image-preview:large","max-video-preview":"max-video-preview:-1"},"canonical":"https:\/\/www.navarroaubanell.com\/ca\/politica-de-privacitat\/","og_locale":"ca_ES","og_type":"article","og_title":"Pol\u00edtica de privacitat - Navarro Aubanell","og_description":"El titular de la web \u00e9s NAVARRO AUBANELL, en compliment de la Llei 34\/2002, de serveis de la societat de la informaci\u00f3 i de comer\u00e7 electr\u00f2nic.","og_url":"https:\/\/www.navarroaubanell.com\/ca\/politica-de-privacitat\/","og_site_name":"Navarro Aubanell","article_modified_time":"2018-07-09T15:52:34+00:00","twitter_misc":{"Est. reading time":"2 minutes"},"schema":{"@context":"https:\/\/schema.org","@graph":[{"@type":"WebPage","@id":"https:\/\/www.navarroaubanell.com\/ca\/politica-de-privacitat\/","url":"https:\/\/www.navarroaubanell.com\/ca\/politica-de-privacitat\/","name":"Pol\u00edtica de privacitat - Navarro Aubanell","isPartOf":{"@id":"https:\/\/www.navarroaubanell.com\/ca\/#website"},"datePublished":"2018-07-09T15:49:58+00:00","dateModified":"2018-07-09T15:52:34+00:00","description":"El titular de la web \u00e9s NAVARRO AUBANELL, en compliment de la Llei 34\/2002, de serveis de la societat de la informaci\u00f3 i de comer\u00e7 electr\u00f2nic.","breadcrumb":{"@id":"https:\/\/www.navarroaubanell.com\/ca\/politica-de-privacitat\/#breadcrumb"},"inLanguage":"ca","potentialAction":[{"@type":"ReadAction","target":["https:\/\/www.navarroaubanell.com\/ca\/politica-de-privacitat\/"]}]},{"@type":"BreadcrumbList","@id":"https:\/\/www.navarroaubanell.com\/ca\/politica-de-privacitat\/#breadcrumb","itemListElement":[{"@type":"ListItem","position":1,"name":"Portada","item":"https:\/\/www.navarroaubanell.com\/ca\/"},{"@type":"ListItem","position":2,"name":"Pol\u00edtica de privacitat"}]},{"@type":"WebSite","@id":"https:\/\/www.navarroaubanell.com\/ca\/#website","url":"https:\/\/www.navarroaubanell.com\/ca\/","name":"Navarro Aubanell","description":"Mobiliario para hoteler\u00eda, colectividades y oficinas","publisher":{"@id":"https:\/\/www.navarroaubanell.com\/ca\/#organization"},"potentialAction":[{"@type":"SearchAction","target":{"@type":"EntryPoint","urlTemplate":"https:\/\/www.navarroaubanell.com\/ca\/?s={search_term_string}"},"query-input":{"@type":"PropertyValueSpecification","valueRequired":true,"valueName":"search_term_string"}}],"inLanguage":"ca"},{"@type":"Organization","@id":"https:\/\/www.navarroaubanell.com\/ca\/#organization","name":"COMERCIAL NAVARRO AUBANELL, S.A","url":"https:\/\/www.navarroaubanell.com\/ca\/","logo":{"@type":"ImageObject","inLanguage":"ca","@id":"https:\/\/www.navarroaubanell.com\/ca\/#\/schema\/logo\/image\/","url":"https:\/\/www.navarroaubanell.com\/wp-content\/uploads\/2017\/07\/logo-navarro-aubuanell.png","contentUrl":"https:\/\/www.navarroaubanell.com\/wp-content\/uploads\/2017\/07\/logo-navarro-aubuanell.png","width":6304,"height":1154,"caption":"COMERCIAL NAVARRO AUBANELL, S.A"},"image":{"@id":"https:\/\/www.navarroaubanell.com\/ca\/#\/schema\/logo\/image\/"}}]}},"_links":{"self":[{"href":"https:\/\/www.navarroaubanell.com\/ca\/wp-json\/wp\/v2\/pages\/20966","targetHints":{"allow":["GET"]}}],"collection":[{"href":"https:\/\/www.navarroaubanell.com\/ca\/wp-json\/wp\/v2\/pages"}],"about":[{"href":"https:\/\/www.navarroaubanell.com\/ca\/wp-json\/wp\/v2\/types\/page"}],"author":[{"embeddable":true,"href":"https:\/\/www.navarroaubanell.com\/ca\/wp-json\/wp\/v2\/users\/1"}],"replies":[{"embeddable":true,"href":"https:\/\/www.navarroaubanell.com\/ca\/wp-json\/wp\/v2\/comments?post=20966"}],"version-history":[{"count":0,"href":"https:\/\/www.navarroaubanell.com\/ca\/wp-json\/wp\/v2\/pages\/20966\/revisions"}],"wp:attachment":[{"href":"https:\/\/www.navarroaubanell.com\/ca\/wp-json\/wp\/v2\/media?parent=20966"}],"curies":[{"name":"wp","href":"https:\/\/api.w.org\/{rel}","templated":true}]}}

Política de privacitat

<p>De conformitat amb el <strong>Reglament (UE) 2016/679, de 27 d&#8217;abril de 2016, relatiu a la protecció de les persones físiques pel que fa al tractament de dades personals i a la lliure circulació d&#8217;aquestes dades</strong> i la normativa en Protecció de Dades que correspongui, COMERCIAL NAVARRO AUBANELL, S.A. informa als Usuaris:</p>
<table style="height: 395px;" width="1295">
<tbody>
<tr>
<td colspan="2" width="390"><strong>Informació bàsica sobre Protecció de Dades</strong></td>
</tr>
<tr>
<td width="78"><strong>Responsable</strong></td>
<td width="312">COMERCIAL NAVARRO AUBANELL, S.A.</p>
<p>Carrer Colom, 63 – 08370 de Calella (Barcelona)</p>
<p>A08730855</td>
</tr>
<tr>
<td width="78"><strong>Finalitat</strong></td>
<td width="312">§  Gestionar les dades a les quals l’empresa accedeix com a conseqüència de la navegació i/o consulta.</p>
<p>§  Gestionar la seva consulta o sol·licitud.</p>
<p>§  Enviar-li comunicacions comercials i publicitàries referents a activitats i projectes relacionats amb l’entitat, només en cas d’acceptació.</td>
</tr>
<tr>
<td width="78"><strong>Legitimació</strong></td>
<td width="312">Consentiment de l&#8217;interessat</td>
</tr>
<tr>
<td width="78"><strong>Destinataris</strong></td>
<td width="312">No se cediran les dades a tercers, tret d’obligació legal</td>
</tr>
<tr>
<td width="78"><strong>Drets</strong></td>
<td width="312">Accedir, rectificar i suprimir les dades, així com els altres drets, com són la limitació del tractament i el dret a la portabilitat de les dades, tal com determina la normativa vigent en protecció de dades, adreçant-se per escrit, acompanyant fotocòpia de DNI, al domicili: Carrer Colom, 63 – 08370 de Calella (Barcelona).</p>
<p>Tanmateix, l’interessat també tindrà dret a presentar una reclamació davant l’Agencia Espanyola de Protecció de Dades en cas d’incompliment per part de l’empresa.</td>
</tr>
</tbody>
</table>
<p>&nbsp;</p>
<p>Abans de l&#8217;enviament de qualsevol sol·licitud d&#8217;informació a través del formulari de  contacte d&#8217;aquesta pàgina web, l&#8217;usuari ha d&#8217;acceptar la política de privacitat de la mateixa, <u>amb la finalitat de prestar el consentiment exprés i informat pel tractament de les dades amb les finalitats indicades</u>.</p>
<p><strong>És obligatori proporcionar tota la informació sol·licitada en els formularis de la pàgina web?</strong></p>
<p>En relació al formulari de la pàgina web, l&#8217;Usuari ha d’omplir els marcats com a &#8220;obligatoris&#8221;. No completar les dades personals requerides o fer-ho parcialment pot suposar que COMERCIAL NAVARRO AUBANELL, S.A. no pugui atendre les seves sol·licituds i, en conseqüència, COMERCIAL NAVARRO AUBANELL, S.A. quedarà exonerada de tota responsabilitat per la no prestació o la prestació incompleta dels serveis sol·licitats.</p>
<p>Les dades personals que l&#8217;Usuari facilita a COMERCIAL NAVARRO AUBANELL, S.A. han de ser actuals perquè la informació dels registres estigui actualitzada i sense errors. L&#8217;Usuari respondrà de la veracitat de les dades facilitades.</p>
<p>&nbsp;</p>
<p><strong>Quines mesures de seguretat té implantada l&#8217;entitat?</strong></p>
<p>COMERCIAL NAVARRO AUBANELL, S.A. informa que té implantades les mesures de seguretat d&#8217;índole tècnica i organitzatives necessàries que garanteixin la seguretat de les dades de caràcter personal de l&#8217;Usuari i evitin la seva alteració, pèrdua, tractament i/o accés no autoritzat d&#8217;acord amb l&#8217;estat de la tecnologia, la naturalesa de les dades emmagatzemades i els riscos a què estan exposats, tant si provenen de l&#8217;acció humana o del medi físic o natural, de conformitat amb el que preveu la normativa vigent.</p>

<p>De conformitat amb el Reglament (UE) 2016/679, de 27 d&#8217;abril de 2016, relatiu a la protecció de les persones físiques pel que fa al tractament de dades personals i a la lliure circulació d&#8217;aquestes dades i la normativa en Protecció de Dades que correspongui, COMERCIAL NAVARRO AUBANELL, S.A. informa als Usuaris: Informació bàsica sobre Protecció&hellip;</p>

<!-- This site is optimized with the Yoast SEO plugin v27.0 - https://yoast.com/product/yoast-seo-wordpress/ -->
<title>Política de privacitat - Navarro Aubanell</title>
<meta name="description" content="El titular de la web és NAVARRO AUBANELL, en compliment de la Llei 34/2002, de serveis de la societat de la informació i de comerç electrònic." />
<meta name="robots" content="index, follow, max-snippet:-1, max-image-preview:large, max-video-preview:-1" />
<link rel="canonical" href="https://www.navarroaubanell.com/ca/politica-de-privacitat/" />
<meta property="og:locale" content="ca_ES" />
<meta property="og:type" content="article" />
<meta property="og:title" content="Política de privacitat - Navarro Aubanell" />
<meta property="og:description" content="El titular de la web és NAVARRO AUBANELL, en compliment de la Llei 34/2002, de serveis de la societat de la informació i de comerç electrònic." />
<meta property="og:url" content="https://www.navarroaubanell.com/ca/politica-de-privacitat/" />
<meta property="og:site_name" content="Navarro Aubanell" />
<meta property="article:modified_time" content="2018-07-09T15:52:34+00:00" />
<meta name="twitter:label1" content="Est. reading time" />
	<meta name="twitter:data1" content="2 minutes" />
<script type="application/ld+json" class="yoast-schema-graph">{"@context":"https://schema.org","@graph":[{"@type":"WebPage","@id":"https://www.navarroaubanell.com/ca/politica-de-privacitat/","url":"https://www.navarroaubanell.com/ca/politica-de-privacitat/","name":"Política de privacitat - Navarro Aubanell","isPartOf":{"@id":"https://www.navarroaubanell.com/ca/#website"},"datePublished":"2018-07-09T15:49:58+00:00","dateModified":"2018-07-09T15:52:34+00:00","description":"El titular de la web és NAVARRO AUBANELL, en compliment de la Llei 34/2002, de serveis de la societat de la informació i de comerç electrònic.","breadcrumb":{"@id":"https://www.navarroaubanell.com/ca/politica-de-privacitat/#breadcrumb"},"inLanguage":"ca","potentialAction":[{"@type":"ReadAction","target":["https://www.navarroaubanell.com/ca/politica-de-privacitat/"]}]},{"@type":"BreadcrumbList","@id":"https://www.navarroaubanell.com/ca/politica-de-privacitat/#breadcrumb","itemListElement":[{"@type":"ListItem","position":1,"name":"Portada","item":"https://www.navarroaubanell.com/ca/"},{"@type":"ListItem","position":2,"name":"Política de privacitat"}]},{"@type":"WebSite","@id":"https://www.navarroaubanell.com/ca/#website","url":"https://www.navarroaubanell.com/ca/","name":"Navarro Aubanell","description":"Mobiliario para hotelería, colectividades y oficinas","publisher":{"@id":"https://www.navarroaubanell.com/ca/#organization"},"potentialAction":[{"@type":"SearchAction","target":{"@type":"EntryPoint","urlTemplate":"https://www.navarroaubanell.com/ca/?s={search_term_string}"},"query-input":{"@type":"PropertyValueSpecification","valueRequired":true,"valueName":"search_term_string"}}],"inLanguage":"ca"},{"@type":"Organization","@id":"https://www.navarroaubanell.com/ca/#organization","name":"COMERCIAL NAVARRO AUBANELL, S.A","url":"https://www.navarroaubanell.com/ca/","logo":{"@type":"ImageObject","inLanguage":"ca","@id":"https://www.navarroaubanell.com/ca/#/schema/logo/image/","url":"https://www.navarroaubanell.com/wp-content/uploads/2017/07/logo-navarro-aubuanell.png","contentUrl":"https://www.navarroaubanell.com/wp-content/uploads/2017/07/logo-navarro-aubuanell.png","width":6304,"height":1154,"caption":"COMERCIAL NAVARRO AUBANELL, S.A"},"image":{"@id":"https://www.navarroaubanell.com/ca/#/schema/logo/image/"}}]}</script>
<!-- / Yoast SEO plugin. -->

Política de privacitat - Navarro Aubanell

El titular de la web és NAVARRO AUBANELL, en compliment de la Llei 34/2002, de serveis de la societat de la informació i de comerç electrònic.

Mobiliario para hotelería, colectividades y oficinas
